--
-- Host: localhost    Database: moodletest
-- ------------------------------------------------------


--
-- Table structure for table `adodb_logsql`
--

CREATE TABLE `adodb_logsql` (
  `id` bigint(10) unsigned NOT NULL auto_increment,
  `created` datetime NOT NULL,
  `sql0` varchar(250) NOT NULL default '',
  `sql1` text,
  `params` text,
  `tracer` text,
  `timer` decimal(16,6) NOT NULL default '0.000000',
  PRIMARY KEY  (`id`)
) ENGINE=MyISAM DEFAULT CHARSET=utf8 COMMENT='to save some logs from ADOdb';

--
-- Dumping data for table `adodb_logsql`
--


--
-- Table structure for table `assignment`
--

CREATE TABLE `assignment` (
  `id` bigint(10) unsigned NOT NULL auto_increment,
  `course` bigint(10) unsigned NOT NULL default '0',
  `name` varchar(255) NOT NULL default '',
  `description` text NOT NULL,
  `format` smallint(4) unsigned NOT NULL default '0',
  `assignmenttype` varchar(50) NOT NULL default '',
  `resubmit` tinyint(2) unsigned NOT NULL default '0',
  `preventlate` tinyint(2) unsigned NOT NULL default '0',
  `emailteachers` tinyint(2) unsigned NOT NULL default '0',
  `var1` bigint(10) default '0',
  `var2` bigint(10) default '0',
  `var3` bigint(10) default '0',
  `var4` bigint(10) default '0',
  `var5` bigint(10) default '0',
  `maxbytes` bigint(10) unsigned NOT NULL default '100000',
  `timedue` bigint(10) unsigned NOT NULL default '0',
  `timeavailable` bigint(10) unsigned NOT NULL default '0',
  `grade` bigint(10) NOT NULL default '0',
  `timemodified` bigint(10) unsigned NOT NULL default '0',
  PRIMARY KEY  (`id`),
  KEY `assi_cou_ix` (`course`)
) ENGINE=MyISAM DEFAULT CHARSET=utf8 COMMENT='Defines assignments';

--
-- Dumping data for table `assignment`
--


--
-- Table structure for table `assignment_submissions`
--

CREATE TABLE `assignment_submissions` (
  `id` bigint(10) unsigned NOT NULL auto_increment,
  `assignment` bigint(10) unsigned NOT NULL default '0',
  `userid` bigint(10) unsigned NOT NULL default '0',
  `timecreated` bigint(10) unsigned NOT NULL default '0',
  `timemodified` bigint(10) unsigned NOT NULL default '0',
  `numfiles` bigint(10) unsigned NOT NULL default '0',
  `data1` text NOT NULL,
  `data2` text NOT NULL,
  `grade` bigint(11) NOT NULL default '0',
  `submissioncomment` text NOT NULL,
  `format` smallint(4) unsigned NOT NULL default '0',
  `teacher` bigint(10) unsigned NOT NULL default '0',
  `timemarked` bigint(10) unsigned NOT NULL default '0',
  `mailed` tinyint(1) unsigned NOT NULL default '0',
  PRIMARY KEY  (`id`),
  KEY `assisubm_use_ix` (`userid`),
  KEY `assisubm_mai_ix` (`mailed`),
  KEY `assisubm_tim_ix` (`timemarked`),
  KEY `assisubm_ass_ix` (`assignment`)
) ENGINE=MyISAM DEFAULT CHARSET=utf8 COMMENT='Info about submitted assignments';

--
-- Dumping data for table `assignment_submissions`
--


--
-- Table structure for table `backup_config`
--

CREATE TABLE `backup_config` (
  `id` bigint(10) unsigned NOT NULL auto_increment,
  `name` varchar(255) NOT NULL default '',
  `value` varchar(255) NOT NULL default '',
  PRIMARY KEY  (`id`),
  UNIQUE KEY `backconf_nam_uix` (`name`)
) ENGINE=MyISAM AUTO_INCREMENT=15 DEFAULT CHARSET=utf8 COMMENT='To store backup configuration variables';

--
-- Dumping data for table `backup_config`
--

INSERT INTO `backup_config` VALUES (1,'backup_sche_modules','0'),(2,'backup_sche_withuserdata','0'),(3,'backup_sche_metacourse','0'),(4,'backup_sche_users','0'),(5,'backup_sche_logs','0'),(6,'backup_sche_userfiles','0'),(7,'backup_sche_coursefiles','0'),(8,'backup_sche_messages','0'),(9,'backup_sche_keep','1'),(10,'backup_sche_active','0'),(11,'backup_sche_weekdays','0000000'),(12,'backup_sche_hour','0'),(13,'backup_sche_minute','0'),(14,'backup_sche_destination','');

--
-- Table structure for table `backup_courses`
--

CREATE TABLE `backup_courses` (
  `id` bigint(10) unsigned NOT NULL auto_increment,
  `courseid` bigint(10) unsigned NOT NULL default '0',
  `laststarttime` bigint(10) unsigned NOT NULL default '0',
  `lastendtime` bigint(10) unsigned NOT NULL default '0',
  `laststatus` varchar(1) NOT NULL default '0',
  `nextstarttime` bigint(10) unsigned NOT NULL default '0',
  PRIMARY KEY  (`id`),
  UNIQUE KEY `backcour_cou_uix` (`courseid`)
) ENGINE=MyISAM DEFAULT CHARSET=utf8 COMMENT='To store every course backup status';

--
-- Dumping data for table `backup_courses`
--


--
-- Table structure for table `backup_files`
--

CREATE TABLE `backup_files` (
  `id` bigint(10) unsigned NOT NULL auto_increment,
  `backup_code` bigint(10) unsigned NOT NULL default '0',
  `file_type` varchar(10) NOT NULL default '',
  `path` varchar(255) NOT NULL default '',
  `old_id` bigint(10) unsigned NOT NULL default '0',
  `new_id` bigint(10) unsigned NOT NULL default '0',
  PRIMARY KEY  (`id`),
  UNIQUE KEY `backfile_bacfilpat_uix` (`backup_code`,`file_type`,`path`)
) ENGINE=MyISAM DEFAULT CHARSET=utf8 COMMENT='To store and recode ids to user and course files';

--
-- Dumping data for table `backup_files`
--


--
-- Table structure for table `backup_ids`
--

CREATE TABLE `backup_ids` (
  `id` bigint(10) unsigned NOT NULL auto_increment,
  `backup_code` bigint(12) unsigned NOT NULL default '0',
  `table_name` varchar(30) NOT NULL default '',
  `old_id` bigint(10) unsigned NOT NULL default '0',
  `new_id` bigint(10) unsigned NOT NULL default '0',
  `info` mediumtext NOT NULL,
  PRIMARY KEY  (`id`),
  UNIQUE KEY `backids_bactabold_uix` (`backup_code`,`table_name`,`old_id`)
) ENGINE=MyISAM DEFAULT CHARSET=utf8 COMMENT='To store and convert ids in backup/restore';

--
-- Dumping data for table `backup_ids`
--


--
-- Table structure for table `backup_log`
--

CREATE TABLE `backup_log` (
  `id` bigint(10) unsigned NOT NULL auto_increment,
  `courseid` bigint(10) unsigned NOT NULL default '0',
  `time` bigint(10) unsigned NOT NULL default '0',
  `laststarttime` bigint(10) unsigned NOT NULL default '0',
  `info` varchar(255) NOT NULL default '',
  PRIMARY KEY  (`id`),
  KEY `backlog_cou_ix` (`courseid`)
) ENGINE=MyISAM DEFAULT CHARSET=utf8 COMMENT='To store every course backup log info';

--
-- Dumping data for table `backup_log`
--


--
-- Table structure for table `block`
--

CREATE TABLE `block` (
  `id` bigint(10) unsigned NOT NULL auto_increment,
  `name` varchar(40) NOT NULL default '',
  `version` bigint(10) unsigned NOT NULL default '0',
  `cron` bigint(10) unsigned NOT NULL default '0',
  `lastcron` bigint(10) unsigned NOT NULL default '0',
  `visible` tinyint(1) NOT NULL default '1',
  `multiple` tinyint(1) NOT NULL default '0',
  PRIMARY KEY  (`id`)
) ENGINE=MyISAM AUTO_INCREMENT=29 DEFAULT CHARSET=utf8 COMMENT='to store installed blocks';

--
-- Dumping data for table `block`
--

INSERT INTO `block` VALUES (1,'activity_modules',2006011300,0,0,1,0),(2,'admin',2004081200,0,0,1,0),(3,'admin_bookmarks',2006090300,0,0,1,0),(4,'admin_tree',2006090300,0,0,1,0),(5,'blog_menu',2004112000,0,0,1,0),(6,'blog_tags',2006032000,0,0,1,1),(7,'calendar_month',2004081200,0,0,1,0),(8,'calendar_upcoming',2004052600,0,0,1,0),(9,'course_list',2004111600,0,0,1,0),(10,'course_summary',2004052600,0,0,1,0),(11,'glossary_random',2005040500,0,0,1,1),(12,'html',2004123000,0,0,1,1),(13,'loancalc',2005022100,0,0,1,0),(14,'login',2006102700,0,0,1,0),(15,'mentees',2007030900,0,0,1,1),(16,'messages',2004122800,0,0,1,0),(17,'mnet_hosts',2006112100,0,0,1,0),(18,'news_items',2005030800,0,0,1,0),(19,'online_users',2006030100,0,0,1,0),(20,'participants',2004052600,0,0,1,0),(21,'quiz_results',2005082300,0,0,1,1),(22,'recent_activity',2004042900,0,0,1,0),(23,'rss_client',2006100102,0,0,1,1),(24,'search',2006062500,0,0,1,0),(25,'search_forums',2005030900,0,0,1,0),(26,'section_links',2004052800,0,0,1,0),(27,'site_main_menu',2005061300,0,0,1,0),(28,'social_activities',2004041800,0,0,1,0);

--
-- Table structure for table `block_instance`
--

CREATE TABLE `block_instance` (
  `id` bigint(10) unsigned NOT NULL auto_increment,
  `blockid` bigint(10) unsigned NOT NULL default '0',
  `pageid` bigint(10) unsigned NOT NULL default '0',
  `pagetype` varchar(20) NOT NULL default '',
  `position` varchar(10) NOT NULL default '',
  `weight` smallint(3) NOT NULL default '0',
  `visible` tinyint(1) NOT NULL default '0',
  `configdata` text NOT NULL,
  PRIMARY KEY  (`id`),
  KEY `blocinst_pag_ix` (`pageid`),
  KEY `blocinst_pag2_ix` (`pagetype`),
  KEY `blocinst_blo_ix` (`blockid`)
) ENGINE=MyISAM AUTO_INCREMENT=31 DEFAULT CHARSET=utf8 COMMENT='to store block instances in pages';

--
-- Dumping data for table `block_instance`
--

INSERT INTO `block_instance` VALUES (1,27,1,'course-view','l',0,1,''),(2,4,1,'course-view','l',1,1,''),(3,10,1,'course-view','r',0,1,''),(4,7,1,'course-view','r',1,1,''),(5,4,0,'admin','l',0,1,''),(6,3,0,'admin','l',1,1,''),(7,20,2,'course-view','l',0,1,''),(8,1,2,'course-view','l',1,1,''),(9,25,2,'course-view','l',2,1,''),(10,2,2,'course-view','l',3,1,''),(11,9,2,'course-view','l',4,1,''),(12,18,2,'course-view','r',0,1,''),(13,8,2,'course-view','r',1,1,''),(14,22,2,'course-view','r',2,1,''),(15,20,3,'course-view','l',0,1,''),(16,1,3,'course-view','l',1,1,''),(17,25,3,'course-view','l',2,1,''),(18,2,3,'course-view','l',3,1,''),(19,9,3,'course-view','l',4,1,''),(20,18,3,'course-view','r',0,1,''),(21,8,3,'course-view','r',1,1,''),(22,22,3,'course-view','r',2,1,''),(23,20,4,'course-view','l',0,1,''),(24,1,4,'course-view','l',1,1,''),(25,25,4,'course-view','l',2,1,''),(26,2,4,'course-view','l',3,1,''),(27,9,4,'course-view','l',4,1,''),(28,18,4,'course-view','r',0,1,''),(29,8,4,'course-view','r',1,1,''),(30,22,4,'course-view','r',2,1,'');

--
-- Table structure for table `block_pinned`
--

CREATE TABLE `block_pinned` (
  `id` bigint(10) unsigned NOT NULL auto_increment,
  `blockid` bigint(10) unsigned NOT NULL default '0',
  `pagetype` varchar(20) NOT NULL default '',
  `position` varchar(10) NOT NULL default '',
  `weight` smallint(3) NOT NULL default '0',
  `visible` tinyint(1) NOT NULL default '0',
  `configdata` text NOT NULL,
  PRIMARY KEY  (`id`),
  KEY `blocpinn_pag_ix` (`pagetype`),
  KEY `blocpinn_blo_ix` (`blockid`)
) ENGINE=MyISAM DEFAULT CHARSET=utf8 COMMENT='to pin blocks';

--
-- Dumping data for table `block_pinned`
--


--
-- Table structure for table `block_rss_client`
--

CREATE TABLE `block_rss_client` (
  `id` bigint(10) unsigned NOT NULL auto_increment,
  `userid` bigint(10) unsigned NOT NULL default '0',
  `title` text NOT NULL,
  `preferredtitle` varchar(64) NOT NULL default '',
  `description` text NOT NULL,
  `shared` tinyint(2) unsigned NOT NULL default '0',
  `url` varchar(255) NOT NULL default '',
  PRIMARY KEY  (`id`)
) ENGINE=MyISAM DEFAULT CHARSET=utf8 COMMENT='Remote news feed information. Contains the news feed id, the';

--
-- Dumping data for table `block_rss_client`
--


--
-- Table structure for table `blog_tag_instance`
--

CREATE TABLE `blog_tag_instance` (
  `id` bigint(10) unsigned NOT NULL auto_increment,
  `entryid` bigint(10) unsigned NOT NULL default '0',
  `tagid` bigint(10) unsigned NOT NULL default '0',
  `groupid` bigint(10) unsigned NOT NULL default '0',
  `courseid` bigint(10) unsigned NOT NULL default '0',
  `userid` bigint(10) unsigned NOT NULL default '0',
  `timemodified` bigint(10) unsigned NOT NULL default '0',
  PRIMARY KEY  (`id`),
  KEY `blogtaginst_ent_ix` (`entryid`),
  KEY `blogtaginst_tag_ix` (`tagid`)
) ENGINE=MyISAM DEFAULT CHARSET=utf8 COMMENT='tag instance for blogs';

--
-- Dumping data for table `blog_tag_instance`
--


--
-- Table structure for table `cache_filters`
--

CREATE TABLE `cache_filters` (
  `id` bigint(10) unsigned NOT NULL auto_increment,
  `filter` varchar(32) NOT NULL default '',
  `version` bigint(10) unsigned NOT NULL default '0',
  `md5key` varchar(32) NOT NULL default '',
  `rawtext` text NOT NULL,
  `timemodified` bigint(10) unsigned NOT NULL default '0',
  PRIMARY KEY  (`id`),
  KEY `cachfilt_filmd5_ix` (`filter`,`md5key`)
) ENGINE=MyISAM DEFAULT CHARSET=utf8 COMMENT='For keeping information about cached data';

--
-- Dumping data for table `cache_filters`
--


--
-- Table structure for table `cache_text`
--

CREATE TABLE `cache_text` (
  `id` bigint(10) unsigned NOT NULL auto_increment,
  `md5key` varchar(32) NOT NULL default '',
  `formattedtext` longtext NOT NULL,
  `timemodified` bigint(10) unsigned NOT NULL default '0',
  PRIMARY KEY  (`id`),
  KEY `cachtext_md5_ix` (`md5key`)
) ENGINE=MyISAM AUTO_INCREMENT=7 DEFAULT CHARSET=utf8 COMMENT='For storing temporary copies of processed texts';

--
-- Dumping data for table `cache_text`
--

INSERT INTO `cache_text` VALUES (1,'50f9cb126ec3a6889f4c0256b3a1b8f7',' Write a concise and interesting paragraph here that explains what this course is about',1192652608),(2,'50af886a99bb59331ccfe0d58c7237c1','',1192790130),(3,'e7b8503c52bf036568072d62bed26176','This is a Demo Course<br />',1192790076),(4,'66aa2b98fc07c43d0c6513b8d4c162b0',' Write a concise and interesting paragraph here that explains what this course is about',1192790190),(5,'6bd05e33ca1a10836340657e17f38d73',' This is a Demo Course<br />',1192790142),(6,'c4e897c7f792cddc72118edc54654fad','',1192790187);

--
-- Table structure for table `capabilities`
--

CREATE TABLE `capabilities` (
  `id` bigint(10) unsigned NOT NULL auto_increment,
  `name` varchar(255) NOT NULL default '',
  `captype` varchar(50) NOT NULL default '',
  `contextlevel` bigint(10) unsigned NOT NULL default '0',
  `component` varchar(100) NOT NULL default '',
  `riskbitmask` bigint(10) unsigned NOT NULL default '0',
  PRIMARY KEY  (`id`),
  UNIQUE KEY `capa_nam_uix` (`name`)
) ENGINE=MyISAM AUTO_INCREMENT=166 DEFAULT CHARSET=utf8 COMMENT='this defines all capabilities';

--
-- Dumping data for table `capabilities`
--

INSERT INTO `capabilities` VALUES (1,'moodle/site:doanything','admin',10,'moodle',30),(2,'moodle/legacy:guest','legacy',10,'moodle',0),(3,'moodle/legacy:user','legacy',10,'moodle',0),(4,'moodle/legacy:student','legacy',10,'moodle',16),(5,'moodle/legacy:teacher','legacy',10,'moodle',24),(6,'moodle/legacy:editingteacher','legacy',10,'moodle',28),(7,'moodle/legacy:coursecreator','legacy',10,'moodle',28),(8,'moodle/legacy:admin','legacy',10,'moodle',30),(9,'moodle/site:config','write',10,'moodle',30),(10,'moodle/site:readallmessages','read',10,'moodle',8),(11,'moodle/site:approvecourse','write',10,'moodle',4),(12,'moodle/site:import','write',10,'moodle',28),(13,'moodle/site:backup','write',10,'moodle',28),(14,'moodle/site:restore','write',10,'moodle',28),(15,'moodle/site:manageblocks','write',10,'moodle',20),(16,'moodle/site:accessallgroups','read',10,'moodle',0),(17,'moodle/site:viewfullnames','read',10,'moodle',0),(18,'moodle/site:viewreports','read',10,'moodle',8),(19,'moodle/site:trustcontent','write',10,'moodle',4),(20,'moodle/site:uploadusers','write',10,'moodle',24),(21,'moodle/user:create','write',10,'moodle',24),(22,'moodle/user:delete','write',10,'moodle',8),(23,'moodle/user:update','write',10,'moodle',24),(24,'moodle/user:viewdetails','read',10,'moodle',0),(25,'moodle/user:viewhiddendetails','read',10,'moodle',8),(26,'moodle/user:viewusergrades','write',50,'moodle',0),(27,'moodle/user:loginas','write',50,'moodle',30),(28,'moodle/role:assign','write',10,'moodle',0),(29,'moodle/role:override','write',10,'moodle',28),(30,'moodle/role:manage','write',10,'moodle',28),(31,'moodle/role:unassignself','write',10,'moodle',0),(32,'moodle/role:viewhiddenassigns','read',10,'moodle',0),(33,'moodle/role:switchroles','read',10,'moodle',4),(34,'moodle/category:create','write',40,'moodle',4),(35,'moodle/category:delete','write',40,'moodle',0),(36,'moodle/category:update','write',40,'moodle',4),(37,'moodle/category:visibility','write',40,'moodle',0),(38,'moodle/course:create','write',40,'moodle',4),(39,'moodle/course:delete','write',50,'moodle',0),(40,'moodle/course:update','write',50,'moodle',4),(41,'moodle/course:view','read',50,'moodle',0),(42,'moodle/course:bulkmessaging','write',50,'moodle',16),(43,'moodle/course:viewhiddenuserfields','read',50,'moodle',8),(44,'moodle/course:viewhiddencourses','read',50,'moodle',0),(45,'moodle/course:visibility','write',50,'moodle',0),(46,'moodle/course:managefiles','write',50,'moodle',4),(47,'moodle/course:manageactivities','write',50,'moodle',4),(48,'moodle/course:managemetacourse','write',50,'moodle',0),(49,'moodle/course:activityvisibility','write',50,'moodle',0),(50,'moodle/course:viewhiddenactivities','write',50,'moodle',0),(51,'moodle/course:viewparticipants','read',50,'moodle',0),(52,'moodle/course:viewscales','read',50,'moodle',0),(53,'moodle/course:managescales','write',50,'moodle',0),(54,'moodle/course:managegroups','write',50,'moodle',4),(55,'moodle/course:reset','write',50,'moodle',0),(56,'moodle/blog:view','read',10,'moodle',0),(57,'moodle/blog:create','write',10,'moodle',16),(58,'moodle/blog:manageofficialtags','write',10,'moodle',16),(59,'moodle/blog:managepersonaltags','write',10,'moodle',16),(60,'moodle/blog:manageentries','write',10,'moodle',16),(61,'moodle/calendar:manageownentries','write',10,'moodle',16),(62,'moodle/calendar:manageentries','write',10,'moodle',16),(63,'moodle/user:editprofile','read',30,'moodle',16),(64,'moodle/user:readuserposts','read',30,'moodle',0),(65,'moodle/user:readuserblogs','read',30,'moodle',0),(66,'moodle/user:viewuseractivitiesreport','read',30,'moodle',0),(67,'moodle/question:import','write',50,'moodle',4),(68,'moodle/question:export','read',50,'moodle',0),(69,'moodle/question:managecategory','write',50,'moodle',0),(70,'moodle/question:manage','write',50,'moodle',4),(71,'moodle/site:doclinks','read',10,'moodle',0),(72,'moodle/course:sectionvisibility','write',50,'moodle',0),(73,'moodle/course:useremail','write',50,'moodle',0),(74,'moodle/course:viewhiddensections','write',50,'moodle',0),(75,'moodle/course:setcurrentsection','write',50,'moodle',0),(76,'moodle/course:viewcoursegrades','read',50,'moodle',8),(77,'moodle/course:managegrades','write',50,'moodle',8),(78,'moodle/site:mnetlogintoremote','read',10,'moodle',12),(79,'moodle/my:manageblocks','write',10,'moodle',0),(80,'mod/assignment:view','read',70,'mod/assignment',0),(81,'mod/assignment:submit','write',70,'mod/assignment',0),(82,'mod/assignment:grade','write',70,'mod/assignment',0),(83,'mod/chat:chat','write',70,'mod/chat',16),(84,'mod/chat:readlog','read',70,'mod/chat',0),(85,'mod/chat:deletelog','write',70,'mod/chat',0),(86,'mod/choice:choose','write',70,'mod/choice',0),(87,'mod/choice:readresponses','read',70,'mod/choice',0),(88,'mod/choice:deleteresponses','write',70,'mod/choice',0),(89,'mod/choice:downloadresponses','read',70,'mod/choice',0),(90,'mod/data:viewentry','read',70,'mod/data',0),(91,'mod/data:writeentry','write',70,'mod/data',16),(92,'mod/data:comment','write',70,'mod/data',16),(93,'mod/data:viewrating','read',70,'mod/data',0),(94,'mod/data:rate','write',70,'mod/data',0),(95,'mod/data:approve','write',70,'mod/data',0),(96,'mod/data:manageentries','write',70,'mod/data',16),(97,'mod/data:managecomments','write',70,'mod/data',16),(98,'mod/data:managetemplates','write',70,'mod/data',20),(99,'mod/data:viewalluserpresets','read',70,'mod/data',0),(100,'mod/data:manageuserpresets','write',70,'mod/data',20),(101,'mod/exercise:assess','write',70,'mod/exercise',0),(102,'mod/forum:viewdiscussion','read',70,'mod/forum',0),(103,'mod/forum:viewhiddentimedposts','read',70,'mod/forum',0),(104,'mod/forum:startdiscussion','write',70,'mod/forum',16),(105,'mod/forum:replypost','write',70,'mod/forum',16),(106,'mod/forum:addnews','write',70,'mod/forum',16),(107,'mod/forum:replynews','write',70,'mod/forum',16),(108,'mod/forum:viewrating','read',70,'mod/forum',0),(109,'mod/forum:viewanyrating','read',70,'mod/forum',0),(110,'mod/forum:rate','write',70,'mod/forum',0),(111,'mod/forum:createattachment','write',70,'mod/forum',16),(112,'mod/forum:deleteownpost','read',70,'mod/forum',0),(113,'mod/forum:deleteanypost','read',70,'mod/forum',0),(114,'mod/forum:splitdiscussions','read',70,'mod/forum',0),(115,'mod/forum:movediscussions','read',70,'mod/forum',0),(116,'mod/forum:editanypost','write',70,'mod/forum',16),(117,'mod/forum:viewqandawithoutposting','read',70,'mod/forum',0),(118,'mod/forum:viewsubscribers','read',70,'mod/forum',0),(119,'mod/forum:managesubscriptions','read',70,'mod/forum',0),(120,'mod/forum:initialsubscriptions','read',70,'mod/forum',0),(121,'mod/forum:throttlingapplies','write',70,'mod/forum',16),(122,'mod/glossary:write','write',70,'mod/glossary',16),(123,'mod/glossary:manageentries','write',70,'mod/glossary',16),(124,'mod/glossary:managecategories','write',70,'mod/glossary',16),(125,'mod/glossary:comment','write',70,'mod/glossary',16),(126,'mod/glossary:managecomments','write',70,'mod/glossary',16),(127,'mod/glossary:import','write',70,'mod/glossary',16),(128,'mod/glossary:export','read',70,'mod/glossary',0),(129,'mod/glossary:approve','write',70,'mod/glossary',16),(130,'mod/glossary:rate','write',70,'mod/glossary',0),(131,'mod/glossary:viewrating','read',70,'mod/glossary',0),(132,'mod/hotpot:attempt','read',70,'mod/hotpot',0),(133,'mod/hotpot:viewreport','read',70,'mod/hotpot',0),(134,'mod/hotpot:grade','read',70,'mod/hotpot',0),(135,'mod/hotpot:deleteattempt','read',70,'mod/hotpot',0),(136,'mod/lams:participate','write',70,'mod/lams',0),(137,'mod/lams:manage','write',70,'mod/lams',0),(138,'mod/lesson:edit','write',70,'mod/lesson',4),(139,'mod/lesson:manage','write',70,'mod/lesson',0),(140,'mod/quiz:view','read',70,'mod/quiz',0),(141,'mod/quiz:attempt','write',70,'mod/quiz',0),(142,'mod/quiz:manage','write',70,'mod/quiz',0),(143,'mod/quiz:preview','write',70,'mod/quiz',0),(144,'mod/quiz:grade','write',70,'mod/quiz',0),(145,'mod/quiz:viewreports','read',70,'mod/quiz',0),(146,'mod/quiz:deleteattempts','write',70,'mod/quiz',0),(147,'mod/quiz:ignoretimelimits','read',70,'mod/quiz',0),(148,'mod/scorm:viewreport','read',70,'mod/scorm',0),(149,'mod/scorm:skipview','write',70,'mod/scorm',0),(150,'mod/scorm:savetrack','write',70,'mod/scorm',0),(151,'mod/scorm:viewscores','read',70,'mod/scorm',0),(152,'mod/survey:participate','read',70,'mod/survey',0),(153,'mod/survey:readresponses','read',70,'mod/survey',0),(154,'mod/survey:download','read',70,'mod/survey',0),(155,'mod/wiki:participate','write',70,'mod/wiki',16),(156,'mod/wiki:manage','write',70,'mod/wiki',16),(157,'mod/wiki:overridelock','write',70,'mod/wiki',0),(158,'mod/workshop:participate','write',70,'mod/workshop',16),(159,'mod/workshop:manage','write',70,'mod/workshop',16),(160,'block/rss_client:createprivatefeeds','write',10,'block/rss_client',0),(161,'block/rss_client:createsharedfeeds','write',10,'block/rss_client',16),(162,'block/rss_client:manageownfeeds','write',10,'block/rss_client',0),(163,'block/rss_client:manageanyfeeds','write',10,'block/rss_client',16),(164,'enrol/authorize:managepayments','write',10,'enrol/authorize',8),(165,'enrol/authorize:uploadcsv','write',30,'enrol/authorize',4);

--
-- Table structure for table `chat`
--

CREATE TABLE `chat` (
  `id` bigint(10) unsigned NOT NULL auto_increment,
  `course` bigint(10) unsigned NOT NULL default '0',
  `name` varchar(255) NOT NULL default '',
  `intro` text NOT NULL,
  `keepdays` bigint(11) NOT NULL default '0',
  `studentlogs` smallint(4) NOT NULL default '0',
  `chattime` bigint(10) unsigned NOT NULL default '0',
  `schedule` smallint(4) NOT NULL default '0',
  `timemodified` bigint(10) unsigned NOT NULL default '0',
  PRIMARY KEY  (`id`),
  KEY `chat_cou_ix` (`course`)
) ENGINE=MyISAM DEFAULT CHARSET=utf8 COMMENT='Each of these is a chat room';

--
-- Dumping data for table `chat`
--


--
-- Table structure for table `chat_messages`
--

CREATE TABLE `chat_messages` (
  `id` bigint(10) unsigned NOT NULL auto_increment,
  `chatid` bigint(10) NOT NULL default '0',
  `userid` bigint(10) NOT NULL default '0',
  `groupid` bigint(10) NOT NULL default '0',
  `system` tinyint(1) unsigned NOT NULL default '0',
  `message` text NOT NULL,
  `timestamp` bigint(10) unsigned NOT NULL default '0',
  PRIMARY KEY  (`id`),
  KEY `chatmess_use_ix` (`userid`),
  KEY `chatmess_gro_ix` (`groupid`),
  KEY `chatmess_timcha_ix` (`timestamp`,`chatid`),
  KEY `chatmess_cha_ix` (`chatid`)
) ENGINE=MyISAM DEFAULT CHARSET=utf8 COMMENT='Stores all the actual chat messages';

--
-- Dumping data for table `chat_messages`
--


--
-- Table structure for table `chat_users`
--

CREATE TABLE `chat_users` (
  `id` bigint(10) unsigned NOT NULL auto_increment,
  `chatid` bigint(11) NOT NULL default '0',
  `userid` bigint(11) NOT NULL default '0',
  `groupid` bigint(11) NOT NULL default '0',
  `version` varchar(16) NOT NULL default '',
  `ip` varchar(15) NOT NULL default '',
  `firstping` bigint(10) unsigned NOT NULL default '0',
  `lastping` bigint(10) unsigned NOT NULL default '0',
  `lastmessageping` bigint(10) unsigned NOT NULL default '0',
  `sid` varchar(32) NOT NULL default '',
  `course` bigint(10) unsigned NOT NULL default '0',
  `lang` varchar(30) NOT NULL default '',
  PRIMARY KEY  (`id`),
  KEY `chatuser_use_ix` (`userid`),
  KEY `chatuser_las_ix` (`lastping`),
  KEY `chatuser_gro_ix` (`groupid`),
  KEY `chatuser_cha_ix` (`chatid`)
) ENGINE=MyISAM DEFAULT CHARSET=utf8 COMMENT='Keeps track of which users are in which chat rooms';

--
-- Dumping data for table `chat_users`
--


--
-- Table structure for table `choice`
--

CREATE TABLE `choice` (
  `id` bigint(10) unsigned NOT NULL auto_increment,
  `course` bigint(10) unsigned NOT NULL default '0',
  `name` varchar(255) NOT NULL default '',
  `text` text NOT NULL,
  `format` tinyint(2) unsigned NOT NULL default '0',
  `publish` tinyint(2) unsigned NOT NULL default '0',
  `showresults` tinyint(2) unsigned NOT NULL default '0',
  `display` smallint(4) unsigned NOT NULL default '0',
  `allowupdate` tinyint(2) unsigned NOT NULL default '0',
  `showunanswered` tinyint(2) unsigned NOT NULL default '0',
  `limitanswers` tinyint(2) unsigned NOT NULL default '0',
  `timeopen` bigint(10) unsigned NOT NULL default '0',
  `timeclose` bigint(10) unsigned NOT NULL default '0',
  `timemodified` bigint(10) unsigned NOT NULL default '0',
  PRIMARY KEY  (`id`),
  KEY `choi_cou_ix` (`course`)
) ENGINE=MyISAM DEFAULT CHARSET=utf8 COMMENT='Available choices are stored here';

--
-- Dumping data for table `choice`
--


--
-- Table structure for table `choice_answers`
--

CREATE TABLE `choice_answers` (
  `id` bigint(10) unsigned NOT NULL auto_increment,
  `choiceid` bigint(10) unsigned NOT NULL default '0',
  `userid` bigint(10) unsigned NOT NULL default '0',
  `optionid` bigint(10) unsigned NOT NULL default '0',
  `timemodified` bigint(10) unsigned NOT NULL default '0',
  PRIMARY KEY  (`id`),
  KEY `choiansw_use_ix` (`userid`),
  KEY `choiansw_cho_ix` (`choiceid`),
  KEY `choiansw_opt_ix` (`optionid`)
) ENGINE=MyISAM DEFAULT CHARSET=utf8 COMMENT='choices performed by users';

--
-- Dumping data for table `choice_answers`
--


--
-- Table structure for table `choice_options`
--

CREATE TABLE `choice_options` (
  `id` bigint(10) unsigned NOT NULL auto_increment,
  `choiceid` bigint(10) unsigned NOT NULL default '0',
  `text` text,
  `maxanswers` bigint(10) unsigned default '0',
  `timemodified` bigint(10) unsigned NOT NULL default '0',
  PRIMARY KEY  (`id`),
  KEY `choiopti_cho_ix` (`choiceid`)
) ENGINE=MyISAM DEFAULT CHARSET=utf8 COMMENT='available options to choice';

--
-- Dumping data for table `choice_options`
--


--
-- Table structure for table `config`
--

CREATE TABLE `config` (
  `id` bigint(10) unsigned NOT NULL auto_increment,
  `name` varchar(255) NOT NULL default '',
  `value` text NOT NULL,
  PRIMARY KEY  (`id`),
  UNIQUE KEY `conf_nam_uix` (`name`)
) ENGINE=MyISAM AUTO_INCREMENT=258 DEFAULT CHARSET=utf8 COMMENT='Moodle configuration variables';

--
-- Dumping data for table `config`
--

INSERT INTO `config` VALUES (1,'unicodedb','1'),(2,'group_version','2007012401'),(3,'statsrolesupgraded','1192651964'),(4,'guestroleid','6'),(5,'creatornewroleid','3'),(6,'notloggedinroleid','6'),(7,'defaultuserroleid','7'),(8,'defaultcourseroleid','5'),(9,'autologinguests','0'),(10,'nonmetacoursesyncroleids',''),(11,'hiddenuserfields',''),(12,'enablecourserequests','0'),(13,'defaultrequestcategory','1'),(14,'timezone','99'),(15,'forcetimezone','99'),(16,'country','0'),(17,'iplookup','hostip'),(18,'lang','en_utf8'),(19,'langmenu','1'),(20,'langlist',''),(21,'langcache','1'),(22,'locale',''),(23,'latinexcelexport','0'),(24,'protectusernames','1'),(25,'forcelogin','0'),(26,'forceloginforprofiles','1'),(27,'opentogoogle','0'),(28,'maxbytes','0'),(29,'messaging','1'),(30,'allowobjectembed','0'),(31,'enabletrusttext','0'),(32,'maxeditingtime','1800'),(33,'fullnamedisplay','firstname lastname'),(34,'extendedusernamechars','0'),(35,'sitepolicy',''),(36,'bloglevel','4'),(37,'cronclionly','0'),(38,'cronremotepassword',''),(39,'loginhttps','0'),(40,'restrictmodulesfor','none'),(41,'restrictbydefault','0'),(42,'defaultallowedmodules',''),(43,'displayloginfailures',''),(44,'notifyloginfailures',''),(45,'notifyloginthreshold','10'),(46,'runclamonupload','0'),(47,'pathtoclam',''),(48,'quarantinedir',''),(49,'clamfailureonupload','donothing'),(50,'themelist',''),(51,'allowuserthemes','0'),(52,'allowcoursethemes','0'),(53,'allowuserblockhiding','1'),(54,'showblocksonmodpages','0'),(55,'calendar_adminseesall','0'),(56,'calendar_site_timeformat','0'),(57,'calendar_startwday','0'),(58,'calendar_weekend','65'),(59,'calendar_lookahead','21'),(60,'calendar_maxevents','10'),(61,'cachetext','60'),(62,'filteruploadedfiles','0'),(63,'filtermatchoneperpage','0'),(64,'filtermatchonepertext','0'),(65,'filterall','0'),(66,'htmleditor','1'),(67,'editorbackgroundcolor','#ffffff'),(68,'editorfontfamily','Trebuchet MS,Verdana,Arial,Helvetica,sans-serif'),(69,'editorfontsize',''),(70,'editorfontlist','Trebuchet:Trebuchet MS,Verdana,Arial,Helvetica,sans-serif;Arial:arial,helvetica,sans-serif;Courier New:courier new,courier,monospace;Georgia:georgia,times new roman,times,serif;Tahoma:tahoma,arial,helvetica,sans-serif;Times New Roman:times new roman,times,serif;Verdana:verdana,arial,helvetica,sans-serif;Impact:impact;Wingdings:wingdings'),(71,'editorkillword','1'),(72,'editorhidebuttons',''),(73,'docroot','http://docs.moodle.org'),(74,'doctonewwindow','0'),(75,'mymoodleredirect','0'),(76,'gradebookroles','5'),(77,'coursemanager','3'),(78,'frontpage',',,,'),(79,'frontpageloggedin','2,,,'),(80,'coursesperpage','20'),(81,'allowvisiblecoursesinhiddencategories','0'),(82,'gdversion','2'),(83,'zip',''),(84,'unzip',''),(85,'pathtodu',''),(86,'aspellpath',''),(87,'smtphosts',''),(88,'smtpuser',''),(89,'smtppass',''),(90,'noreplyaddress','noreply@cream.lancs.ac.uk:8080'),(91,'allowemailaddresses',''),(92,'denyemailaddresses',''),(93,'digestmailtime','17'),(94,'sitemailcharset',''),(95,'allowusermailcharset','0'),(96,'dbsessions','0'),(97,'sessiontimeout','7200'),(98,'sessioncookie',''),(99,'sessioncookiepath','/'),(100,'enablerssfeeds','0'),(101,'debug',''),(102,'debugdisplay','1'),(103,'debugsmtp','0'),(104,'perfdebug','7'),(105,'enablestats','0'),(106,'statsfirstrun','none'),(107,'statsmaxruntime','0'),(108,'statsruntimestarthour','0'),(109,'statsruntimestartminute','0'),(110,'statsuserthreshold','0'),(111,'framename','_top'),(112,'slasharguments','1'),(113,'proxyhost',''),(114,'proxyport','0'),(115,'longtimenosee','120'),(116,'deleteunconfirmed','168'),(117,'loglifetime','0'),(118,'cachetype',''),(119,'rcache',''),(120,'rcachettl','10'),(121,'intcachemax','10'),(122,'memcachedhosts',''),(123,'memcachedpconn',''),(124,'enableajax','0'),(125,'enableglobalsearch','0'),(126,'smartpix','0'),(127,'alternateloginurl',''),(128,'auth','email'),(129,'auth_pop3mailbox','INBOX'),(130,'changepassword',''),(131,'enrol','manual'),(132,'enrol_plugins_enabled','manual'),(133,'guestloginbutton','1'),(134,'registerauth','email'),(135,'style','default'),(136,'template','default'),(137,'theme','standardwhite'),(138,'filter_multilang_converted','1'),(139,'mnet_dispatcher_mode','off'),(140,'mnet_localhost_id','1'),(141,'mnet_all_hosts_id','2'),(142,'version','2007021532'),(143,'release','1.8.3 +'),(144,'assignment_maxbytes','1024000'),(145,'assignment_itemstocount','1'),(146,'assignment_online_version','2005042900'),(147,'chat_refresh_room','5'),(148,'chat_refresh_userlist','10'),(149,'chat_old_ping','35'),(150,'chat_method','header_js'),(151,'chat_normal_updatemode','jsupdate'),(152,'chat_serverhost','cream.lancs.ac.uk:8080'),(153,'chat_serverip','127.0.0.1'),(154,'chat_serverport','9111'),(155,'chat_servermax','100'),(156,'exercise_initialdisable','1'),(157,'forum_displaymode','3'),(158,'forum_shortpost','300'),(159,'forum_longpost','600'),(160,'forum_manydiscussions','100'),(161,'forum_maxbytes','512000'),(162,'forum_trackreadposts','1'),(163,'forum_oldpostdays','14'),(164,'forum_usermarksread',''),(165,'forum_cleanreadtime','2'),(166,'forum_replytouser','1'),(167,'glossary_studentspost','1'),(168,'glossary_dupentries','0'),(169,'glossary_allowcomments','0'),(170,'glossary_linkbydefault','1'),(171,'glossary_defaultapproval','1'),(172,'glossary_entbypage','10'),(173,'hotpot_showtimes','0'),(174,'hotpot_excelencodings',''),(175,'hotpot_initialdisable','1'),(176,'journal_showrecentactivity','1'),(177,'journal_initialdisable','1'),(178,'lams_initialdisable','1'),(179,'quiz_review','16777215'),(180,'quiz_attemptonlast','0'),(181,'quiz_attempts','0'),(182,'quiz_grademethod',''),(183,'quiz_decimalpoints','2'),(184,'quiz_maximumgrade','10'),(185,'quiz_password',''),(186,'quiz_popup','0'),(187,'quiz_questionsperpage','0'),(188,'quiz_shuffleanswers','1'),(189,'quiz_shufflequestions','0'),(190,'quiz_subnet',''),(191,'quiz_timelimit','0'),(192,'quiz_optionflags','1'),(193,'quiz_penaltyscheme','1'),(194,'quiz_delay1','0'),(195,'quiz_delay2','0'),(196,'quiz_fix_review','0'),(197,'quiz_fix_attemptonlast','0'),(198,'quiz_fix_attempts','0'),(199,'quiz_fix_grademethod','0'),(200,'quiz_fix_decimalpoints','0'),(201,'quiz_fix_password','0'),(202,'quiz_fix_popup','0'),(203,'quiz_fix_questionsperpage','0'),(204,'quiz_fix_shuffleanswers','0'),(205,'quiz_fix_shufflequestions','0'),(206,'quiz_fix_subnet','0'),(207,'quiz_fix_timelimit','0'),(208,'quiz_fix_adaptive','0'),(209,'quiz_fix_penaltyscheme','0'),(210,'quiz_fix_delay1','0'),(211,'quiz_fix_delay2','0'),(212,'resource_framesize','130'),(213,'resource_websearch','http://google.com/'),(214,'resource_defaulturl','http://'),(215,'resource_filterexternalpages',''),(216,'resource_secretphrase','T0H4cOhOtjQGDCOT2XWQ'),(217,'resource_popup',''),(218,'resource_windowsettings','0'),(219,'resource_parametersettings','0'),(220,'resource_allowlocalfiles','0'),(221,'resource_hide_repository','1'),(222,'resource_autofilerename','1'),(223,'resource_blockdeletingfile','1'),(224,'resource_popupresizable','checked'),(225,'resource_popupscrollbars','checked'),(226,'resource_popupdirectories','checked'),(227,'resource_popuplocation','checked'),(228,'resource_popupmenubar','checked'),(229,'resource_popuptoolbar','checked'),(230,'resource_popupstatus','checked'),(231,'resource_popupwidth','620'),(232,'resource_popupheight','450'),(233,'scorm_maxattempts','6'),(234,'scorm_frameheight','500'),(235,'scorm_framewidth','100%'),(236,'scorm_updatetime','2'),(237,'scorm_advancedsettings','0'),(238,'scorm_windowsettings','0'),(239,'qtype_calculated_version','2006032200'),(240,'qtype_essay_version','2006032200'),(241,'qtype_match_version','2006032200'),(242,'qtype_multianswer_version','2006032200'),(243,'qtype_multichoice_version','2006121501'),(244,'qtype_numerical_version','2006121500'),(245,'qtype_randomsamatch_version','2006042800'),(246,'qtype_rqp_version','2006032200'),(247,'qtype_shortanswer_version','2006032200'),(248,'qtype_truefalse_version','2006032200'),(249,'backup_version','2007022100'),(250,'backup_release','1.8+'),(251,'blocks_version','2005090201'),(252,'enrol_authorize_version','2006112901'),(253,'enrol_paypal_version','2006092200'),(254,'adminblocks_initialised','1'),(255,'siteidentifier','8EZMMnZVUrHobDQGb116QTNff61jb93pcream.lancs.ac.uk:8080'),(256,'rolesactive','1'),(257,'auth_instructions','');

--
-- Table structure for table `config_plugins`
--

CREATE TABLE `config_plugins` (
  `id` bigint(10) unsigned NOT NULL auto_increment,
  `plugin` varchar(100) NOT NULL default 'core',
  `name` varchar(100) NOT NULL default '',
  `value` text NOT NULL,
  PRIMARY KEY  (`id`),
  UNIQUE KEY `confplug_plunam_uix` (`plugin`,`name`)
) ENGINE=MyISAM AUTO_INCREMENT=2 DEFAULT CHARSET=utf8 COMMENT='Moodle modules and plugins configuration variables';

--
-- Dumping data for table `config_plugins`
--

INSERT INTO `config_plugins` VALUES (1,'auth/manual','field_lock_idnumber','locked');

--
-- Table structure for table `context`
--

CREATE TABLE `context` (
  `id` bigint(10) unsigned NOT NULL auto_increment,
  `contextlevel` bigint(10) unsigned NOT NULL default '0',
  `instanceid` bigint(10) unsigned NOT NULL default '0',
  PRIMARY KEY  (`id`),
  UNIQUE KEY `cont_conins_uix` (`contextlevel`,`instanceid`),
  KEY `cont_ins_ix` (`instanceid`)
) ENGINE=MyISAM AUTO_INCREMENT=16 DEFAULT CHARSET=utf8 COMMENT='one of these must be set';

--
-- Dumping data for table `context`
--

INSERT INTO `context` VALUES (1,10,0),(2,50,1),(3,40,1),(4,50,2),(5,70,1),(6,40,2),(7,40,3),(8,40,4),(9,40,5),(10,50,3),(11,70,2),(12,40,6),(13,50,4),(14,70,3),(15,30,2);

--
-- Table structure for table `context_rel`
--

CREATE TABLE `context_rel` (
  `id` bigint(10) NOT NULL auto_increment,
  `c1` bigint(10) default NULL,
  `c2` bigint(10) default NULL,
  PRIMARY KEY  (`id`),
  UNIQUE KEY `contrel_c1c2_uix` (`c1`,`c2`),
  KEY `contrel_c1_ix` (`c1`),
  KEY `contrel_c2_ix` (`c2`)
) ENGINE=MyISAM AUTO_INCREMENT=46 DEFAULT CHARSET=utf8 COMMENT='context relations, c2 is a parent (or higher) of c1';

--
-- Dumping data for table `context_rel`
--

INSERT INTO `context_rel` VALUES (1,2,1),(2,2,2),(3,3,1),(4,3,3),(5,4,3),(6,4,1),(7,4,4),(8,5,4),(9,5,3),(10,5,1),(11,5,5),(12,6,1),(13,6,6),(14,7,1),(15,7,7),(16,8,6),(17,8,1),(18,8,8),(19,9,8),(20,9,6),(21,9,1),(22,9,9),(23,10,8),(24,10,6),(25,10,1),(26,10,10),(27,11,10),(28,11,8),(29,11,6),(30,11,1),(31,11,11),(32,12,7),(33,12,1),(34,12,12),(35,13,12),(36,13,7),(37,13,1),(38,13,13),(39,14,13),(40,14,12),(41,14,7),(42,14,1),(43,14,14),(44,15,1),(45,15,15);

--
-- Table structure for table `course`
--

CREATE TABLE `course` (
  `id` bigint(10) unsigned NOT NULL auto_increment,
  `category` bigint(10) unsigned NOT NULL default '0',
  `sortorder` bigint(10) unsigned NOT NULL default '0',
  `password` varchar(50) NOT NULL default '',
  `fullname` varchar(254) NOT NULL default '',
  `shortname` varchar(100) NOT NULL default '',
  `idnumber` varchar(100) NOT NULL default '',
  `summary` text NOT NULL,
  `format` varchar(10) NOT NULL default 'topics',
  `showgrades` tinyint(2) unsigned NOT NULL default '1',
  `modinfo` longtext,
  `newsitems` mediumint(5) unsigned NOT NULL default '1',
  `teacher` varchar(100) NOT NULL default 'Teacher',
  `teachers` varchar(100) NOT NULL default 'Teachers',
  `student` varchar(100) NOT NULL default 'Student',
  `students` varchar(100) NOT NULL default 'Students',
  `guest` tinyint(2) unsigned NOT NULL default '0',
  `startdate` bigint(10) unsigned NOT NULL default '0',
  `enrolperiod` bigint(10) unsigned NOT NULL default '0',
  `numsections` mediumint(5) unsigned NOT NULL default '1',
  `marker` bigint(10) unsigned NOT NULL default '0',
  `maxbytes` bigint(10) unsigned NOT NULL default '0',
  `showreports` smallint(4) unsigned NOT NULL default '0',
  `visible` tinyint(1) unsigned NOT NULL default '1',
  `hiddensections` tinyint(2) unsigned NOT NULL default '0',
  `groupmode` smallint(4) unsigned NOT NULL default '0',
  `groupmodeforce` smallint(4) unsigned NOT NULL default '0',
  `lang` varchar(30) NOT NULL default '',
  `theme` varchar(50) NOT NULL default '',
  `cost` varchar(10) NOT NULL default '',
  `currency` varchar(3) NOT NULL default 'USD',
  `timecreated` bigint(10) unsigned NOT NULL default '0',
  `timemodified` bigint(10) unsigned NOT NULL default '0',
  `metacourse` tinyint(1) unsigned NOT NULL default '0',
  `requested` tinyint(1) unsigned NOT NULL default '0',
  `restrictmodules` tinyint(1) unsigned NOT NULL default '0',
  `expirynotify` tinyint(1) unsigned NOT NULL default '0',
  `expirythreshold` bigint(10) unsigned NOT NULL default '0',
  `notifystudents` tinyint(1) unsigned NOT NULL default '0',
  `enrollable` tinyint(1) unsigned NOT NULL default '1',
  `enrolstartdate` bigint(10) unsigned NOT NULL default '0',
  `enrolenddate` bigint(10) unsigned NOT NULL default '0',
  `enrol` varchar(20) NOT NULL default '',
  `defaultrole` bigint(10) unsigned NOT NULL default '0',
  PRIMARY KEY  (`id`),
  KEY `cour_cat_ix` (`category`),
  KEY `cour_idn_ix` (`idnumber`),
  KEY `cour_sho_ix` (`shortname`)
) ENGINE=MyISAM AUTO_INCREMENT=5 DEFAULT CHARSET=utf8 COMMENT='Central course table';

--
-- Dumping data for table `course`
--

INSERT INTO `course` VALUES (1,0,1000,'','Demo','Demo','','','site',1,NULL,3,'Teacher','Teachers','Student','Students',0,0,0,0,0,0,0,1,0,0,0,'','','','USD',0,1192790206,0,0,0,0,0,0,1,0,0,'',0),(2,4,2001,'','Demo Course','DemoCourse','',' This is a Demo Course<br />','weeks',1,'a:1:{i:1;O:8:\"stdClass\":6:{s:2:\"cm\";i:1;s:3:\"mod\";s:5:\"forum\";s:7:\"section\";s:1:\"0\";s:4:\"name\";s:10:\"News+forum\";s:7:\"visible\";s:1:\"1\";s:5:\"extra\";s:0:\"\";}}',5,'Teacher','Teachers','Student','Students',0,1192662000,0,10,0,6291456,0,1,0,0,0,'','','','USD',1192652339,1192790138,0,0,0,0,864000,0,1,0,0,'',0),(3,5,3001,'','Course Fullname 101','CF101','',' Write a concise and interesting paragraph here that explains what this course is about','weeks',1,'a:1:{i:2;O:8:\"stdClass\":6:{s:2:\"cm\";i:2;s:3:\"mod\";s:5:\"forum\";s:7:\"section\";s:1:\"0\";s:4:\"name\";s:10:\"News+forum\";s:7:\"visible\";s:1:\"1\";s:5:\"extra\";s:0:\"\";}}',5,'Teacher','Teachers','Student','Students',0,1192834800,0,10,0,6291456,0,1,0,0,0,'','','','USD',1192790121,1192790187,0,0,0,0,864000,0,1,0,0,'',0),(4,6,4004,'','Course Fullname 101','CF103','',' Write a concise and interesting paragraph here that explains what this course is about','weeks',1,'a:1:{i:3;O:8:\"stdClass\":6:{s:2:\"cm\";i:3;s:3:\"mod\";s:5:\"forum\";s:7:\"section\";s:1:\"0\";s:4:\"name\";s:10:\"News+forum\";s:7:\"visible\";s:1:\"1\";s:5:\"extra\";s:0:\"\";}}',5,'Teacher','Teachers','Student','Students',0,1192834800,0,10,0,6291456,0,0,0,0,0,'','','','USD',1192790256,1192790256,0,0,0,0,864000,0,1,0,0,'',0);

--
-- Table structure for table `course_allowed_modules`
--

CREATE TABLE `course_allowed_modules` (
  `id` bigint(10) unsigned NOT NULL auto_increment,
  `course` bigint(10) unsigned NOT NULL default '0',
  `module` bigint(10) unsigned NOT NULL default '0',
  PRIMARY KEY  (`id`),
  KEY `courallomodu_cou_ix` (`course`),
  KEY `courallomodu_mod_ix` (`module`)
) ENGINE=MyISAM DEFAULT CHARSET=utf8 COMMENT='allowed modules foreach course';

--
-- Dumping data for table `course_allowed_modules`
--


--
-- Table structure for table `course_categories`
--

CREATE TABLE `course_categories` (
  `id` bigint(10) unsigned NOT NULL auto_increment,
  `name` varchar(255) NOT NULL default '',
  `description` text,
  `parent` bigint(10) unsigned NOT NULL default '0',
  `sortorder` bigint(10) unsigned NOT NULL default '0',
  `coursecount` bigint(10) unsigned NOT NULL default '0',
  `visible` tinyint(1) NOT NULL default '1',
  `timemodified` bigint(10) unsigned NOT NULL default '0',
  `depth` bigint(10) unsigned NOT NULL default '0',
  `path` varchar(255) NOT NULL default '',
  PRIMARY KEY  (`id`),
  KEY `courcate_par_ix` (`parent`)
) ENGINE=MyISAM AUTO_INCREMENT=7 DEFAULT CHARSET=utf8 COMMENT='Course categories';

--
-- Dumping data for table `course_categories`
--

INSERT INTO `course_categories` VALUES (1,'Miscellaneous',NULL,0,0,0,1,0,1,'/1'),(2,'Test',NULL,0,999,0,1,0,1,'/2'),(3,'test 2',NULL,0,999,0,1,0,1,'/3'),(4,'1',NULL,2,999,1,1,0,2,'/2/4'),(5,'2',NULL,4,999,1,1,0,3,'/2/4/5'),(6,'test',NULL,3,999,1,0,0,2,'/3/6');

--
-- Table structure for table `course_display`
--

CREATE TABLE `course_display` (
  `id` bigint(10) unsigned NOT NULL auto_increment,
  `course` bigint(10) unsigned NOT NULL default '0',
  `userid` bigint(10) unsigned NOT NULL default '0',
  `display` bigint(10) NOT NULL default '0',
  PRIMARY KEY  (`id`),
  KEY `courdisp_couuse_ix` (`course`,`userid`)
) ENGINE=MyISAM AUTO_INCREMENT=4 DEFAULT CHARSET=utf8 COMMENT='Stores info about how to display the course';

--
-- Dumping data for table `course_display`
--

INSERT INTO `course_display` VALUES (1,2,2,0),(2,3,2,0),(3,4,2,0);

--
-- Table structure for table `course_meta`
--

CREATE TABLE `course_meta` (
  `id` bigint(10) unsigned NOT NULL auto_increment,
  `parent_course` bigint(10) unsigned NOT NULL default '0',
  `child_course` bigint(10) unsigned NOT NULL default '0',
  PRIMARY KEY  (`id`),
  KEY `courmeta_par_ix` (`parent_course`),
  KEY `courmeta_chi_ix` (`child_course`)
) ENGINE=MyISAM DEFAULT CHARSET=utf8 COMMENT='to store meta-courses relations';

--
-- Dumping data for table `course_meta`
--


--
-- Table structure for table `course_modules`
--

CREATE TABLE `course_modules` (
  `id` bigint(10) unsigned NOT NULL auto_increment,
  `course` bigint(10) unsigned NOT NULL default '0',
  `module` bigint(10) unsigned NOT NULL default '0',
  `instance` bigint(10) unsigned NOT NULL default '0',
  `section` bigint(10) unsigned NOT NULL default '0',
  `added` bigint(10) unsigned NOT NULL default '0',
  `score` smallint(4) NOT NULL default '0',
  `indent` mediumint(5) unsigned NOT NULL default '0',
  `visible` tinyint(1) NOT NULL default '1',
  `visibleold` tinyint(1) NOT NULL default '1',
  `groupmode` smallint(4) NOT NULL default '0',
  PRIMARY KEY  (`id`),
  KEY `courmodu_vis_ix` (`visible`),
  KEY `courmodu_cou_ix` (`course`),
  KEY `courmodu_mod_ix` (`module`),
  KEY `courmodu_ins_ix` (`instance`)
) ENGINE=MyISAM AUTO_INCREMENT=4 DEFAULT CHARSET=utf8 COMMENT='course_modules table retrofitted from MySQL';

--
-- Dumping data for table `course_modules`
--

INSERT INTO `course_modules` VALUES (1,2,6,1,1,1192652612,0,0,1,1,0),(2,3,6,2,12,1192790125,0,0,1,1,0),(3,4,6,3,23,1192790260,0,0,1,1,0);

--
-- Table structure for table `course_request`
--

CREATE TABLE `course_request` (
  `id` bigint(10) unsigned NOT NULL auto_increment,
  `fullname` varchar(254) NOT NULL default '',
  `shortname` varchar(15) NOT NULL default '',
  `summary` text NOT NULL,
  `reason` text NOT NULL,
  `requester` bigint(10) NOT NULL default '0',
  `password` varchar(50) NOT NULL default '',
  PRIMARY KEY  (`id`),
  KEY `courrequ_sho_ix` (`shortname`)
) ENGINE=MyISAM DEFAULT CHARSET=utf8 COMMENT='course requests';

--
-- Dumping data for table `course_request`
--


--
-- Table structure for table `course_sections`
--

CREATE TABLE `course_sections` (
  `id` bigint(10) unsigned NOT NULL auto_increment,
  `course` bigint(10) unsigned NOT NULL default '0',
  `section` bigint(10) unsigned NOT NULL default '0',
  `summary` text,
  `sequence` text,
  `visible` tinyint(1) NOT NULL default '1',
  PRIMARY KEY  (`id`),
  KEY `coursect_cousec_ix` (`course`,`section`)
) ENGINE=MyISAM AUTO_INCREMENT=34 DEFAULT CHARSET=utf8 COMMENT='to define the sections for each course';

--
-- Dumping data for table `course_sections`
--

INSERT INTO `course_sections` VALUES (1,2,0,NULL,'1',1),(2,2,1,'',NULL,1),(3,2,2,'',NULL,1),(4,2,3,'',NULL,1),(5,2,4,'',NULL,1),(6,2,5,'',NULL,1),(7,2,6,'',NULL,1),(8,2,7,'',NULL,1),(9,2,8,'',NULL,1),(10,2,9,'',NULL,1),(11,2,10,'',NULL,1),(12,3,0,NULL,'2',1),(13,3,1,'',NULL,1),(14,3,2,'',NULL,1),(15,3,3,'',NULL,1),(16,3,4,'',NULL,1),(17,3,5,'',NULL,1),(18,3,6,'',NULL,1),(19,3,7,'',NULL,1),(20,3,8,'',NULL,1),(21,3,9,'',NULL,1),(22,3,10,'',NULL,1),(23,4,0,NULL,'3',1),(24,4,1,'',NULL,1),(25,4,2,'',NULL,1),(26,4,3,'',NULL,1),(27,4,4,'',NULL,1),(28,4,5,'',NULL,1),(29,4,6,'',NULL,1),(30,4,7,'',NULL,1),(31,4,8,'',NULL,1),(32,4,9,'',NULL,1),(33,4,10,'',NULL,1);

--
-- Table structure for table `data`
--

CREATE TABLE `data` (
  `id` bigint(10) unsigned NOT NULL auto_increment,
  `course` bigint(10) unsigned NOT NULL default '0',
  `name` varchar(255) NOT NULL default '',
  `intro` text NOT NULL,
  `comments` smallint(4) unsigned NOT NULL default '0',
  `timeavailablefrom` bigint(10) unsigned NOT NULL default '0',
  `timeavailableto` bigint(10) unsigned NOT NULL default '0',
  `timeviewfrom` bigint(10) unsigned NOT NULL default '0',
  `timeviewto` bigint(10) unsigned NOT NULL default '0',
  `requiredentries` int(8) unsigned NOT NULL default '0',
  `requiredentriestoview` int(8) unsigned NOT NULL default '0',
  `maxentries` int(8) unsigned NOT NULL default '0',
  `rssarticles` smallint(4) unsigned NOT NULL default '0',
  `singletemplate` text,
  `listtemplate` text,
  `listtemplateheader` text,
  `listtemplatefooter` text,
  `addtemplate` text,
  `rsstemplate` text,
  `rsstitletemplate` text,
  `csstemplate` text,
  `jstemplate` text,
  `approval` smallint(4) unsigned NOT NULL default '0',
  `scale` bigint(10) NOT NULL default '0',
  `assessed` bigint(10) unsigned NOT NULL default '0',
  `defaultsort` bigint(10) unsigned NOT NULL default '0',
  `defaultsortdir` smallint(4) unsigned NOT NULL default '0',
  `editany` smallint(4) unsigned NOT NULL default '0',
  PRIMARY KEY  (`id`)
) ENGINE=MyISAM DEFAULT CHARSET=utf8 COMMENT='Removed ratings column';

--
-- Dumping data for table `data`
--


--
-- Table structure for table `data_comments`
--

CREATE TABLE `data_comments` (
  `id` bigint(10) unsigned NOT NULL auto_increment,
  `userid` bigint(10) unsigned NOT NULL default '0',
  `recordid` bigint(10) unsigned NOT NULL default '0',
  `content` text NOT NULL,
  `format` tinyint(2) unsigned NOT NULL default '0',
  `created` bigint(10) unsigned NOT NULL default '0',
  `modified` bigint(10) unsigned NOT NULL default '0',
  PRIMARY KEY  (`id`),
  KEY `datacomm_rec_ix` (`recordid`)
) ENGINE=MyISAM DEFAULT CHARSET=utf8 COMMENT='to comment data records';

--
-- Dumping data for table `data_comments`
--


--
-- Table structure for table `data_content`
--

CREATE TABLE `data_content` (
  `id` bigint(10) unsigned NOT NULL auto_increment,
  `fieldid` bigint(10) unsigned NOT NULL default '0',
  `recordid` bigint(10) unsigned NOT NULL default '0',
  `content` longtext,
  `content1` longtext,
  `content2` longtext,
  `content3` longtext,
  `content4` longtext,
  PRIMARY KEY  (`id`),
  KEY `datacont_rec_ix` (`recordid`),
  KEY `datacont_fie_ix` (`fieldid`)
) ENGINE=MyISAM DEFAULT CHARSET=utf8 COMMENT='the content introduced in each record/fields';

--
-- Dumping data for table `data_content`
--


--
-- Table structure for table `data_fields`
--

CREATE TABLE `data_fields` (
  `id` bigint(10) unsigned NOT NULL auto_increment,
  `dataid` bigint(10) unsigned NOT NULL default '0',
  `type` varchar(255) NOT NULL default '',
  `name` varchar(255) NOT NULL default '',
  `description` text NOT NULL,
  `param1` text,
  `param2` text,
  `param3` text,
  `param4` text,
  `param5` text,
  `param6` text,
  `param7` text,
  `param8` text,
  `param9` text,
  `param10` text,
  PRIMARY KEY  (`id`),
  KEY `datafiel_dat_ix` (`dataid`)
) ENGINE=MyISAM DEFAULT CHARSET=utf8 COMMENT='every field available';

--
-- Dumping data for table `data_fields`
--


--
-- Table structure for table `data_ratings`
--

CREATE TABLE `data_ratings` (
  `id` bigint(10) unsigned NOT NULL auto_increment,
  `userid` bigint(10) unsigned NOT NULL default '0',
  `recordid` bigint(10) unsigned NOT NULL default '0',
  `rating` bigint(10) unsigned NOT NULL default '0',
  PRIMARY KEY  (`id`),
  KEY `datarati_rec_ix` (`recordid`)
) ENGINE=MyISAM DEFAULT CHARSET=utf8 COMMENT='to rate data records';

--
-- Dumping data for table `data_ratings`
--


--
-- Table structure for table `data_records`
--

CREATE TABLE `data_records` (
  `id` bigint(10) unsigned NOT NULL auto_increment,
  `userid` bigint(10) unsigned NOT NULL default '0',
  `groupid` bigint(10) unsigned NOT NULL default '0',
  `dataid` bigint(10) unsigned NOT NULL default '0',
  `timecreated` bigint(10) unsigned NOT NULL default '0',
  `timemodified` bigint(10) unsigned NOT NULL default '0',
  `approved` smallint(4) unsigned NOT NULL default '0',
  PRIMARY KEY  (`id`),
  KEY `datareco_dat_ix` (`dataid`)
) ENGINE=MyISAM DEFAULT CHARSET=utf8 COMMENT='every record introduced';

--
-- Dumping data for table `data_records`
--


--
-- Table structure for table `enrol_authorize`
--

CREATE TABLE `enrol_authorize` (
  `id` bigint(10) unsigned NOT NULL auto_increment,
  `paymentmethod` enum('cc','echeck') NOT NULL default 'cc',
  `refundinfo` smallint(4) unsigned NOT NULL default '0',
  `ccname` varchar(255) NOT NULL default '',
  `courseid` bigint(10) unsigned NOT NULL default '0',
  `userid` bigint(10) unsigned NOT NULL default '0',
  `transid` bigint(10) unsigned NOT NULL default '0',
  `status` bigint(10) unsigned NOT NULL default '0',
  `timecreated` bigint(10) unsigned NOT NULL default '0',
  `settletime` bigint(10) unsigned NOT NULL default '0',
  `amount` varchar(10) NOT NULL default '',
  `currency` varchar(3) NOT NULL default 'USD',
  PRIMARY KEY  (`id`),
  KEY `enroauth_cou_ix` (`courseid`),
  KEY `enroauth_use_ix` (`userid`),
  KEY `enroauth_sta_ix` (`status`),
  KEY `enroauth_tra_ix` (`transid`)
) ENGINE=MyISAM DEFAULT CHARSET=utf8 COMMENT='Holds all known information about authorize.net transactions';

--
-- Dumping data for table `enrol_authorize`
--


--
-- Table structure for table `enrol_authorize_refunds`
--

CREATE TABLE `enrol_authorize_refunds` (
  `id` bigint(10) unsigned NOT NULL auto_increment,
  `orderid` bigint(10) unsigned NOT NULL default '0',
  `status` tinyint(1) unsigned NOT NULL default '0',
  `amount` varchar(10) NOT NULL default '',
  `transid` bigint(10) unsigned default '0',
  `settletime` bigint(10) unsigned NOT NULL default '0',
  PRIMARY KEY  (`id`),
  KEY `enroauthrefu_tra_ix` (`transid`),
  KEY `enroauthrefu_ord_ix` (`orderid`)
) ENGINE=MyISAM DEFAULT CHARSET=utf8 COMMENT='Authorize.net refunds';

--
-- Dumping data for table `enrol_authorize_refunds`
--


--
-- Table structure for table `enrol_paypal`
--

CREATE TABLE `enrol_paypal` (
  `id` bigint(10) unsigned NOT NULL auto_increment,
  `business` varchar(255) NOT NULL default '',
  `receiver_email` varchar(255) NOT NULL default '',
  `receiver_id` varchar(255) NOT NULL default '',
  `item_name` varchar(255) NOT NULL default '',
  `courseid` bigint(10) unsigned NOT NULL default '0',
  `userid` bigint(10) unsigned NOT NULL default '0',
  `memo` varchar(255) NOT NULL default '',
  `tax` varchar(255) NOT NULL default '',
  `option_name1` varchar(255) NOT NULL default '',
  `option_selection1_x` varchar(255) NOT NULL default '',
  `option_name2` varchar(255) NOT NULL default '',
  `option_selection2_x` varchar(255) NOT NULL default '',
  `payment_status` varchar(255) NOT NULL default '',
  `pending_reason` varchar(255) NOT NULL default '',
  `reason_code` varchar(30) NOT NULL default '',
  `txn_id` varchar(255) NOT NULL default '',
  `parent_txn_id` varchar(255) NOT NULL default '',
  `payment_type` varchar(30) NOT NULL default '',
  `timeupdated` bigint(10) unsigned NOT NULL default '0',
  PRIMARY KEY  (`id`)
) ENGINE=MyISAM DEFAULT CHARSET=utf8 COMMENT='Holds all known information about PayPal transactions';

--
-- Dumping data for table `enrol_paypal`
--


--
-- Table structure for table `event`
--

CREATE TABLE `event` (
  `id` bigint(10) unsigned NOT NULL auto_increment,
  `name` varchar(255) NOT NULL default '',
  `description` text NOT NULL,
  `format` smallint(4) unsigned NOT NULL default '0',
  `courseid` bigint(10) unsigned NOT NULL default '0',
  `groupid` bigint(10) unsigned NOT NULL default '0',
  `userid` bigint(10) unsigned NOT NULL default '0',
  `repeatid` bigint(10) unsigned NOT NULL default '0',
  `modulename` varchar(20) NOT NULL default '',
  `instance` bigint(10) unsigned NOT NULL default '0',
  `eventtype` varchar(20) NOT NULL default '',
  `timestart` bigint(10) unsigned NOT NULL default '0',
  `timeduration` bigint(10) unsigned NOT NULL default '0',
  `visible` smallint(4) NOT NULL default '1',
  `uuid` varchar(36) NOT NULL default '',
  `sequence` bigint(10) unsigned NOT NULL default '1',
  `timemodified` bigint(10) unsigned NOT NULL default '0',
  PRIMARY KEY  (`id`),
  KEY `even_cou_ix` (`courseid`),
  KEY `even_use_ix` (`userid`),
  KEY `even_tim_ix` (`timestart`),
  KEY `even_tim2_ix` (`timeduration`)
) ENGINE=MyISAM DEFAULT CHARSET=utf8 COMMENT='For everything with a time associated to it';

--
-- Dumping data for table `event`
--


--
-- Table structure for table `exercise`
--

CREATE TABLE `exercise` (
  `id` bigint(10) unsigned NOT NULL auto_increment,
  `course` bigint(10) unsigned NOT NULL default '0',
  `name` varchar(255) NOT NULL default '',
  `nelements` smallint(3) unsigned NOT NULL default '1',
  `phase` smallint(3) unsigned NOT NULL default '0',
  `gradingstrategy` smallint(3) unsigned NOT NULL default '1',
  `usemaximum` smallint(3) unsigned NOT NULL default '0',
  `assessmentcomps` smallint(3) unsigned NOT NULL default '2',
  `anonymous` smallint(3) unsigned NOT NULL default '1',
  `maxbytes` bigint(10) unsigned NOT NULL default '100000',
  `deadline` bigint(10) unsigned NOT NULL default '0',
  `timemodified` bigint(10) unsigned NOT NULL default '0',
  `grade` smallint(3) NOT NULL default '0',
  `gradinggrade` smallint(3) NOT NULL default '0',
  `showleaguetable` smallint(3) unsigned NOT NULL default '0',
  `usepassword` smallint(3) unsigned NOT NULL default '0',
  `password` varchar(32) NOT NULL default '',
  PRIMARY KEY  (`id`),
  KEY `exer_cou_ix` (`course`)
) ENGINE=MyISAM DEFAULT CHARSET=utf8 COMMENT='Defines exercise';

--
-- Dumping data for table `exercise`
--


--
-- Table structure for table `exercise_assessments`
--

CREATE TABLE `exercise_assessments` (
  `id` bigint(10) unsigned NOT NULL auto_increment,
  `exerciseid` bigint(10) unsigned NOT NULL default '0',
  `submissionid` bigint(10) unsigned NOT NULL default '0',
  `userid` bigint(10) unsigned NOT NULL default '0',
  `timecreated` bigint(10) unsigned NOT NULL default '0',
  `timegraded` bigint(10) unsigned NOT NULL default '0',
  `grade` double NOT NULL default '0',
  `gradinggrade` smallint(3) NOT NULL default '0',
  `mailed` tinyint(2) unsigned NOT NULL default '0',
  `generalcomment` text NOT NULL,
  `teachercomment` text NOT NULL,
  PRIMARY KEY  (`id`),
  KEY `exerasse_use_ix` (`userid`),
  KEY `exerasse_exe_ix` (`exerciseid`),
  KEY `exerasse_sub_ix` (`submissionid`)
) ENGINE=MyISAM DEFAULT CHARSET=utf8 COMMENT='Info about assessments by teacher and students';

--
-- Dumping data for table `exercise_assessments`
--


--
-- Table structure for table `exercise_elements`
--

CREATE TABLE `exercise_elements` (
  `id` bigint(10) unsigned NOT NULL auto_increment,
  `exerciseid` bigint(10) unsigned NOT NULL default '0',
  `elementno` smallint(3) unsigned NOT NULL default '0',
  `description` text NOT NULL,
  `scale` smallint(3) unsigned NOT NULL default '0',
  `maxscore` smallint(3) unsigned NOT NULL default '1',
  `weight` smallint(3) unsigned NOT NULL default '11',
  PRIMARY KEY  (`id`),
  KEY `exerelem_exe_ix` (`exerciseid`)
) ENGINE=MyISAM DEFAULT CHARSET=utf8 COMMENT='Info about marking scheme of assignment';

--
-- Dumping data for table `exercise_elements`
--


--
-- Table structure for table `exercise_grades`
--

CREATE TABLE `exercise_grades` (
  `id` bigint(10) unsigned NOT NULL auto_increment,
  `exerciseid` bigint(10) unsigned NOT NULL default '0',
  `assessmentid` bigint(10) unsigned NOT NULL default '0',
  `elementno` bigint(10) unsigned NOT NULL default '0',
  `feedback` text NOT NULL,
  `grade` smallint(3) NOT NULL default '0',
  PRIMARY KEY  (`id`),
  KEY `exergrad_exe_ix` (`exerciseid`),
  KEY `exergrad_ass_ix` (`assessmentid`)
) ENGINE=MyISAM DEFAULT CHARSET=utf8 COMMENT='Info about individual grades given to each element';

--
-- Dumping data for table `exercise_grades`
--


--
-- Table structure for table `exercise_rubrics`
--

CREATE TABLE `exercise_rubrics` (
  `id` bigint(10) unsigned NOT NULL auto_increment,
  `exerciseid` bigint(10) unsigned NOT NULL default '0',
  `elementno` bigint(10) unsigned NOT NULL default '0',
  `rubricno` smallint(3) unsigned NOT NULL default '0',
  `description` text NOT NULL,
  PRIMARY KEY  (`id`),
  KEY `exerrubr_exe_ix` (`exerciseid`)
) ENGINE=MyISAM DEFAULT CHARSET=utf8 COMMENT='Info about the rubrics marking scheme';

--
-- Dumping data for table `exercise_rubrics`
--


--
-- Table structure for table `exercise_submissions`
--

CREATE TABLE `exercise_submissions` (
  `id` bigint(10) unsigned NOT NULL auto_increment,
  `exerciseid` bigint(10) unsigned NOT NULL default '0',
  `userid` bigint(10) unsigned NOT NULL default '0',
  `title` varchar(100) NOT NULL default '',
  `timecreated` bigint(10) unsigned NOT NULL default '0',
  `resubmit` smallint(3) unsigned NOT NULL default '0',
  `mailed` smallint(3) unsigned NOT NULL default '0',
  `isexercise` smallint(3) unsigned NOT NULL default '0',
  `late` smallint(3) unsigned NOT NULL default '0',
  PRIMARY KEY  (`id`),
  KEY `exersubm_use_ix` (`userid`),
  KEY `exersubm_exe_ix` (`exerciseid`)
) ENGINE=MyISAM DEFAULT CHARSET=utf8 COMMENT='Info about submitted work from teacher and students';

--
-- Dumping data for table `exercise_submissions`
--


--
-- Table structure for table `forum`
--

CREATE TABLE `forum` (
  `id` bigint(10) unsigned NOT NULL auto_increment,
  `course` bigint(10) unsigned NOT NULL default '0',
  `type` enum('single','news','general','social','eachuser','teacher','qanda') NOT NULL default 'general',
  `name` varchar(255) NOT NULL default '',
  `intro` text NOT NULL,
  `assessed` bigint(10) unsigned NOT NULL default '0',
  `assesstimestart` bigint(10) unsigned NOT NULL default '0',
  `assesstimefinish` bigint(10) unsigned NOT NULL default '0',
  `scale` bigint(10) NOT NULL default '0',
  `maxbytes` bigint(10) unsigned NOT NULL default '0',
  `forcesubscribe` tinyint(1) unsigned NOT NULL default '0',
  `trackingtype` tinyint(2) unsigned NOT NULL default '1',
  `rsstype` tinyint(2) unsigned NOT NULL default '0',
  `rssarticles` tinyint(2) unsigned NOT NULL default '0',
  `timemodified` bigint(10) unsigned NOT NULL default '0',
  `warnafter` bigint(10) unsigned NOT NULL default '0',
  `blockafter` bigint(10) unsigned NOT NULL default '0',
  `blockperiod` bigint(10) unsigned NOT NULL default '0',
  PRIMARY KEY  (`id`),
  KEY `foru_cou_ix` (`course`)
) ENGINE=MyISAM AUTO_INCREMENT=4 DEFAULT CHARSET=utf8 COMMENT='Forums contain and structure discussion';

--
-- Dumping data for table `forum`
--

INSERT INTO `forum` VALUES (1,2,'news','News forum','General news and announcements',0,0,0,0,0,1,1,0,0,1192652612,0,0,0),(2,3,'news','News forum','General news and announcements',0,0,0,0,0,1,1,0,0,1192790125,0,0,0),(3,4,'news','News forum','General news and announcements',0,0,0,0,0,1,1,0,0,1192790260,0,0,0);

--
-- Table structure for table `forum_discussions`
--

CREATE TABLE `forum_discussions` (
  `id` bigint(10) unsigned NOT NULL auto_increment,
  `course` bigint(10) unsigned NOT NULL default '0',
  `forum` bigint(10) unsigned NOT NULL default '0',
  `name` varchar(255) NOT NULL default '',
  `firstpost` bigint(10) unsigned NOT NULL default '0',
  `userid` bigint(10) unsigned NOT NULL default '0',
  `groupid` bigint(10) NOT NULL default '-1',
  `assessed` tinyint(1) NOT NULL default '1',
  `timemodified` bigint(10) unsigned NOT NULL default '0',
  `usermodified` bigint(10) unsigned NOT NULL default '0',
  `timestart` bigint(10) unsigned NOT NULL default '0',
  `timeend` bigint(10) unsigned NOT NULL default '0',
  PRIMARY KEY  (`id`),
  KEY `forudisc_use_ix` (`userid`),
  KEY `forudisc_for_ix` (`forum`)
) ENGINE=MyISAM DEFAULT CHARSET=utf8 COMMENT='Forums are composed of discussions';

--
-- Dumping data for table `forum_discussions`
--


--
-- Table structure for table `forum_posts`
--

CREATE TABLE `forum_posts` (
  `id` bigint(10) unsigned NOT NULL auto_increment,
  `discussion` bigint(10) unsigned NOT NULL default '0',
  `parent` bigint(10) unsigned NOT NULL default '0',
  `userid` bigint(10) unsigned NOT NULL default '0',
  `created` bigint(10) unsigned NOT NULL default '0',
  `modified` bigint(10) unsigned NOT NULL default '0',
  `mailed` tinyint(2) unsigned NOT NULL default '0',
  `subject` varchar(255) NOT NULL default '',
  `message` text NOT NULL,
  `format` tinyint(2) NOT NULL default '0',
  `attachment` varchar(100) NOT NULL default '',
  `totalscore` smallint(4) NOT NULL default '0',
  `mailnow` bigint(10) unsigned NOT NULL default '0',
  PRIMARY KEY  (`id`),
  KEY `forupost_use_ix` (`userid`),
  KEY `forupost_cre_ix` (`created`),
  KEY `forupost_mai_ix` (`mailed`),
  KEY `forupost_dis_ix` (`discussion`),
  KEY `forupost_par_ix` (`parent`)
) ENGINE=MyISAM DEFAULT CHARSET=utf8 COMMENT='All posts are stored in this table';

--
-- Dumping data for table `forum_posts`
--


--
-- Table structure for table `forum_queue`
--

CREATE TABLE `forum_queue` (
  `id` bigint(10) unsigned NOT NULL auto_increment,
  `userid` bigint(10) unsigned NOT NULL default '0',
  `discussionid` bigint(10) unsigned NOT NULL default '0',
  `postid` bigint(10) unsigned NOT NULL default '0',
  PRIMARY KEY  (`id`),
  KEY `foruqueu_use_ix` (`userid`),
  KEY `foruqueu_dis_ix` (`discussionid`),
  KEY `foruqueu_pos_ix` (`postid`)
) ENGINE=MyISAM DEFAULT CHARSET=utf8 COMMENT='For keeping track of posts that will be mailed in digest for';

--
-- Dumping data for table `forum_queue`
--


--
-- Table structure for table `forum_ratings`
--

CREATE TABLE `forum_ratings` (
  `id` bigint(10) unsigned NOT NULL auto_increment,
  `userid` bigint(10) unsigned NOT NULL default '0',
  `post` bigint(10) unsigned NOT NULL default '0',
  `time` bigint(10) unsigned NOT NULL default '0',
  `rating` smallint(4) NOT NULL default '0',
  PRIMARY KEY  (`id`),
  KEY `forurati_use_ix` (`userid`),
  KEY `forurati_pos_ix` (`post`)
) ENGINE=MyISAM DEFAULT CHARSET=utf8 COMMENT='forum_ratings table retrofitted from MySQL';

--
-- Dumping data for table `forum_ratings`
--


--
-- Table structure for table `forum_read`
--

CREATE TABLE `forum_read` (
  `id` bigint(10) unsigned NOT NULL auto_increment,
  `userid` bigint(10) unsigned NOT NULL default '0',
  `forumid` bigint(10) unsigned NOT NULL default '0',
  `discussionid` bigint(10) unsigned NOT NULL default '0',
  `postid` bigint(10) unsigned NOT NULL default '0',
  `firstread` bigint(10) unsigned NOT NULL default '0',
  `lastread` bigint(10) unsigned NOT NULL default '0',
  PRIMARY KEY  (`id`),
  KEY `foruread_usefor_ix` (`userid`,`forumid`),
  KEY `foruread_usedis_ix` (`userid`,`discussionid`),
  KEY `foruread_usepos_ix` (`userid`,`postid`)
) ENGINE=MyISAM DEFAULT CHARSET=utf8 COMMENT='Tracks each users read posts';

--
-- Dumping data for table `forum_read`
--


--
-- Table structure for table `forum_subscriptions`
--

CREATE TABLE `forum_subscriptions` (
  `id` bigint(10) unsigned NOT NULL auto_increment,
  `userid` bigint(10) unsigned NOT NULL default '0',
  `forum` bigint(10) unsigned NOT NULL default '0',
  PRIMARY KEY  (`id`),
  KEY `forusubs_use_ix` (`userid`),
  KEY `forusubs_for_ix` (`forum`)
) ENGINE=MyISAM DEFAULT CHARSET=utf8 COMMENT='Keeps track of who is subscribed to what forum';

--
-- Dumping data for table `forum_subscriptions`
--


--
-- Table structure for table `forum_track_prefs`
--

CREATE TABLE `forum_track_prefs` (
  `id` bigint(10) unsigned NOT NULL auto_increment,
  `userid` bigint(10) unsigned NOT NULL default '0',
  `forumid` bigint(10) unsigned NOT NULL default '0',
  PRIMARY KEY  (`id`),
  KEY `forutracpref_usefor_ix` (`userid`,`forumid`)
) ENGINE=MyISAM DEFAULT CHARSET=utf8 COMMENT='Tracks each users untracked forums';

--
-- Dumping data for table `forum_track_prefs`
--


--
-- Table structure for table `glossary`
--

CREATE TABLE `glossary` (
  `id` bigint(10) unsigned NOT NULL auto_increment,
  `course` bigint(10) unsigned NOT NULL default '0',
  `name` varchar(255) NOT NULL default '',
  `intro` text NOT NULL,
  `allowduplicatedentries` tinyint(2) unsigned NOT NULL default '0',
  `displayformat` varchar(50) NOT NULL default 'dictionary',
  `mainglossary` tinyint(2) unsigned NOT NULL default '0',
  `showspecial` tinyint(2) unsigned NOT NULL default '1',
  `showalphabet` tinyint(2) unsigned NOT NULL default '1',
  `showall` tinyint(2) unsigned NOT NULL default '1',
  `allowcomments` tinyint(2) unsigned NOT NULL default '0',
  `allowprintview` tinyint(2) unsigned NOT NULL default '1',
  `usedynalink` tinyint(2) unsigned NOT NULL default '1',
  `defaultapproval` tinyint(2) unsigned NOT NULL default '1',
  `globalglossary` tinyint(2) unsigned NOT NULL default '0',
  `entbypage` smallint(3) unsigned NOT NULL default '10',
  `editalways` tinyint(2) unsigned NOT NULL default '0',
  `rsstype` tinyint(2) unsigned NOT NULL default '0',
  `rssarticles` tinyint(2) unsigned NOT NULL default '0',
  `assessed` bigint(10) unsigned NOT NULL default '0',
  `assesstimestart` bigint(10) unsigned NOT NULL default '0',
  `assesstimefinish` bigint(10) unsigned NOT NULL default '0',
  `scale` bigint(10) NOT NULL default '0',
  `timecreated` bigint(10) unsigned NOT NULL default '0',
  `timemodified` bigint(10) unsigned NOT NULL default '0',
  PRIMARY KEY  (`id`),
  KEY `glos_cou_ix` (`course`)
) ENGINE=MyISAM DEFAULT CHARSET=utf8 COMMENT='all glossaries';

--
-- Dumping data for table `glossary`
--


--
-- Table structure for table `glossary_alias`
--

CREATE TABLE `glossary_alias` (
  `id` bigint(10) unsigned NOT NULL auto_increment,
  `entryid` bigint(10) unsigned NOT NULL default '0',
  `alias` varchar(255) NOT NULL default '',
  PRIMARY KEY  (`id`),
  KEY `glosalia_ent_ix` (`entryid`)
) ENGINE=MyISAM DEFAULT CHARSET=utf8 COMMENT='entries alias';

--
-- Dumping data for table `glossary_alias`
--


--
-- Table structure for table `glossary_categories`
--

CREATE TABLE `glossary_categories` (
  `id` bigint(10) unsigned NOT NULL auto_increment,
  `glossaryid` bigint(10) unsigned NOT NULL default '0',
  `name` varchar(255) NOT NULL default '',
  `usedynalink` tinyint(2) unsigned NOT NULL default '1',
  PRIMARY KEY  (`id`),
  KEY `gloscate_glo_ix` (`glossaryid`)
) ENGINE=MyISAM DEFAULT CHARSET=utf8 COMMENT='all categories for glossary entries';

--
-- Dumping data for table `glossary_categories`
--


--
-- Table structure for table `glossary_comments`
--

CREATE TABLE `glossary_comments` (
  `id` bigint(10) unsigned NOT NULL auto_increment,
  `entryid` bigint(10) unsigned NOT NULL default '0',
  `userid` bigint(10) unsigned NOT NULL default '0',
  `entrycomment` text NOT NULL,
  `format` tinyint(2) unsigned NOT NULL default '0',
  `timemodified` bigint(10) unsigned NOT NULL default '0',
  PRIMARY KEY  (`id`),
  KEY `gloscomm_use_ix` (`userid`),
  KEY `gloscomm_ent_ix` (`entryid`)
) ENGINE=MyISAM DEFAULT CHARSET=utf8 COMMENT='comments on glossary entries';

--
-- Dumping data for table `glossary_comments`
--


--
-- Table structure for table `glossary_entries`
--

CREATE TABLE `glossary_entries` (
  `id` bigint(10) unsigned NOT NULL auto_increment,
  `glossaryid` bigint(10) unsigned NOT NULL default '0',
  `userid` bigint(10) unsigned NOT NULL default '0',
  `concept` varchar(255) NOT NULL default '',
  `definition` text NOT NULL,
  `format` tinyint(2) unsigned NOT NULL default '0',
  `attachment` varchar(100) NOT NULL default '',
  `timecreated` bigint(10) unsigned NOT NULL default '0',
  `timemodified` bigint(10) unsigned NOT NULL default '0',
  `teacherentry` tinyint(2) unsigned NOT NULL default '0',
  `sourceglossaryid` bigint(10) unsigned NOT NULL default '0',
  `usedynalink` tinyint(2) unsigned NOT NULL default '1',
  `casesensitive` tinyint(2) unsigned NOT NULL default '0',
  `fullmatch` tinyint(2) unsigned NOT NULL default '1',
  `approved` tinyint(2) unsigned NOT NULL default '1',
  PRIMARY KEY  (`id`),
  KEY `glosentr_use_ix` (`userid`),
  KEY `glosentr_con_ix` (`concept`),
  KEY `glosentr_glo_ix` (`glossaryid`)
) ENGINE=MyISAM DEFAULT CHARSET=utf8 COMMENT='all glossary entries';

--
-- Dumping data for table `glossary_entries`
--


--
-- Table structure for table `glossary_entries_categories`
--

CREATE TABLE `glossary_entries_categories` (
  `id` bigint(10) unsigned NOT NULL auto_increment,
  `categoryid` bigint(10) unsigned NOT NULL default '0',
  `entryid` bigint(10) unsigned NOT NULL default '0',
  PRIMARY KEY  (`id`),
  KEY `glosentrcate_cat_ix` (`categoryid`),
  KEY `glosentrcate_ent_ix` (`entryid`)
) ENGINE=MyISAM DEFAULT CHARSET=utf8 COMMENT='categories of each glossary entry';

--
-- Dumping data for table `glossary_entries_categories`
--


--
-- Table structure for table `glossary_formats`
--

CREATE TABLE `glossary_formats` (
  `id` bigint(10) unsigned NOT NULL auto_increment,
  `name` varchar(50) NOT NULL default '',
  `popupformatname` varchar(50) NOT NULL default '',
  `visible` tinyint(2) unsigned NOT NULL default '1',
  `showgroup` tinyint(2) unsigned NOT NULL default '1',
  `defaultmode` varchar(50) NOT NULL default '',
  `defaulthook` varchar(50) NOT NULL default '',
  `sortkey` varchar(50) NOT NULL default '',
  `sortorder` varchar(50) NOT NULL default '',
  PRIMARY KEY  (`id`)
) ENGINE=MyISAM DEFAULT CHARSET=utf8 COMMENT='Setting of the display formats';

--
-- Dumping data for table `glossary_formats`
--


--
-- Table structure for table `glossary_ratings`
--

CREATE TABLE `glossary_ratings` (
  `id` bigint(10) unsigned NOT NULL auto_increment,
  `userid` bigint(10) unsigned NOT NULL default '0',
  `entryid` bigint(10) unsigned NOT NULL default '0',
  `time` bigint(10) unsigned NOT NULL default '0',
  `rating` smallint(4) NOT NULL default '0',
  PRIMARY KEY  (`id`),
  KEY `glosrati_use_ix` (`userid`),
  KEY `glosrati_ent_ix` (`entryid`)
) ENGINE=MyISAM DEFAULT CHARSET=utf8 COMMENT='Contains user ratings for entries';

--
-- Dumping data for table `glossary_ratings`
--


--
-- Table structure for table `grade_category`
--

CREATE TABLE `grade_category` (
  `id` bigint(10) unsigned NOT NULL auto_increment,
  `name` varchar(64) NOT NULL default '',
  `courseid` bigint(10) unsigned NOT NULL default '0',
  `drop_x_lowest` bigint(10) unsigned NOT NULL default '0',
  `bonus_points` bigint(10) unsigned NOT NULL default '0',
  `hidden` bigint(10) unsigned NOT NULL default '0',
  `weight` decimal(5,2) NOT NULL default '0.00',
  PRIMARY KEY  (`id`),
  KEY `gradcate_cou_ix` (`courseid`)
) ENGINE=MyISAM DEFAULT CHARSET=utf8 COMMENT='to define categories to group activity grades';

--
-- Dumping data for table `grade_category`
--


--
-- Table structure for table `grade_exceptions`
--

CREATE TABLE `grade_exceptions` (
  `id` bigint(10) unsigned NOT NULL auto_increment,
  `courseid` bigint(10) unsigned NOT NULL default '0',
  `grade_itemid` bigint(10) unsigned NOT NULL default '0',
  `userid` bigint(10) unsigned NOT NULL default '0',
  PRIMARY KEY  (`id`),
  KEY `gradexce_cou_ix` (`courseid`)
) ENGINE=MyISAM DEFAULT CHARSET=utf8 COMMENT='individual grades to be skipped for certain students';

--
-- Dumping data for table `grade_exceptions`
--


--
-- Table structure for table `grade_item`
--

CREATE TABLE `grade_item` (
  `id` bigint(10) unsigned NOT NULL auto_increment,
  `courseid` bigint(10) unsigned NOT NULL default '0',
  `category` bigint(10) unsigned NOT NULL default '0',
  `modid` bigint(10) unsigned NOT NULL default '0',
  `cminstance` bigint(10) unsigned NOT NULL default '0',
  `scale_grade` double(11,10) NOT NULL default '1.0000000000',
  `extra_credit` bigint(10) unsigned NOT NULL default '0',
  `sort_order` bigint(10) unsigned NOT NULL default '0',
  PRIMARY KEY  (`id`),
  KEY `graditem_cou_ix` (`courseid`)
) ENGINE=MyISAM DEFAULT CHARSET=utf8 COMMENT='items to be graded';

--
-- Dumping data for table `grade_item`
--


--
-- Table structure for table `grade_letter`
--

CREATE TABLE `grade_letter` (
  `id` bigint(10) unsigned NOT NULL auto_increment,
  `courseid` bigint(10) unsigned NOT NULL default '0',
  `letter` varchar(8) NOT NULL default 'NA',
  `grade_high` decimal(5,2) NOT NULL default '100.00',
  `grade_low` decimal(5,2) NOT NULL default '0.00',
  PRIMARY KEY  (`id`),
  KEY `gradlett_cou_ix` (`courseid`)
) ENGINE=MyISAM DEFAULT CHARSET=utf8 COMMENT='to convert numerical grades to letter grades';

--
-- Dumping data for table `grade_letter`
--


--
-- Table structure for table `grade_preferences`
--

CREATE TABLE `grade_preferences` (
  `id` bigint(10) unsigned NOT NULL auto_increment,
  `courseid` bigint(10) unsigned NOT NULL default '0',
  `preference` bigint(10) NOT NULL default '0',
  `value` bigint(10) NOT NULL default '0',
  PRIMARY KEY  (`id`),
  UNIQUE KEY `gradpref_coupre_uix` (`courseid`,`preference`)
) ENGINE=MyISAM DEFAULT CHARSET=utf8 COMMENT='Preferences of the gradebook for each course';

--
-- Dumping data for table `grade_preferences`
--


--
-- Table structure for table `groups`
--

CREATE TABLE `groups` (
  `id` bigint(10) unsigned NOT NULL auto_increment,
  `name` varchar(254) NOT NULL default '',
  `description` text,
  `enrolmentkey` varchar(50) NOT NULL default '',
  `lang` varchar(30) NOT NULL default 'en',
  `theme` varchar(50) NOT NULL default '',
  `picture` bigint(10) unsigned NOT NULL default '0',
  `hidepicture` tinyint(1) unsigned NOT NULL default '0',
  `timecreated` bigint(10) unsigned NOT NULL default '0',
  `timemodified` bigint(10) unsigned NOT NULL default '0',
  PRIMARY KEY  (`id`)
) ENGINE=MyISAM DEFAULT CHARSET=utf8 COMMENT='Each record represents a group.';

--
-- Dumping data for table `groups`
--


--
-- Table structure for table `groups_courses_groupings`
--

CREATE TABLE `groups_courses_groupings` (
  `id` bigint(10) NOT NULL auto_increment,
  `courseid` bigint(10) unsigned NOT NULL default '0',
  `groupingid` bigint(10) unsigned NOT NULL,
  PRIMARY KEY  (`id`),
  UNIQUE KEY `groucourgrou_cougro2_uix` (`courseid`,`groupingid`),
  KEY `groucourgrou_cou2_ix` (`courseid`),
  KEY `groucourgrou_gro2_ix` (`groupingid`)
) ENGINE=MyISAM DEFAULT CHARSET=utf8 COMMENT='Link a grouping to a course (or the site).';

--
-- Dumping data for table `groups_courses_groupings`
--


--
-- Table structure for table `groups_courses_groups`
--

CREATE TABLE `groups_courses_groups` (
  `id` bigint(10) NOT NULL auto_increment,
  `courseid` bigint(10) unsigned NOT NULL default '0',
  `groupid` bigint(10) unsigned NOT NULL,
  PRIMARY KEY  (`id`),
  UNIQUE KEY `groucourgrou_cougro_uix` (`courseid`,`groupid`),
  KEY `groucourgrou_cou_ix` (`courseid`),
  KEY `groucourgrou_gro_ix` (`groupid`)
) ENGINE=MyISAM DEFAULT CHARSET=utf8 COMMENT='Link a group to a course (or the site).';

--
-- Dumping data for table `groups_courses_groups`
--


--
-- Table structure for table `groups_groupings`
--

CREATE TABLE `groups_groupings` (
  `id` bigint(10) NOT NULL auto_increment,
  `name` varchar(255) NOT NULL default '',
  `description` text,
  `timecreated` bigint(10) unsigned NOT NULL default '0',
  `viewowngroup` tinyint(1) unsigned NOT NULL default '1',
  `viewallgroupsmembers` tinyint(1) unsigned NOT NULL default '0',
  `viewallgroupsactivities` tinyint(1) unsigned NOT NULL default '0',
  `teachersgroupmark` tinyint(1) unsigned NOT NULL default '0',
  `teachersgroupview` tinyint(1) unsigned NOT NULL default '0',
  `teachersoverride` tinyint(1) unsigned NOT NULL default '0',
  `teacherdeletable` tinyint(1) unsigned NOT NULL default '0',
  PRIMARY KEY  (`id`)
) ENGINE=MyISAM DEFAULT CHARSET=utf8 COMMENT='A grouping is a collection of groups.';

--
-- Dumping data for table `groups_groupings`
--


--
-- Table structure for table `groups_groupings_groups`
--

CREATE TABLE `groups_groupings_groups` (
  `id` bigint(10) NOT NULL auto_increment,
  `groupingid` bigint(10) unsigned NOT NULL default '0',
  `groupid` bigint(10) unsigned NOT NULL,
  `timeadded` bigint(10) unsigned NOT NULL default '0',
  PRIMARY KEY  (`id`),
  UNIQUE KEY `grougrougrou_grogro_uix` (`groupingid`,`groupid`),
  KEY `grougrougrou_gro_ix` (`groupingid`),
  KEY `grougrougrou_gro2_ix` (`groupid`)
) ENGINE=MyISAM DEFAULT CHARSET=utf8 COMMENT='Link a group to a grouping.';

--
-- Dumping data for table `groups_groupings_groups`
--


--
-- Table structure for table `groups_members`
--

CREATE TABLE `groups_members` (
  `id` bigint(10) unsigned NOT NULL auto_increment,
  `groupid` bigint(10) unsigned NOT NULL default '0',
  `userid` bigint(10) unsigned NOT NULL default '0',
  `timeadded` bigint(10) unsigned NOT NULL default '0',
  PRIMARY KEY  (`id`),
  UNIQUE KEY `groumemb_grouse_uix` (`groupid`,`userid`),
  KEY `groumemb_gro_ix` (`groupid`),
  KEY `groumemb_use_ix` (`userid`)
) ENGINE=MyISAM DEFAULT CHARSET=utf8 COMMENT='Link a user to a group.';

--
-- Dumping data for table `groups_members`
--


--
-- Table structure for table `hotpot`
--

CREATE TABLE `hotpot` (
  `id` bigint(10) unsigned NOT NULL auto_increment,
  `course` bigint(10) unsigned NOT NULL default '0',
  `name` varchar(255) NOT NULL default '',
  `summary` text NOT NULL,
  `timeopen` bigint(10) unsigned NOT NULL default '0',
  `timeclose` bigint(10) unsigned NOT NULL default '0',
  `location` smallint(4) unsigned NOT NULL default '0',
  `reference` varchar(255) NOT NULL default '',
  `outputformat` smallint(4) unsigned NOT NULL default '1',
  `navigation` smallint(4) unsigned NOT NULL default '1',
  `studentfeedback` smallint(4) unsigned NOT NULL default '0',
  `studentfeedbackurl` varchar(255) NOT NULL default '',
  `forceplugins` smallint(4) unsigned NOT NULL default '0',
  `shownextquiz` smallint(4) unsigned NOT NULL default '0',
  `review` smallint(4) NOT NULL default '0',
  `grade` bigint(10) NOT NULL default '0',
  `grademethod` smallint(4) NOT NULL default '1',
  `attempts` mediumint(6) NOT NULL default '0',
  `password` varchar(255) NOT NULL default '',
  `subnet` varchar(255) NOT NULL default '',
  `clickreporting` smallint(4) unsigned NOT NULL default '0',
  `timecreated` bigint(10) unsigned NOT NULL default '0',
  `timemodified` bigint(10) unsigned NOT NULL default '0',
  PRIMARY KEY  (`id`)
) ENGINE=MyISAM DEFAULT CHARSET=utf8 COMMENT='details about Hot Potatoes quizzes';

--
-- Dumping data for table `hotpot`
--


--
-- Table structure for table `hotpot_attempts`
--

CREATE TABLE `hotpot_attempts` (
  `id` bigint(10) unsigned NOT NULL auto_increment,
  `hotpot` bigint(10) unsigned NOT NULL default '0',
  `userid` bigint(10) unsigned NOT NULL default '0',
  `starttime` bigint(10) unsigned NOT NULL default '0',
  `endtime` bigint(10) unsigned NOT NULL default '0',
  `score` mediumint(6) unsigned NOT NULL default '0',
  `penalties` mediumint(6) unsigned NOT NULL default '0',
  `attempt` mediumint(6) unsigned NOT NULL default '0',
  `timestart` bigint(10) unsigned NOT NULL default '0',
  `timefinish` bigint(10) unsigned NOT NULL default '0',
  `status` smallint(4) unsigned NOT NULL default '1',
  `clickreportid` bigint(10) unsigned NOT NULL default '0',
  PRIMARY KEY  (`id`),
  KEY `hotpatte_use_ix` (`userid`),
  KEY `hotpatte_hot_ix` (`hotpot`)
) ENGINE=MyISAM DEFAULT CHARSET=utf8 COMMENT='details about Hot Potatoes quiz attempts';

--
-- Dumping data for table `hotpot_attempts`
--


--
-- Table structure for table `hotpot_details`
--

CREATE TABLE `hotpot_details` (
  `id` bigint(10) unsigned NOT NULL auto_increment,
  `attempt` bigint(10) unsigned NOT NULL default '0',
  `details` text,
  PRIMARY KEY  (`id`),
  KEY `hotpdeta_att_ix` (`attempt`)
) ENGINE=MyISAM DEFAULT CHARSET=utf8 COMMENT='raw details (as XML) of Hot Potatoes quiz attempts';

--
-- Dumping data for table `hotpot_details`
--


--
-- Table structure for table `hotpot_questions`
--

CREATE TABLE `hotpot_questions` (
  `id` bigint(10) unsigned NOT NULL auto_increment,
  `name` text NOT NULL,
  `type` smallint(4) unsigned NOT NULL default '0',
  `text` bigint(10) unsigned NOT NULL default '0',
  `hotpot` bigint(10) unsigned NOT NULL default '0',
  `md5key` varchar(32) NOT NULL default '',
  PRIMARY KEY  (`id`),
  KEY `hotpques_md5_ix` (`md5key`),
  KEY `hotpques_hot_ix` (`hotpot`)
) ENGINE=MyISAM DEFAULT CHARSET=utf8 COMMENT='details about questions in Hot Potatoes quiz attempts';

--
-- Dumping data for table `hotpot_questions`
--


--
-- Table structure for table `hotpot_responses`
--

CREATE TABLE `hotpot_responses` (
  `id` bigint(10) unsigned NOT NULL auto_increment,
  `attempt` bigint(10) unsigned NOT NULL default '0',
  `question` bigint(10) unsigned NOT NULL default '0',
  `score` mediumint(6) NOT NULL default '0',
  `weighting` mediumint(6) NOT NULL default '0',
  `correct` varchar(255) NOT NULL default '',
  `wrong` varchar(255) NOT NULL default '',
  `ignored` varchar(255) NOT NULL default '',
  `hints` mediumint(6) unsigned NOT NULL default '0',
  `clues` mediumint(6) unsigned NOT NULL default '0',
  `checks` mediumint(6) unsigned NOT NULL default '0',
  PRIMARY KEY  (`id`),
  KEY `hotpresp_att_ix` (`attempt`),
  KEY `hotpresp_que_ix` (`question`)
) ENGINE=MyISAM DEFAULT CHARSET=utf8 COMMENT='details about responses in Hot Potatoes quiz attempts';

--
-- Dumping data for table `hotpot_responses`
--


--
-- Table structure for table `hotpot_strings`
--

CREATE TABLE `hotpot_strings` (
  `id` bigint(10) unsigned NOT NULL auto_increment,
  `string` text NOT NULL,
  `md5key` varchar(32) NOT NULL default '',
  PRIMARY KEY  (`id`),
  KEY `hotpstri_md5_ix` (`md5key`)
) ENGINE=MyISAM DEFAULT CHARSET=utf8 COMMENT='strings used in Hot Potatoes questions and responses';

--
-- Dumping data for table `hotpot_strings`
--


--
-- Table structure for table `journal`
--

CREATE TABLE `journal` (
  `id` bigint(10) unsigned NOT NULL auto_increment,
  `course` bigint(10) unsigned NOT NULL default '0',
  `name` varchar(255) NOT NULL default '',
  `intro` text NOT NULL,
  `introformat` tinyint(2) NOT NULL default '0',
  `days` mediumint(5) unsigned NOT NULL default '7',
  `assessed` bigint(10) NOT NULL default '0',
  `timemodified` bigint(10) unsigned NOT NULL default '0',
  PRIMARY KEY  (`id`),
  KEY `jour_cou_ix` (`course`)
) ENGINE=MyISAM DEFAULT CHARSET=utf8 COMMENT='data for each journal';

--
-- Dumping data for table `journal`
--


--
-- Table structure for table `journal_entries`
--

CREATE TABLE `journal_entries` (
  `id` bigint(10) unsigned NOT NULL auto_increment,
  `journal` bigint(10) unsigned NOT NULL default '0',
  `userid` bigint(10) unsigned NOT NULL default '0',
  `modified` bigint(10) unsigned NOT NULL default '0',
  `text` text NOT NULL,
  `format` tinyint(2) NOT NULL default '0',
  `rating` bigint(10) default '0',
  `entrycomment` text,
  `teacher` bigint(10) unsigned NOT NULL default '0',
  `timemarked` bigint(10) unsigned NOT NULL default '0',
  `mailed` tinyint(1) unsigned NOT NULL default '0',
  PRIMARY KEY  (`id`),
  KEY `jourentr_use_ix` (`userid`),
  KEY `jourentr_jou_ix` (`journal`)
) ENGINE=MyISAM DEFAULT CHARSET=utf8 COMMENT='All the journal entries of all people';

--
-- Dumping data for table `journal_entries`
--


--
-- Table structure for table `label`
--

CREATE TABLE `label` (
  `id` bigint(10) unsigned NOT NULL auto_increment,
  `course` bigint(10) unsigned NOT NULL default '0',
  `name` varchar(255) NOT NULL default '',
  `content` text NOT NULL,
  `timemodified` bigint(10) unsigned NOT NULL default '0',
  PRIMARY KEY  (`id`),
  KEY `labe_cou_ix` (`course`)
) ENGINE=MyISAM DEFAULT CHARSET=utf8 COMMENT='Defines labels';

--
-- Dumping data for table `label`
--


--
-- Table structure for table `lams`
--

CREATE TABLE `lams` (
  `id` bigint(10) unsigned NOT NULL auto_increment,
  `course` bigint(10) unsigned NOT NULL default '0',
  `name` varchar(255) NOT NULL default '',
  `introduction` text NOT NULL,
  `learning_session_id` bigint(20) default '0',
  `timemodified` bigint(10) unsigned NOT NULL default '0',
  PRIMARY KEY  (`id`),
  KEY `lams_cou_ix` (`course`)
) ENGINE=MyISAM DEFAULT CHARSET=utf8 COMMENT='LAMS activity';

--
-- Dumping data for table `lams`
--


--
-- Table structure for table `lesson`
--

CREATE TABLE `lesson` (
  `id` bigint(10) unsigned NOT NULL auto_increment,
  `course` bigint(10) unsigned NOT NULL default '0',
  `name` varchar(255) NOT NULL default '',
  `practice` smallint(3) unsigned NOT NULL default '0',
  `modattempts` smallint(3) unsigned NOT NULL default '0',
  `usepassword` smallint(3) unsigned NOT NULL default '0',
  `password` varchar(32) NOT NULL default '',
  `dependency` bigint(10) unsigned NOT NULL default '0',
  `conditions` text NOT NULL,
  `grade` smallint(3) NOT NULL default '0',
  `custom` smallint(3) unsigned NOT NULL default '0',
  `ongoing` smallint(3) unsigned NOT NULL default '0',
  `usemaxgrade` smallint(3) NOT NULL default '0',
  `maxanswers` smallint(3) unsigned NOT NULL default '4',
  `maxattempts` smallint(3) unsigned NOT NULL default '5',
  `review` smallint(3) unsigned NOT NULL default '0',
  `nextpagedefault` smallint(3) unsigned NOT NULL default '0',
  `feedback` smallint(3) unsigned NOT NULL default '1',
  `minquestions` smallint(3) unsigned NOT NULL default '0',
  `maxpages` smallint(3) unsigned NOT NULL default '0',
  `timed` smallint(3) unsigned NOT NULL default '0',
  `maxtime` bigint(10) unsigned NOT NULL default '0',
  `retake` smallint(3) unsigned NOT NULL default '1',
  `activitylink` bigint(10) unsigned NOT NULL default '0',
  `mediafile` varchar(255) NOT NULL default '',
  `mediaheight` bigint(10) unsigned NOT NULL default '100',
  `mediawidth` bigint(10) unsigned NOT NULL default '650',
  `mediaclose` smallint(3) unsigned NOT NULL default '0',
  `slideshow` smallint(3) unsigned NOT NULL default '0',
  `width` bigint(10) unsigned NOT NULL default '640',
  `height` bigint(10) unsigned NOT NULL default '480',
  `bgcolor` varchar(7) NOT NULL default '#FFFFFF',
  `displayleft` smallint(3) unsigned NOT NULL default '0',
  `displayleftif` smallint(3) unsigned NOT NULL default '0',
  `progressbar` smallint(3) unsigned NOT NULL default '0',
  `highscores` smallint(3) unsigned NOT NULL default '0',
  `maxhighscores` bigint(10) unsigned NOT NULL default '0',
  `available` bigint(10) unsigned NOT NULL default '0',
  `deadline` bigint(10) unsigned NOT NULL default '0',
  `timemodified` bigint(10) unsigned NOT NULL default '0',
  PRIMARY KEY  (`id`),
  KEY `less_cou_ix` (`course`)
) ENGINE=MyISAM DEFAULT CHARSET=utf8 COMMENT='Defines lesson';

--
-- Dumping data for table `lesson`
--


--
-- Table structure for table `lesson_answers`
--

CREATE TABLE `lesson_answers` (
  `id` bigint(10) unsigned NOT NULL auto_increment,
  `lessonid` bigint(10) unsigned NOT NULL default '0',
  `pageid` bigint(10) unsigned NOT NULL default '0',
  `jumpto` bigint(11) NOT NULL default '0',
  `grade` smallint(3) unsigned NOT NULL default '0',
  `score` bigint(10) NOT NULL default '0',
  `flags` smallint(3) unsigned NOT NULL default '0',
  `timecreated` bigint(10) unsigned NOT NULL default '0',
  `timemodified` bigint(10) unsigned NOT NULL default '0',
  `answer` text,
  `response` text,
  PRIMARY KEY  (`id`),
  KEY `lessansw_les_ix` (`lessonid`),
  KEY `lessansw_pag_ix` (`pageid`)
) ENGINE=MyISAM DEFAULT CHARSET=utf8 COMMENT='Defines lesson_answers';

--
-- Dumping data for table `lesson_answers`
--


--
-- Table structure for table `lesson_attempts`
--

CREATE TABLE `lesson_attempts` (
  `id` bigint(10) unsigned NOT NULL auto_increment,
  `lessonid` bigint(10) unsigned NOT NULL default '0',
  `pageid` bigint(10) unsigned NOT NULL default '0',
  `userid` bigint(10) unsigned NOT NULL default '0',
  `answerid` bigint(10) unsigned NOT NULL default '0',
  `retry` smallint(3) unsigned NOT NULL default '0',
  `correct` bigint(10) unsigned NOT NULL default '0',
  `useranswer` text,
  `timeseen` bigint(10) unsigned NOT NULL default '0',
  PRIMARY KEY  (`id`),
  KEY `lessatte_use_ix` (`userid`),
  KEY `lessatte_les_ix` (`lessonid`),
  KEY `lessatte_pag_ix` (`pageid`),
  KEY `lessatte_ans_ix` (`answerid`)
) ENGINE=MyISAM DEFAULT CHARSET=utf8 COMMENT='Defines lesson_attempts';

--
-- Dumping data for table `lesson_attempts`
--


--
-- Table structure for table `lesson_branch`
--

CREATE TABLE `lesson_branch` (
  `id` bigint(10) unsigned NOT NULL auto_increment,
  `lessonid` bigint(10) unsigned NOT NULL default '0',
  `userid` bigint(10) unsigned NOT NULL default '0',
  `pageid` bigint(10) unsigned NOT NULL default '0',
  `retry` bigint(10) unsigned NOT NULL default '0',
  `flag` smallint(3) unsigned NOT NULL default '0',
  `timeseen` bigint(10) unsigned NOT NULL default '0',
  PRIMARY KEY  (`id`),
  KEY `lessbran_use_ix` (`userid`),
  KEY `lessbran_les_ix` (`lessonid`),
  KEY `lessbran_pag_ix` (`pageid`)
) ENGINE=MyISAM DEFAULT CHARSET=utf8 COMMENT='branches for each lesson/user';

--
-- Dumping data for table `lesson_branch`
--


--
-- Table structure for table `lesson_default`
--

CREATE TABLE `lesson_default` (
  `id` bigint(10) unsigned NOT NULL auto_increment,
  `course` bigint(10) unsigned NOT NULL default '0',
  `practice` smallint(3) unsigned NOT NULL default '0',
  `modattempts` smallint(3) unsigned NOT NULL default '0',
  `usepassword` smallint(3) unsigned NOT NULL default '0',
  `password` varchar(32) NOT NULL default '',
  `conditions` text NOT NULL,
  `grade` smallint(3) NOT NULL default '0',
  `custom` smallint(3) unsigned NOT NULL default '0',
  `ongoing` smallint(3) unsigned NOT NULL default '0',
  `usemaxgrade` smallint(3) unsigned NOT NULL default '0',
  `maxanswers` smallint(3) unsigned NOT NULL default '4',
  `maxattempts` smallint(3) unsigned NOT NULL default '5',
  `review` smallint(3) unsigned NOT NULL default '0',
  `nextpagedefault` smallint(3) unsigned NOT NULL default '0',
  `feedback` smallint(3) unsigned NOT NULL default '1',
  `minquestions` smallint(3) unsigned NOT NULL default '0',
  `maxpages` smallint(3) unsigned NOT NULL default '0',
  `timed` smallint(3) unsigned NOT NULL default '0',
  `maxtime` bigint(10) unsigned NOT NULL default '0',
  `retake` smallint(3) unsigned NOT NULL default '1',
  `mediaheight` bigint(10) unsigned NOT NULL default '100',
  `mediawidth` bigint(10) unsigned NOT NULL default '650',
  `mediaclose` smallint(3) unsigned NOT NULL default '0',
  `slideshow` smallint(3) unsigned NOT NULL default '0',
  `width` bigint(10) unsigned NOT NULL default '640',
  `height` bigint(10) unsigned NOT NULL default '480',
  `bgcolor` varchar(7) default '#FFFFFF',
  `displayleft` smallint(3) unsigned NOT NULL default '0',
  `displayleftif` smallint(3) unsigned NOT NULL default '0',
  `progressbar` smallint(3) unsigned NOT NULL default '0',
  `highscores` smallint(3) unsigned NOT NULL default '0',
  `maxhighscores` bigint(10) NOT NULL default '0',
  PRIMARY KEY  (`id`)
) ENGINE=MyISAM DEFAULT CHARSET=utf8 COMMENT='Defines lesson_default';

--
-- Dumping data for table `lesson_default`
--


--
-- Table structure for table `lesson_grades`
--

CREATE TABLE `lesson_grades` (
  `id` bigint(10) unsigned NOT NULL auto_increment,
  `lessonid` bigint(10) unsigned NOT NULL default '0',
  `userid` bigint(10) unsigned NOT NULL default '0',
  `grade` double unsigned NOT NULL default '0',
  `late` smallint(3) unsigned NOT NULL default '0',
  `completed` bigint(10) unsigned NOT NULL default '0',
  PRIMARY KEY  (`id`),
  KEY `lessgrad_use_ix` (`userid`),
  KEY `lessgrad_les_ix` (`lessonid`)
) ENGINE=MyISAM DEFAULT CHARSET=utf8 COMMENT='Defines lesson_grades';

--
-- Dumping data for table `lesson_grades`
--


--
-- Table structure for table `lesson_high_scores`
--

CREATE TABLE `lesson_high_scores` (
  `id` bigint(10) unsigned NOT NULL auto_increment,
  `lessonid` bigint(10) unsigned NOT NULL default '0',
  `userid` bigint(10) unsigned NOT NULL default '0',
  `gradeid` bigint(10) unsigned NOT NULL default '0',
  `nickname` varchar(5) NOT NULL default '',
  PRIMARY KEY  (`id`),
  KEY `lesshighscor_use_ix` (`userid`),
  KEY `lesshighscor_les_ix` (`lessonid`)
) ENGINE=MyISAM DEFAULT CHARSET=utf8 COMMENT='high scores for each lesson';

--
-- Dumping data for table `lesson_high_scores`
--


--
-- Table structure for table `lesson_pages`
--

CREATE TABLE `lesson_pages` (
  `id` bigint(10) unsigned NOT NULL auto_increment,
  `lessonid` bigint(10) unsigned NOT NULL default '0',
  `prevpageid` bigint(10) unsigned NOT NULL default '0',
  `nextpageid` bigint(10) unsigned NOT NULL default '0',
  `qtype` smallint(3) unsigned NOT NULL default '0',
  `qoption` smallint(3) unsigned NOT NULL default '0',
  `layout` smallint(3) unsigned NOT NULL default '1',
  `display` smallint(3) unsigned NOT NULL default '1',
  `timecreated` bigint(10) unsigned NOT NULL default '0',
  `timemodified` bigint(10) unsigned NOT NULL default '0',
  `title` varchar(255) NOT NULL default '',
  `contents` text NOT NULL,
  PRIMARY KEY  (`id`),
  KEY `lesspage_les_ix` (`lessonid`)
) ENGINE=MyISAM DEFAULT CHARSET=utf8 COMMENT='Defines lesson_pages';

--
-- Dumping data for table `lesson_pages`
--


--
-- Table structure for table `lesson_timer`
--

CREATE TABLE `lesson_timer` (
  `id` bigint(10) unsigned NOT NULL auto_increment,
  `lessonid` bigint(10) unsigned NOT NULL default '0',
  `userid` bigint(10) unsigned NOT NULL default '0',
  `starttime` bigint(10) unsigned NOT NULL default '0',
  `lessontime` bigint(10) unsigned NOT NULL default '0',
  PRIMARY KEY  (`id`),
  KEY `lesstime_use_ix` (`userid`),
  KEY `lesstime_les_ix` (`lessonid`)
) ENGINE=MyISAM DEFAULT CHARSET=utf8 COMMENT='lesson timer for each lesson';

--
-- Dumping data for table `lesson_timer`
--


--
-- Table structure for table `log`
--

CREATE TABLE `log` (
  `id` bigint(10) unsigned NOT NULL auto_increment,
  `time` bigint(10) unsigned NOT NULL default '0',
  `userid` bigint(10) unsigned NOT NULL default '0',
  `ip` varchar(15) NOT NULL default '',
  `course` bigint(10) unsigned NOT NULL default '0',
  `module` varchar(20) NOT NULL default '',
  `cmid` bigint(10) unsigned NOT NULL default '0',
  `action` varchar(40) NOT NULL default '',
  `url` varchar(100) NOT NULL default '',
  `info` varchar(255) NOT NULL default '',
  PRIMARY KEY  (`id`),
  KEY `log_timcoumodact_ix` (`time`,`course`,`module`,`action`),
  KEY `log_coumodact_ix` (`course`,`module`,`action`),
  KEY `log_couuse_ix` (`course`,`userid`),
  KEY `log_use_ix` (`userid`),
  KEY `log_inf_ix` (`info`)
) ENGINE=MyISAM AUTO_INCREMENT=59 DEFAULT CHARSET=utf8 COMMENT='Every action is logged as far as possible';

--
-- Dumping data for table `log`
--

INSERT INTO `log` VALUES (1,1192652222,2,'82.153.30.29',1,'user',0,'update','view.php?id=2&course=1',' '),(2,1192652313,2,'82.153.30.29',1,'course',0,'view','view.php?id=1','1'),(3,1192652339,2,'82.153.30.29',1,'course',0,'new','view.php?id=2','Demo Course (ID 2)'),(4,1192652391,2,'82.153.30.29',1,'course',0,'view','view.php?id=1','1'),(5,1192652608,2,'82.153.30.29',1,'course',0,'view','view.php?id=1','1'),(6,1192652612,2,'82.153.30.29',2,'course',0,'view','view.php?id=2','2'),(7,1192652631,2,'82.153.30.29',2,'course',0,'update','edit.php?id=2','2'),(8,1192652632,2,'82.153.30.29',2,'course',0,'view','view.php?id=2','2'),(9,1192652645,2,'82.153.30.29',1,'course',0,'view','view.php?id=1','1'),(10,1192653064,2,'82.153.30.29',1,'course',0,'view','view.php?id=1','1'),(11,1192653209,2,'82.153.30.29',1,'course',0,'view','view.php?id=1','1'),(12,1192653212,2,'82.153.30.29',2,'course',0,'view','view.php?id=2','2'),(13,1192653527,0,'82.153.30.29',0,'login',0,'error','index.php','danp'),(14,1192653534,0,'82.153.30.29',0,'login',0,'error','index.php','admin'),(15,1192653541,2,'82.153.30.29',1,'user',0,'login','view.php?id=2&course=1','2'),(16,1192653541,2,'82.153.30.29',1,'course',0,'view','view.php?id=1','1'),(17,1192653592,2,'82.153.30.29',1,'course',0,'view','view.php?id=1','1'),(18,1192653594,2,'82.153.30.29',2,'course',0,'view','view.php?id=2','2'),(19,1192653657,2,'82.153.30.29',1,'course',0,'view','view.php?id=1','1'),(20,1192653716,2,'82.153.30.29',1,'course',0,'view','view.php?id=1','1'),(21,1192653866,2,'82.153.30.29',1,'course',0,'view','view.php?id=1','1'),(22,1192653985,2,'82.153.30.29',1,'course',0,'view','view.php?id=1','1'),(23,1192653987,2,'82.153.30.29',2,'course',0,'view','view.php?id=2','2'),(24,1192657219,2,'82.153.30.29',1,'user',0,'login','view.php?id=2&course=1','2'),(25,1192657219,2,'82.153.30.29',1,'course',0,'view','view.php?id=1','1'),(26,1192657244,2,'82.153.30.29',1,'course',0,'view','view.php?id=1','1'),(27,1192657465,2,'82.153.30.29',1,'course',0,'view','view.php?id=1','1'),(28,1192657467,2,'82.153.30.29',2,'course',0,'view','view.php?id=2','2'),(29,1192704087,2,'127.0.1.1',1,'user',0,'login','view.php?id=2&course=1','2'),(30,1192704087,2,'127.0.1.1',1,'course',0,'view','view.php?id=1','1'),(31,1192705832,2,'127.0.1.1',1,'course',0,'view','view.php?id=1','1'),(32,1192705834,2,'127.0.1.1',2,'course',0,'view','view.php?id=2','2'),(33,1192790083,2,'127.0.1.1',1,'user',0,'login','view.php?id=2&course=1','2'),(34,1192790083,2,'127.0.1.1',1,'course',0,'view','view.php?id=1','1'),(35,1192790121,2,'127.0.1.1',1,'course',0,'new','view.php?id=3','Course Fullname 101 (ID 3)'),(36,1192790125,2,'127.0.1.1',3,'course',0,'view','view.php?id=3','3'),(37,1192790127,2,'127.0.1.1',1,'course',0,'view','view.php?id=1','1'),(38,1192790130,2,'127.0.1.1',2,'course',0,'view','view.php?id=2','2'),(39,1192790138,2,'127.0.1.1',2,'course',0,'update','edit.php?id=2','2'),(40,1192790139,2,'127.0.1.1',2,'course',0,'view','view.php?id=2','2'),(41,1192790141,2,'127.0.1.1',1,'course',0,'view','view.php?id=1','1'),(42,1192790160,2,'127.0.1.1',1,'course',0,'view','view.php?id=1','1'),(43,1192790162,2,'127.0.1.1',2,'course',0,'view','view.php?id=2','2'),(44,1192790165,2,'127.0.1.1',1,'course',0,'view','view.php?id=1','1'),(45,1192790187,2,'127.0.1.1',3,'course',0,'update','edit.php?id=3','3'),(46,1192790187,2,'127.0.1.1',3,'course',0,'view','view.php?id=3','3'),(47,1192790189,2,'127.0.1.1',1,'course',0,'view','view.php?id=1','1'),(48,1192790208,2,'127.0.1.1',1,'course',0,'view','view.php?id=1','1'),(49,1192790256,2,'127.0.1.1',1,'course',0,'new','view.php?id=4','Course Fullname 101 (ID 4)'),(50,1192790260,2,'127.0.1.1',4,'course',0,'view','view.php?id=4','4'),(51,1192790261,2,'127.0.1.1',1,'course',0,'view','view.php?id=1','1'),(52,1192790293,2,'127.0.1.1',1,'user',0,'logout','view.php?id=2&course=1','2'),(53,1192790990,2,'127.0.1.1',1,'course',0,'view','view.php?id=1','1'),(54,1192791035,2,'127.0.1.1',1,'user',0,'view','view.php?id=2&course=1','2'),(55,1192791048,2,'127.0.1.1',1,'user',0,'update','view.php?id=2&course=1',' '),(56,1192791048,2,'127.0.1.1',1,'user',0,'view','view.php?id=2&course=1','2'),(57,1192791051,2,'127.0.1.1',1,'course',0,'view','view.php?id=1','1'),(58,1192791057,2,'127.0.1.1',1,'user',0,'logout','view.php?id=2&course=1','2');

--
-- Table structure for table `log_display`
--

CREATE TABLE `log_display` (
  `id` bigint(10) unsigned NOT NULL auto_increment,
  `module` varchar(20) NOT NULL default '',
  `action` varchar(40) NOT NULL default '',
  `mtable` varchar(30) NOT NULL default '',
  `field` varchar(200) NOT NULL default '',
  PRIMARY KEY  (`id`),
  UNIQUE KEY `logdisp_modact_uix` (`module`,`action`)
) ENGINE=MyISAM AUTO_INCREMENT=116 DEFAULT CHARSET=utf8 COMMENT='For a particular module/action, specifies a moodle table/fie';

--
-- Dumping data for table `log_display`
--

INSERT INTO `log_display` VALUES (1,'user','view','user','CONCAT(firstname,\' \',lastname)'),(2,'course','user report','user','CONCAT(firstname,\' \',lastname)'),(3,'course','view','course','fullname'),(4,'course','update','course','fullname'),(5,'course','enrol','course','fullname'),(6,'course','report log','course','fullname'),(7,'course','report live','course','fullname'),(8,'course','report outline','course','fullname'),(9,'course','report participation','course','fullname'),(10,'course','report stats','course','fullname'),(11,'message','write','user','CONCAT(firstname,\' \',lastname)'),(12,'message','read','user','CONCAT(firstname,\' \',lastname)'),(13,'message','add contact','user','CONCAT(firstname,\' \',lastname)'),(14,'message','remove contact','user','CONCAT(firstname,\' \',lastname)'),(15,'message','block contact','user','CONCAT(firstname,\' \',lastname)'),(16,'message','unblock contact','user','CONCAT(firstname,\' \',lastname)'),(17,'group','view','groups','name'),(18,'assignment','view','assignment','name'),(19,'assignment','add','assignment','name'),(20,'assignment','update','assignment','name'),(21,'assignment','view submission','assignment','name'),(22,'assignment','upload','assignment','name'),(23,'chat','view','chat','name'),(24,'chat','add','chat','name'),(25,'chat','update','chat','name'),(26,'chat','report','chat','name'),(27,'chat','talk','chat','name'),(28,'choice','view','choice','name'),(29,'choice','update','choice','name'),(30,'choice','add','choice','name'),(31,'choice','report','choice','name'),(32,'choice','choose','choice','name'),(33,'choice','choose again','choice','name'),(34,'data','view','data','name'),(35,'data','add','data','name'),(36,'data','update','data','name'),(37,'data','record delete','data','name'),(38,'data','fields add','data_fields','name'),(39,'data','fields update','data_fields','name'),(40,'data','templates saved','data','name'),(41,'data','templates def','data','name'),(42,'exercise','close','exercise','name'),(43,'exercise','open','exercise','name'),(44,'exercise','submit','exercise','name'),(45,'exercise','view','exercise','name'),(46,'exercise','update','exercise','name'),(47,'forum','add','forum','name'),(48,'forum','update','forum','name'),(49,'forum','add discussion','forum_discussions','name'),(50,'forum','add post','forum_posts','subject'),(51,'forum','update post','forum_posts','subject'),(52,'forum','user report','user','CONCAT(firstname,\' \',lastname)'),(53,'forum','move discussion','forum_discussions','name'),(54,'forum','view subscribers','forum','name'),(55,'forum','view discussion','forum_discussions','name'),(56,'forum','view forum','forum','name'),(57,'forum','subscribe','forum','name'),(58,'forum','unsubscribe','forum','name'),(59,'glossary','add','glossary','name'),(60,'glossary','update','glossary','name'),(61,'glossary','view','glossary','name'),(62,'glossary','view all','glossary','name'),(63,'glossary','add entry','glossary','name'),(64,'glossary','update entry','glossary','name'),(65,'glossary','add category','glossary','name'),(66,'glossary','update category','glossary','name'),(67,'glossary','delete category','glossary','name'),(68,'glossary','add comment','glossary','name'),(69,'glossary','update comment','glossary','name'),(70,'glossary','delete comment','glossary','name'),(71,'glossary','approve entry','glossary','name'),(72,'glossary','view entry','glossary_entries','concept'),(73,'journal','view','journal','name'),(74,'journal','add entry','journal','name'),(75,'journal','update entry','journal','name'),(76,'journal','view responses','journal','name'),(77,'label','add','quiz','name'),(78,'label','update','quiz','name'),(79,'lesson','start','lesson','name'),(80,'lesson','end','lesson','name'),(81,'lesson','view','lesson_pages','title'),(82,'quiz','add','quiz','name'),(83,'quiz','update','quiz','name'),(84,'quiz','view','quiz','name'),(85,'quiz','report','quiz','name'),(86,'quiz','attempt','quiz','name'),(87,'quiz','submit','quiz','name'),(88,'quiz','review','quiz','name'),(89,'quiz','editquestions','quiz','name'),(90,'quiz','preview','quiz','name'),(91,'quiz','start attempt','quiz','name'),(92,'quiz','close attempt','quiz','name'),(93,'quiz','continue attempt','quiz','name'),(94,'resource','view','resource','name'),(95,'resource','update','resource','name'),(96,'resource','add','resource','name'),(97,'scorm','view','scorm','name'),(98,'scorm','review','scorm','name'),(99,'scorm','update','scorm','name'),(100,'scorm','add','scorm','name'),(101,'survey','add','survey','name'),(102,'survey','update','survey','name'),(103,'survey','download','survey','name'),(104,'survey','view form','survey','name'),(105,'survey','view graph','survey','name'),(106,'survey','view report','survey','name'),(107,'survey','submit','survey','name'),(108,'workshop','assessments','workshop','name'),(109,'workshop','close','workshop','name'),(110,'workshop','display','workshop','name'),(111,'workshop','resubmit','workshop','name'),(112,'workshop','set up','workshop','name'),(113,'workshop','submissions','workshop','name'),(114,'workshop','view','workshop','name'),(115,'workshop','update','workshop','name');

--
-- Table structure for table `message`
--

CREATE TABLE `message` (
  `id` bigint(10) unsigned NOT NULL auto_increment,
  `useridfrom` bigint(10) NOT NULL default '0',
  `useridto` bigint(10) NOT NULL default '0',
  `message` text NOT NULL,
  `format` smallint(4) unsigned NOT NULL default '0',
  `timecreated` bigint(10) NOT NULL default '0',
  `messagetype` varchar(50) NOT NULL default '',
  PRIMARY KEY  (`id`),
  KEY `mess_use_ix` (`useridfrom`),
  KEY `mess_use2_ix` (`useridto`)
) ENGINE=MyISAM DEFAULT CHARSET=utf8 COMMENT='Stores all unread messages';

--
-- Dumping data for table `message`
--


--
-- Table structure for table `message_contacts`
--

CREATE TABLE `message_contacts` (
  `id` bigint(10) unsigned NOT NULL auto_increment,
  `userid` bigint(10) unsigned NOT NULL default '0',
  `contactid` bigint(10) unsigned NOT NULL default '0',
  `blocked` tinyint(1) unsigned NOT NULL default '0',
  PRIMARY KEY  (`id`),
  UNIQUE KEY `messcont_usecon_uix` (`userid`,`contactid`)
) ENGINE=MyISAM DEFAULT CHARSET=utf8 COMMENT='Maintains lists of relationships between users';

--
-- Dumping data for table `message_contacts`
--


--
-- Table structure for table `message_read`
--

CREATE TABLE `message_read` (
  `id` bigint(10) unsigned NOT NULL auto_increment,
  `useridfrom` bigint(10) NOT NULL default '0',
  `useridto` bigint(10) NOT NULL default '0',
  `message` text NOT NULL,
  `format` smallint(4) unsigned NOT NULL default '0',
  `timecreated` bigint(10) NOT NULL default '0',
  `timeread` bigint(10) NOT NULL default '0',
  `messagetype` varchar(50) NOT NULL default '',
  `mailed` tinyint(1) NOT NULL default '0',
  PRIMARY KEY  (`id`),
  KEY `messread_use_ix` (`useridfrom`),
  KEY `messread_use2_ix` (`useridto`)
) ENGINE=MyISAM DEFAULT CHARSET=utf8 COMMENT='Stores all messages that have been read';

--
-- Dumping data for table `message_read`
--


--
-- Table structure for table `mnet_enrol_assignments`
--

CREATE TABLE `mnet_enrol_assignments` (
  `id` bigint(10) NOT NULL auto_increment,
  `userid` bigint(10) unsigned NOT NULL default '0',
  `hostid` bigint(10) unsigned NOT NULL default '0',
  `courseid` bigint(10) unsigned NOT NULL default '0',
  `rolename` varchar(255) NOT NULL default '',
  `enroltime` bigint(10) unsigned NOT NULL default '0',
  `enroltype` varchar(20) NOT NULL default '',
  PRIMARY KEY  (`id`),
  KEY `mnetenroassi_hoscou_ix` (`hostid`,`courseid`),
  KEY `mnetenroassi_use_ix` (`userid`)
) ENGINE=MyISAM DEFAULT CHARSET=utf8 COMMENT='Information about enrolments on courses on remote hosts';

--
-- Dumping data for table `mnet_enrol_assignments`
--


--
-- Table structure for table `mnet_enrol_course`
--

CREATE TABLE `mnet_enrol_course` (
  `id` bigint(10) NOT NULL auto_increment,
  `hostid` bigint(10) unsigned NOT NULL default '0',
  `remoteid` bigint(10) unsigned NOT NULL default '0',
  `cat_id` bigint(10) unsigned NOT NULL default '0',
  `cat_name` varchar(255) NOT NULL default '',
  `cat_description` mediumtext NOT NULL,
  `sortorder` smallint(4) unsigned NOT NULL default '0',
  `fullname` varchar(254) NOT NULL default '',
  `shortname` varchar(15) NOT NULL default '',
  `idnumber` varchar(100) NOT NULL default '',
  `summary` mediumtext NOT NULL,
  `startdate` bigint(10) unsigned NOT NULL default '0',
  `cost` varchar(10) NOT NULL default '',
  `currency` varchar(3) NOT NULL default '',
  `defaultroleid` smallint(4) unsigned NOT NULL default '0',
  `defaultrolename` varchar(255) NOT NULL default '',
  PRIMARY KEY  (`id`),
  UNIQUE KEY `mnetenrocour_hosrem_uix` (`hostid`,`remoteid`)
) ENGINE=MyISAM DEFAULT CHARSET=utf8 COMMENT='Information about courses on remote hosts';

--
-- Dumping data for table `mnet_enrol_course`
--


--
-- Table structure for table `mnet_host`
--

CREATE TABLE `mnet_host` (
  `id` bigint(10) NOT NULL auto_increment,
  `deleted` tinyint(1) unsigned NOT NULL default '0',
  `wwwroot` varchar(255) NOT NULL default '',
  `ip_address` varchar(39) NOT NULL default '',
  `name` varchar(80) NOT NULL default '',
  `public_key` mediumtext NOT NULL,
  `public_key_expires` bigint(10) unsigned NOT NULL default '0',
  `transport` tinyint(2) unsigned NOT NULL default '0',
  `portno` tinyint(2) unsigned NOT NULL default '0',
  `last_connect_time` bigint(10) unsigned NOT NULL default '0',
  `last_log_id` bigint(10) unsigned NOT NULL default '0',
  PRIMARY KEY  (`id`)
) ENGINE=MyISAM AUTO_INCREMENT=3 DEFAULT CHARSET=utf8 COMMENT='Information about the local and remote hosts for RPC';

--
-- Dumping data for table `mnet_host`
--

INSERT INTO `mnet_host` VALUES (1,0,'http://cream.lancs.ac.uk:8080','148.88.136.15','','',0,0,0,0,0),(2,0,'','','All Hosts','',0,0,0,0,0);

--
-- Table structure for table `mnet_host2service`
--

CREATE TABLE `mnet_host2service` (
  `id` bigint(10) NOT NULL auto_increment,
  `hostid` bigint(10) unsigned NOT NULL default '0',
  `serviceid` bigint(10) unsigned NOT NULL default '0',
  `publish` tinyint(1) unsigned NOT NULL default '0',
  `subscribe` tinyint(1) unsigned NOT NULL default '0',
  PRIMARY KEY  (`id`),
  UNIQUE KEY `mnethost_hosser_uix` (`hostid`,`serviceid`)
) ENGINE=MyISAM DEFAULT CHARSET=utf8 COMMENT='Information about the services for a given host';

--
-- Dumping data for table `mnet_host2service`
--


--
-- Table structure for table `mnet_log`
--

CREATE TABLE `mnet_log` (
  `id` bigint(10) NOT NULL auto_increment,
  `hostid` bigint(10) unsigned NOT NULL default '0',
  `remoteid` bigint(10) unsigned NOT NULL default '0',
  `time` bigint(10) unsigned NOT NULL default '0',
  `userid` bigint(10) unsigned NOT NULL default '0',
  `ip` varchar(15) NOT NULL default '',
  `course` bigint(10) unsigned NOT NULL default '0',
  `coursename` varchar(40) NOT NULL default '',
  `module` varchar(20) NOT NULL default '',
  `cmid` bigint(10) unsigned NOT NULL default '0',
  `action` varchar(40) NOT NULL default '',
  `url` varchar(100) NOT NULL default '',
  `info` varchar(255) NOT NULL default '',
  PRIMARY KEY  (`id`),
  KEY `mnetlog_hosusecou_ix` (`hostid`,`userid`,`course`)
) ENGINE=MyISAM DEFAULT CHARSET=utf8 COMMENT='Store session data from users migrating to other sites';

--
-- Dumping data for table `mnet_log`
--


--
-- Table structure for table `mnet_rpc`
--

CREATE TABLE `mnet_rpc` (
  `id` bigint(10) NOT NULL auto_increment,
  `function_name` varchar(40) NOT NULL default '',
  `xmlrpc_path` varchar(80) NOT NULL default '',
  `parent_type` varchar(6) NOT NULL default '',
  `parent` varchar(20) NOT NULL default '',
  `enabled` tinyint(1) unsigned NOT NULL default '0',
  `help` mediumtext NOT NULL,
  `profile` mediumtext NOT NULL,
  PRIMARY KEY  (`id`),
  KEY `mnetrpc_enaxml_ix` (`enabled`,`xmlrpc_path`)
) ENGINE=MyISAM AUTO_INCREMENT=15 DEFAULT CHARSET=utf8 COMMENT='Functions or methods that we may publish or subscribe to';

--
-- Dumping data for table `mnet_rpc`
--

INSERT INTO `mnet_rpc` VALUES (1,'user_authorise','auth/mnet/auth.php/user_authorise','auth','mnet',0,'Return user data for the provided token, compare with user_agent string.','a:3:{i:0;a:2:{s:4:\"type\";s:5:\"array\";s:11:\"description\";s:44:\"$userdata Array of user info for remote host\";}i:1;a:2:{s:4:\"type\";s:6:\"string\";s:11:\"description\";s:45:\"token - The unique ID provided by remotehost.\";}i:2;a:2:{s:4:\"type\";s:6:\"string\";s:11:\"description\";s:30:\"useragent - User Agent string.\";}}'),(2,'keepalive_server','auth/mnet/auth.php/keepalive_server','auth','mnet',0,'Receives an array of usernames from a remote machine and prods their\\n sessions to keep them alive','a:2:{i:0;a:2:{s:4:\"type\";s:6:\"string\";s:11:\"description\";s:30:\"\"All ok\" or an error message\";}i:1;a:2:{s:4:\"type\";s:5:\"array\";s:11:\"description\";s:29:\"array - An array of usernames\";}}'),(3,'kill_children','auth/mnet/auth.php/kill_children','auth','mnet',0,'The IdP uses this function to kill child sessions on other hosts','a:3:{i:0;a:2:{s:4:\"type\";s:6:\"string\";s:11:\"description\";s:39:\"A plaintext report of what has happened\";}i:1;a:2:{s:4:\"type\";s:6:\"string\";s:11:\"description\";s:39:\"username - Username for session to kill\";}i:2;a:2:{s:4:\"type\";s:6:\"string\";s:11:\"description\";s:47:\"useragent - SHA1 hash of user agent to look for\";}}'),(4,'refresh_log','auth/mnet/auth.php/refresh_log','auth','mnet',0,'Receives an array of log entries from an SP and adds them to the mnet_log\\n table','a:2:{i:0;a:2:{s:4:\"type\";s:6:\"string\";s:11:\"description\";s:30:\"\"All ok\" or an error message\";}i:1;a:2:{s:4:\"type\";s:5:\"array\";s:11:\"description\";s:29:\"array - An array of usernames\";}}'),(5,'fetch_user_image','auth/mnet/auth.php/fetch_user_image','auth','mnet',0,'Returns the user\'s image as a base64 encoded string.','a:2:{i:0;a:2:{s:4:\"type\";s:6:\"string\";s:11:\"description\";s:17:\"The encoded image\";}i:1;a:2:{s:4:\"type\";s:6:\"string\";s:11:\"description\";s:29:\"username - The id of the user\";}}'),(6,'fetch_theme_info','auth/mnet/auth.php/fetch_theme_info','auth','mnet',0,'Returns the theme information and logo url as strings.','a:1:{i:0;a:2:{s:4:\"type\";s:6:\"string\";s:11:\"description\";s:14:\"The theme info\";}}'),(7,'update_enrolments','auth/mnet/auth.php/update_enrolments','auth','mnet',0,'Invoke this function _on_ the IDP to update it with enrolment info local to\\n the SP right after calling user_authorise()\\n \\n Normally called by the SP after calling','a:3:{i:0;a:2:{s:4:\"type\";s:7:\"boolean\";s:11:\"description\";N;}i:1;a:2:{s:4:\"type\";s:6:\"string\";s:11:\"description\";s:23:\"username - The username\";}i:2;a:2:{s:4:\"type\";s:6:\"string\";s:11:\"description\";s:77:\"courses - Assoc array of courses following the structure of mnet_enrol_course\";}}'),(8,'keepalive_client','auth/mnet/auth.php/keepalive_client','auth','mnet',0,'Poll the IdP server to let it know that a user it has authenticated is still\\n online','a:1:{i:0;a:2:{s:4:\"type\";s:6:\"string\";s:11:\"description\";N;}}'),(9,'kill_child','auth/mnet/auth.php/kill_child','auth','mnet',0,'TODO:Untested When the IdP requests that child sessions are terminated,\\n this function will be called on each of the child hosts. The machine that\\n calls the function (over xmlrpc) provides us with the mnethostid we need.','a:3:{i:0;a:2:{s:4:\"type\";s:7:\"boolean\";s:11:\"description\";s:15:\"True on success\";}i:1;a:2:{s:4:\"type\";s:6:\"string\";s:11:\"description\";s:39:\"username - Username for session to kill\";}i:2;a:2:{s:4:\"type\";s:6:\"string\";s:11:\"description\";s:47:\"useragent - SHA1 hash of user agent to look for\";}}'),(10,'available_courses','enrol/mnet/enrol.php/available_courses','enrol','mnet',0,'Does Foo','a:1:{i:0;a:2:{s:4:\"type\";s:7:\"boolean\";s:11:\"description\";s:47:\"Whether the user can login from the remote host\";}}'),(11,'user_enrolments','enrol/mnet/enrol.php/user_enrolments','enrol','mnet',0,'No description given.','a:2:{i:0;a:2:{s:4:\"type\";s:4:\"void\";s:11:\"description\";s:0:\"\";}i:1;s:6:\"userid\";}'),(12,'enrol_user','enrol/mnet/enrol.php/enrol_user','enrol','mnet',0,'Enrols user to course with the default role','a:3:{i:0;a:2:{s:4:\"type\";s:7:\"boolean\";s:11:\"description\";s:41:\"Whether the enrolment has been successful\";}i:1;a:2:{s:4:\"type\";s:6:\"string\";s:11:\"description\";s:37:\"user - The username of the remote use\";}i:2;a:2:{s:4:\"type\";s:3:\"int\";s:11:\"description\";s:37:\"courseid - The id of the local course\";}}'),(13,'unenrol_user','enrol/mnet/enrol.php/unenrol_user','enrol','mnet',0,'Unenrol a user from a course','a:3:{i:0;a:2:{s:4:\"type\";s:7:\"boolean\";s:11:\"description\";s:47:\"Whether the user can login from the remote host\";}i:1;a:2:{s:4:\"type\";s:6:\"string\";s:11:\"description\";s:19:\"user - The username\";}i:2;a:2:{s:4:\"type\";s:3:\"int\";s:11:\"description\";s:37:\"courseid - The id of the local course\";}}'),(14,'course_enrolments','enrol/mnet/enrol.php/course_enrolments','enrol','mnet',0,'Get a list of users from the client server who are enrolled in a course','a:3:{i:0;a:2:{s:4:\"type\";s:5:\"array\";s:11:\"description\";s:39:\"Array of usernames who are homed on the\";}i:1;a:2:{s:4:\"type\";s:3:\"int\";s:11:\"description\";s:24:\"courseid - The Course ID\";}i:2;a:2:{s:4:\"type\";s:6:\"string\";s:11:\"description\";s:47:\"roles - Comma-separated list of role shortnames\";}}');

--
-- Table structure for table `mnet_service`
--

CREATE TABLE `mnet_service` (
  `id` bigint(10) NOT NULL auto_increment,
  `name` varchar(40) NOT NULL default '',
  `description` varchar(40) NOT NULL default '',
  `apiversion` varchar(10) NOT NULL default '',
  `offer` tinyint(1) unsigned NOT NULL default '0',
  PRIMARY KEY  (`id`)
) ENGINE=MyISAM AUTO_INCREMENT=4 DEFAULT CHARSET=utf8 COMMENT='A service is a group of functions';

--
-- Dumping data for table `mnet_service`
--

INSERT INTO `mnet_service` VALUES (1,'sso_idp','','1',1),(2,'sso_sp','','1',1),(3,'mnet_enrol','','1',1);

--
-- Table structure for table `mnet_service2rpc`
--

CREATE TABLE `mnet_service2rpc` (
  `id` bigint(10) NOT NULL auto_increment,
  `serviceid` bigint(10) unsigned NOT NULL default '0',
  `rpcid` bigint(10) unsigned NOT NULL default '0',
  PRIMARY KEY  (`id`),
  UNIQUE KEY `mnetserv_rpcser_uix` (`rpcid`,`serviceid`)
) ENGINE=MyISAM AUTO_INCREMENT=15 DEFAULT CHARSET=utf8 COMMENT='Group functions or methods under a service';

--
-- Dumping data for table `mnet_service2rpc`
--

INSERT INTO `mnet_service2rpc` VALUES (1,1,1),(2,1,2),(3,1,3),(4,1,4),(5,1,5),(6,1,6),(7,1,7),(8,2,8),(9,2,9),(10,3,10),(11,3,11),(12,3,12),(13,3,13),(14,3,14);

--
-- Table structure for table `mnet_session`
--

CREATE TABLE `mnet_session` (
  `id` bigint(10) NOT NULL auto_increment,
  `userid` bigint(10) unsigned NOT NULL default '0',
  `username` varchar(100) NOT NULL default '',
  `token` varchar(40) NOT NULL default '',
  `mnethostid` bigint(10) unsigned NOT NULL default '0',
  `useragent` varchar(40) NOT NULL default '',
  `confirm_timeout` bigint(10) unsigned NOT NULL default '0',
  `session_id` varchar(40) NOT NULL default '',
  `expires` bigint(10) unsigned NOT NULL default '0',
  PRIMARY KEY  (`id`),
  UNIQUE KEY `mnetsess_tok_uix` (`token`)
) ENGINE=MyISAM DEFAULT CHARSET=utf8 COMMENT='Store session data from users migrating to other sites';

--
-- Dumping data for table `mnet_session`
--


--
-- Table structure for table `mnet_sso_access_control`
--

CREATE TABLE `mnet_sso_access_control` (
  `id` bigint(10) NOT NULL auto_increment,
  `username` varchar(100) NOT NULL default '',
  `mnet_host_id` bigint(10) unsigned NOT NULL default '0',
  `accessctrl` varchar(20) NOT NULL default 'allow',
  PRIMARY KEY  (`id`),
  UNIQUE KEY `mnetssoaccecont_mneuse_uix` (`mnet_host_id`,`username`)
) ENGINE=MyISAM DEFAULT CHARSET=utf8 COMMENT='Users by host permitted (or not) to login from a remote prov';

--
-- Dumping data for table `mnet_sso_access_control`
--


--
-- Table structure for table `modules`
--

CREATE TABLE `modules` (
  `id` bigint(10) unsigned NOT NULL auto_increment,
  `name` varchar(20) NOT NULL default '',
  `version` bigint(10) NOT NULL default '0',
  `cron` bigint(10) unsigned NOT NULL default '0',
  `lastcron` bigint(10) unsigned NOT NULL default '0',
  `search` varchar(255) NOT NULL default '',
  `visible` tinyint(1) NOT NULL default '1',
  PRIMARY KEY  (`id`),
  KEY `modu_nam_ix` (`name`)
) ENGINE=MyISAM AUTO_INCREMENT=19 DEFAULT CHARSET=utf8 COMMENT='modules available in the site';

--
-- Dumping data for table `modules`
--

INSERT INTO `modules` VALUES (1,'assignment',2007020200,60,0,'',1),(2,'chat',2007020200,300,0,'',1),(3,'choice',2007020200,0,0,'',1),(4,'data',2007022601,60,0,'',1),(5,'exercise',2007020200,60,0,'',0),(6,'forum',2007020202,60,0,'',1),(7,'glossary',2007020200,0,0,'',1),(8,'hotpot',2007020202,0,0,'',0),(9,'journal',2007020200,60,0,'',0),(10,'label',2007020200,0,0,'',1),(11,'lams',2007020200,0,0,'',0),(12,'lesson',2007020201,0,0,'',1),(13,'quiz',2007020200,0,0,'',1),(14,'resource',2007020200,0,0,'',1),(15,'scorm',2007070300,300,0,'',1),(16,'survey',2007020200,0,0,'',1),(17,'wiki',2007020200,3600,0,'',1),(18,'workshop',2007020200,60,0,'',1);

--
-- Table structure for table `post`
--

CREATE TABLE `post` (
  `id` bigint(10) NOT NULL auto_increment,
  `module` varchar(20) NOT NULL default '',
  `userid` bigint(10) unsigned NOT NULL default '0',
  `courseid` bigint(10) unsigned NOT NULL default '0',
  `groupid` bigint(10) unsigned NOT NULL default '0',
  `moduleid` bigint(10) unsigned NOT NULL default '0',
  `coursemoduleid` bigint(10) unsigned NOT NULL default '0',
  `subject` varchar(128) NOT NULL default '',
  `summary` longtext,
  `content` longtext,
  `uniquehash` varchar(128) NOT NULL default '',
  `rating` bigint(10) unsigned NOT NULL default '0',
  `format` bigint(10) unsigned NOT NULL default '0',
  `attachment` varchar(100) default NULL,
  `publishstate` enum('draft','site','public') NOT NULL default 'draft',
  `lastmodified` bigint(10) unsigned NOT NULL default '0',
  `created` bigint(10) unsigned NOT NULL default '0',
  PRIMARY KEY  (`id`),
  UNIQUE KEY `post_iduse_uix` (`id`,`userid`),
  KEY `post_las_ix` (`lastmodified`),
  KEY `post_mod_ix` (`module`),
  KEY `post_sub_ix` (`subject`)
) ENGINE=MyISAM DEFAULT CHARSET=utf8 COMMENT='Generic post table to hold data blog entries etc in differen';

--
-- Dumping data for table `post`
--


--
-- Table structure for table `question`
--

CREATE TABLE `question` (
  `id` bigint(10) unsigned NOT NULL auto_increment,
  `category` bigint(10) NOT NULL default '0',
  `parent` bigint(10) unsigned NOT NULL default '0',
  `name` varchar(255) NOT NULL default '',
  `questiontext` text NOT NULL,
  `questiontextformat` tinyint(2) NOT NULL default '0',
  `image` varchar(255) NOT NULL default '',
  `generalfeedback` text NOT NULL,
  `defaultgrade` bigint(10) unsigned NOT NULL default '1',
  `penalty` double NOT NULL default '0.1',
  `qtype` varchar(20) NOT NULL default '',
  `length` bigint(10) unsigned NOT NULL default '1',
  `stamp` varchar(255) NOT NULL default '',
  `version` varchar(255) NOT NULL default '',
  `hidden` tinyint(1) unsigned NOT NULL default '0',
  PRIMARY KEY  (`id`),
  KEY `ques_cat_ix` (`category`),
  KEY `ques_par_ix` (`parent`)
) ENGINE=MyISAM DEFAULT CHARSET=utf8 COMMENT='The questions themselves';

--
-- Dumping data for table `question`
--


--
-- Table structure for table `question_answers`
--

CREATE TABLE `question_answers` (
  `id` bigint(10) unsigned NOT NULL auto_increment,
  `question` bigint(10) unsigned NOT NULL default '0',
  `answer` text NOT NULL,
  `fraction` double NOT NULL default '0',
  `feedback` text NOT NULL,
  PRIMARY KEY  (`id`),
  KEY `quesansw_que_ix` (`question`)
) ENGINE=MyISAM DEFAULT CHARSET=utf8 COMMENT='Answers, with a fractional grade (0-1) and feedback';

--
-- Dumping data for table `question_answers`
--


--
-- Table structure for table `question_attempts`
--

CREATE TABLE `question_attempts` (
  `id` bigint(10) unsigned NOT NULL auto_increment,
  `modulename` varchar(20) NOT NULL default 'quiz',
  PRIMARY KEY  (`id`)
) ENGINE=MyISAM DEFAULT CHARSET=utf8 COMMENT='Student attempts. This table gets extended by the modules';

--
-- Dumping data for table `question_attempts`
--


--
-- Table structure for table `question_calculated`
--

CREATE TABLE `question_calculated` (
  `id` bigint(10) unsigned NOT NULL auto_increment,
  `question` bigint(10) unsigned NOT NULL default '0',
  `answer` bigint(10) unsigned NOT NULL default '0',
  `tolerance` varchar(20) NOT NULL default '0.0',
  `tolerancetype` bigint(10) NOT NULL default '1',
  `correctanswerlength` bigint(10) NOT NULL default '2',
  `correctanswerformat` bigint(10) NOT NULL default '2',
  PRIMARY KEY  (`id`),
  KEY `quescalc_ans_ix` (`answer`),
  KEY `quescalc_que_ix` (`question`)
) ENGINE=MyISAM DEFAULT CHARSET=utf8 COMMENT='Options for questions of type calculated';

--
-- Dumping data for table `question_calculated`
--


--
-- Table structure for table `question_categories`
--

CREATE TABLE `question_categories` (
  `id` bigint(10) unsigned NOT NULL auto_increment,
  `course` bigint(10) unsigned NOT NULL default '0',
  `name` varchar(255) NOT NULL default '',
  `info` text NOT NULL,
  `publish` smallint(4) NOT NULL default '0',
  `stamp` varchar(255) NOT NULL default '',
  `parent` bigint(10) unsigned NOT NULL default '0',
  `sortorder` bigint(10) unsigned NOT NULL default '999',
  PRIMARY KEY  (`id`),
  KEY `quescate_cou_ix` (`course`),
  KEY `quescate_par_ix` (`parent`)
) ENGINE=MyISAM DEFAULT CHARSET=utf8 COMMENT='Categories are for grouping questions';

--
-- Dumping data for table `question_categories`
--


--
-- Table structure for table `question_dataset_definitions`
--

CREATE TABLE `question_dataset_definitions` (
  `id` bigint(10) unsigned NOT NULL auto_increment,
  `category` bigint(10) unsigned NOT NULL default '0',
  `name` varchar(255) NOT NULL default '',
  `type` bigint(10) NOT NULL default '0',
  `options` varchar(255) NOT NULL default '',
  `itemcount` bigint(10) unsigned NOT NULL default '0',
  PRIMARY KEY  (`id`),
  KEY `quesdatadefi_cat_ix` (`category`)
) ENGINE=MyISAM DEFAULT CHARSET=utf8 COMMENT='Organises and stores properties for dataset items';

--
-- Dumping data for table `question_dataset_definitions`
--


--
-- Table structure for table `question_dataset_items`
--

CREATE TABLE `question_dataset_items` (
  `id` bigint(10) unsigned NOT NULL auto_increment,
  `definition` bigint(10) unsigned NOT NULL default '0',
  `itemnumber` bigint(10) unsigned NOT NULL default '0',
  `value` varchar(255) NOT NULL default '',
  PRIMARY KEY  (`id`),
  KEY `quesdataitem_def_ix` (`definition`)
) ENGINE=MyISAM DEFAULT CHARSET=utf8 COMMENT='Individual dataset items';

--
-- Dumping data for table `question_dataset_items`
--


--
-- Table structure for table `question_datasets`
--

CREATE TABLE `question_datasets` (
  `id` bigint(10) unsigned NOT NULL auto_increment,
  `question` bigint(10) unsigned NOT NULL default '0',
  `datasetdefinition` bigint(10) unsigned NOT NULL default '0',
  PRIMARY KEY  (`id`),
  KEY `quesdata_quedat_ix` (`question`,`datasetdefinition`),
  KEY `quesdata_que_ix` (`question`),
  KEY `quesdata_dat_ix` (`datasetdefinition`)
) ENGINE=MyISAM DEFAULT CHARSET=utf8 COMMENT='Many-many relation between questions and dataset definitions';

--
-- Dumping data for table `question_datasets`
--


--
-- Table structure for table `question_match`
--

CREATE TABLE `question_match` (
  `id` bigint(10) unsigned NOT NULL auto_increment,
  `question` bigint(10) unsigned NOT NULL default '0',
  `subquestions` varchar(255) NOT NULL default '',
  `shuffleanswers` smallint(4) NOT NULL default '1',
  PRIMARY KEY  (`id`),
  KEY `quesmatc_que_ix` (`question`)
) ENGINE=MyISAM DEFAULT CHARSET=utf8 COMMENT='Defines fixed matching questions';

--
-- Dumping data for table `question_match`
--


--
-- Table structure for table `question_match_sub`
--

CREATE TABLE `question_match_sub` (
  `id` bigint(10) unsigned NOT NULL auto_increment,
  `code` bigint(10) unsigned NOT NULL default '0',
  `question` bigint(10) unsigned NOT NULL default '0',
  `questiontext` text NOT NULL,
  `answertext` varchar(255) NOT NULL default '',
  PRIMARY KEY  (`id`),
  KEY `quesmatcsub_que_ix` (`question`)
) ENGINE=MyISAM DEFAULT CHARSET=utf8 COMMENT='Defines the subquestions that make up a matching question';

--
-- Dumping data for table `question_match_sub`
--


--
-- Table structure for table `question_multianswer`
--

CREATE TABLE `question_multianswer` (
  `id` bigint(10) unsigned NOT NULL auto_increment,
  `question` bigint(10) unsigned NOT NULL default '0',
  `sequence` text NOT NULL,
  PRIMARY KEY  (`id`),
  KEY `quesmult_que_ix` (`question`)
) ENGINE=MyISAM DEFAULT CHARSET=utf8 COMMENT='Options for multianswer questions';

--
-- Dumping data for table `question_multianswer`
--


--
-- Table structure for table `question_multichoice`
--

CREATE TABLE `question_multichoice` (
  `id` bigint(10) unsigned NOT NULL auto_increment,
  `question` bigint(10) unsigned NOT NULL default '0',
  `layout` smallint(4) NOT NULL default '0',
  `answers` varchar(255) NOT NULL default '',
  `single` smallint(4) NOT NULL default '0',
  `shuffleanswers` smallint(4) NOT NULL default '1',
  `correctfeedback` text NOT NULL,
  `partiallycorrectfeedback` text NOT NULL,
  `incorrectfeedback` text NOT NULL,
  PRIMARY KEY  (`id`),
  KEY `quesmult_que2_ix` (`question`)
) ENGINE=MyISAM DEFAULT CHARSET=utf8 COMMENT='Options for multiple choice questions';

--
-- Dumping data for table `question_multichoice`
--


--
-- Table structure for table `question_numerical`
--

CREATE TABLE `question_numerical` (
  `id` bigint(10) unsigned NOT NULL auto_increment,
  `question` bigint(10) unsigned NOT NULL default '0',
  `answer` bigint(10) unsigned NOT NULL default '0',
  `tolerance` varchar(255) NOT NULL default '0.0',
  PRIMARY KEY  (`id`),
  KEY `quesnume_ans_ix` (`answer`),
  KEY `quesnume_que_ix` (`question`)
) ENGINE=MyISAM DEFAULT CHARSET=utf8 COMMENT='Options for numerical questions';

--
-- Dumping data for table `question_numerical`
--


--
-- Table structure for table `question_numerical_units`
--

CREATE TABLE `question_numerical_units` (
  `id` bigint(10) unsigned NOT NULL auto_increment,
  `question` bigint(10) unsigned NOT NULL default '0',
  `multiplier` decimal(40,20) NOT NULL default '1.00000000000000000000',
  `unit` varchar(50) NOT NULL default '',
  PRIMARY KEY  (`id`),
  KEY `quesnumeunit_que_ix` (`question`)
) ENGINE=MyISAM DEFAULT CHARSET=utf8 COMMENT='Optional unit options for numerical questions';

--
-- Dumping data for table `question_numerical_units`
--


--
-- Table structure for table `question_randomsamatch`
--

CREATE TABLE `question_randomsamatch` (
  `id` bigint(10) unsigned NOT NULL auto_increment,
  `question` bigint(10) unsigned NOT NULL default '0',
  `choose` bigint(10) unsigned NOT NULL default '4',
  PRIMARY KEY  (`id`),
  KEY `quesrand_que_ix` (`question`)
) ENGINE=MyISAM DEFAULT CHARSET=utf8 COMMENT='Info about a random short-answer matching question';

--
-- Dumping data for table `question_randomsamatch`
--


--
-- Table structure for table `question_rqp`
--

CREATE TABLE `question_rqp` (
  `id` bigint(10) unsigned NOT NULL auto_increment,
  `question` bigint(10) unsigned NOT NULL default '0',
  `type` bigint(10) unsigned NOT NULL default '0',
  `source` longblob NOT NULL,
  `format` varchar(255) NOT NULL default '',
  `flags` smallint(3) unsigned NOT NULL default '0',
  `maxscore` bigint(10) unsigned NOT NULL default '1',
  PRIMARY KEY  (`id`),
  KEY `quesrqp_que_ix` (`question`)
) ENGINE=MyISAM DEFAULT CHARSET=utf8 COMMENT='Options for RQP questions';

--
-- Dumping data for table `question_rqp`
--


--
-- Table structure for table `question_rqp_servers`
--

CREATE TABLE `question_rqp_servers` (
  `id` bigint(10) unsigned NOT NULL auto_increment,
  `typeid` bigint(10) unsigned NOT NULL default '0',
  `url` varchar(255) NOT NULL default '',
  `can_render` tinyint(2) unsigned NOT NULL default '0',
  `can_author` tinyint(2) unsigned NOT NULL default '0',
  PRIMARY KEY  (`id`),
  KEY `quesrqpserv_typ_ix` (`typeid`)
) ENGINE=MyISAM DEFAULT CHARSET=utf8 COMMENT='Information about RQP servers';

--
-- Dumping data for table `question_rqp_servers`
--


--
-- Table structure for table `question_rqp_states`
--

CREATE TABLE `question_rqp_states` (
  `id` bigint(10) unsigned NOT NULL auto_increment,
  `stateid` bigint(10) unsigned NOT NULL default '0',
  `responses` text NOT NULL,
  `persistent_data` text NOT NULL,
  `template_vars` text NOT NULL,
  PRIMARY KEY  (`id`)
) ENGINE=MyISAM DEFAULT CHARSET=utf8 COMMENT='RQP question type specific state information';

--
-- Dumping data for table `question_rqp_states`
--


--
-- Table structure for table `question_rqp_types`
--

CREATE TABLE `question_rqp_types` (
  `id` bigint(10) unsigned NOT NULL auto_increment,
  `name` varchar(255) NOT NULL default '',
  PRIMARY KEY  (`id`),
  UNIQUE KEY `quesrqptype_nam_uix` (`name`)
) ENGINE=MyISAM DEFAULT CHARSET=utf8 COMMENT='RQP question types';

--
-- Dumping data for table `question_rqp_types`
--


--
-- Table structure for table `question_sessions`
--

CREATE TABLE `question_sessions` (
  `id` bigint(10) unsigned NOT NULL auto_increment,
  `attemptid` bigint(10) unsigned NOT NULL default '0',
  `questionid` bigint(10) unsigned NOT NULL default '0',
  `newest` bigint(10) unsigned NOT NULL default '0',
  `newgraded` bigint(10) unsigned NOT NULL default '0',
  `sumpenalty` double NOT NULL default '0',
  `manualcomment` text NOT NULL,
  PRIMARY KEY  (`id`),
  UNIQUE KEY `quessess_attque_uix` (`attemptid`,`questionid`),
  KEY `quessess_att_ix` (`attemptid`),
  KEY `quessess_que_ix` (`questionid`),
  KEY `quessess_new_ix` (`newest`),
  KEY `quessess_new2_ix` (`newgraded`)
) ENGINE=MyISAM DEFAULT CHARSET=utf8 COMMENT='Gives ids of the newest open and newest graded states';

--
-- Dumping data for table `question_sessions`
--


--
-- Table structure for table `question_shortanswer`
--

CREATE TABLE `question_shortanswer` (
  `id` bigint(10) unsigned NOT NULL auto_increment,
  `question` bigint(10) unsigned NOT NULL default '0',
  `answers` varchar(255) NOT NULL default '',
  `usecase` tinyint(2) NOT NULL default '0',
  PRIMARY KEY  (`id`),
  KEY `quesshor_que_ix` (`question`)
) ENGINE=MyISAM DEFAULT CHARSET=utf8 COMMENT='Options for short answer questions';

--
-- Dumping data for table `question_shortanswer`
--


--
-- Table structure for table `question_states`
--

CREATE TABLE `question_states` (
  `id` bigint(10) unsigned NOT NULL auto_increment,
  `attempt` bigint(10) unsigned NOT NULL default '0',
  `question` bigint(10) unsigned NOT NULL default '0',
  `originalquestion` bigint(10) unsigned NOT NULL default '0',
  `seq_number` mediumint(6) unsigned NOT NULL default '0',
  `answer` text NOT NULL,
  `timestamp` bigint(10) unsigned NOT NULL default '0',
  `event` smallint(4) unsigned NOT NULL default '0',
  `grade` double NOT NULL default '0',
  `raw_grade` double NOT NULL default '0',
  `penalty` double NOT NULL default '0',
  PRIMARY KEY  (`id`),
  KEY `quesstat_att_ix` (`attempt`),
  KEY `quesstat_que_ix` (`question`)
) ENGINE=MyISAM DEFAULT CHARSET=utf8 COMMENT='Stores user responses to an attempt, and percentage grades';

--
-- Dumping data for table `question_states`
--


--
-- Table structure for table `question_truefalse`
--

CREATE TABLE `question_truefalse` (
  `id` bigint(10) unsigned NOT NULL auto_increment,
  `question` bigint(10) unsigned NOT NULL default '0',
  `trueanswer` bigint(10) unsigned NOT NULL default '0',
  `falseanswer` bigint(10) unsigned NOT NULL default '0',
  PRIMARY KEY  (`id`),
  KEY `questrue_que_ix` (`question`)
) ENGINE=MyISAM DEFAULT CHARSET=utf8 COMMENT='Options for True-False questions';

--
-- Dumping data for table `question_truefalse`
--


--
-- Table structure for table `quiz`
--

CREATE TABLE `quiz` (
  `id` bigint(10) unsigned NOT NULL auto_increment,
  `course` bigint(10) unsigned NOT NULL default '0',
  `name` varchar(255) NOT NULL default '',
  `intro` text NOT NULL,
  `timeopen` bigint(10) unsigned NOT NULL default '0',
  `timeclose` bigint(10) unsigned NOT NULL default '0',
  `optionflags` bigint(10) unsigned NOT NULL default '0',
  `penaltyscheme` smallint(4) unsigned NOT NULL default '0',
  `attempts` mediumint(6) NOT NULL default '0',
  `attemptonlast` smallint(4) NOT NULL default '0',
  `grademethod` smallint(4) NOT NULL default '1',
  `decimalpoints` smallint(4) NOT NULL default '2',
  `review` bigint(10) unsigned NOT NULL default '0',
  `questionsperpage` bigint(10) NOT NULL default '0',
  `shufflequestions` smallint(4) NOT NULL default '0',
  `shuffleanswers` smallint(4) NOT NULL default '0',
  `questions` text NOT NULL,
  `sumgrades` bigint(10) NOT NULL default '0',
  `grade` bigint(10) NOT NULL default '0',
  `timecreated` bigint(10) unsigned NOT NULL default '0',
  `timemodified` bigint(10) unsigned NOT NULL default '0',
  `timelimit` tinyint(2) unsigned NOT NULL default '0',
  `password` varchar(255) NOT NULL default '',
  `subnet` varchar(255) NOT NULL default '',
  `popup` smallint(4) NOT NULL default '0',
  `delay1` bigint(10) NOT NULL default '0',
  `delay2` bigint(10) NOT NULL default '0',
  PRIMARY KEY  (`id`),
  KEY `quiz_cou_ix` (`course`)
) ENGINE=MyISAM DEFAULT CHARSET=utf8 COMMENT='Main information about each quiz';

--
-- Dumping data for table `quiz`
--


--
-- Table structure for table `quiz_attempts`
--

CREATE TABLE `quiz_attempts` (
  `id` bigint(10) unsigned NOT NULL auto_increment,
  `uniqueid` bigint(10) unsigned NOT NULL default '0',
  `quiz` bigint(10) unsigned NOT NULL default '0',
  `userid` bigint(10) unsigned NOT NULL default '0',
  `attempt` mediumint(6) NOT NULL default '0',
  `sumgrades` double NOT NULL default '0',
  `timestart` bigint(10) unsigned NOT NULL default '0',
  `timefinish` bigint(10) unsigned NOT NULL default '0',
  `timemodified` bigint(10) unsigned NOT NULL default '0',
  `layout` text NOT NULL,
  `preview` smallint(3) unsigned NOT NULL default '0',
  PRIMARY KEY  (`id`),
  UNIQUE KEY `quizatte_uni_uix` (`uniqueid`),
  KEY `quizatte_use_ix` (`userid`),
  KEY `quizatte_qui_ix` (`quiz`)
) ENGINE=MyISAM DEFAULT CHARSET=utf8 COMMENT='Stores various attempts on a quiz';

--
-- Dumping data for table `quiz_attempts`
--


--
-- Table structure for table `quiz_feedback`
--

CREATE TABLE `quiz_feedback` (
  `id` bigint(10) unsigned NOT NULL auto_increment,
  `quizid` bigint(10) unsigned NOT NULL default '0',
  `feedbacktext` text NOT NULL,
  `mingrade` double NOT NULL default '0',
  `maxgrade` double NOT NULL default '0',
  PRIMARY KEY  (`id`),
  KEY `quizfeed_qui_ix` (`quizid`)
) ENGINE=MyISAM DEFAULT CHARSET=utf8 COMMENT='Feedback given to students based on their overall score on t';

--
-- Dumping data for table `quiz_feedback`
--


--
-- Table structure for table `quiz_grades`
--

CREATE TABLE `quiz_grades` (
  `id` bigint(10) unsigned NOT NULL auto_increment,
  `quiz` bigint(10) unsigned NOT NULL default '0',
  `userid` bigint(10) unsigned NOT NULL default '0',
  `grade` double NOT NULL default '0',
  `timemodified` bigint(10) unsigned NOT NULL default '0',
  PRIMARY KEY  (`id`),
  KEY `quizgrad_use_ix` (`userid`),
  KEY `quizgrad_qui_ix` (`quiz`)
) ENGINE=MyISAM DEFAULT CHARSET=utf8 COMMENT='Final quiz grade (may be best of several attempts)';

--
-- Dumping data for table `quiz_grades`
--


--
-- Table structure for table `quiz_question_instances`
--

CREATE TABLE `quiz_question_instances` (
  `id` bigint(10) unsigned NOT NULL auto_increment,
  `quiz` bigint(10) unsigned NOT NULL default '0',
  `question` bigint(10) unsigned NOT NULL default '0',
  `grade` mediumint(6) NOT NULL default '0',
  PRIMARY KEY  (`id`),
  KEY `quizquesinst_qui_ix` (`quiz`),
  KEY `quizquesinst_que_ix` (`question`)
) ENGINE=MyISAM DEFAULT CHARSET=utf8 COMMENT='The grade for a question in a quiz';

--
-- Dumping data for table `quiz_question_instances`
--


--
-- Table structure for table `quiz_question_versions`
--

CREATE TABLE `quiz_question_versions` (
  `id` bigint(10) unsigned NOT NULL auto_increment,
  `quiz` bigint(10) unsigned NOT NULL default '0',
  `oldquestion` bigint(10) unsigned NOT NULL default '0',
  `newquestion` bigint(10) unsigned NOT NULL default '0',
  `originalquestion` bigint(10) unsigned NOT NULL default '0',
  `userid` bigint(10) unsigned NOT NULL default '0',
  `timestamp` bigint(10) unsigned NOT NULL default '0',
  PRIMARY KEY  (`id`),
  KEY `quizquesvers_qui_ix` (`quiz`),
  KEY `quizquesvers_old_ix` (`oldquestion`),
  KEY `quizquesvers_new_ix` (`newquestion`),
  KEY `quizquesvers_ori_ix` (`originalquestion`)
) ENGINE=MyISAM DEFAULT CHARSET=utf8 COMMENT='quiz_question_versions table retrofitted from MySQL';

--
-- Dumping data for table `quiz_question_versions`
--


--
-- Table structure for table `resource`
--

CREATE TABLE `resource` (
  `id` bigint(10) unsigned NOT NULL auto_increment,
  `course` bigint(10) unsigned NOT NULL default '0',
  `name` varchar(255) NOT NULL default '',
  `type` varchar(30) NOT NULL default '',
  `reference` varchar(255) NOT NULL default '',
  `summary` text,
  `alltext` mediumtext NOT NULL,
  `popup` text NOT NULL,
  `options` varchar(255) NOT NULL default '',
  `timemodified` bigint(10) unsigned NOT NULL default '0',
  PRIMARY KEY  (`id`),
  KEY `reso_cou_ix` (`course`)
) ENGINE=MyISAM DEFAULT CHARSET=utf8 COMMENT='each record is one resource and its config data';

--
-- Dumping data for table `resource`
--


--
-- Table structure for table `role`
--

CREATE TABLE `role` (
  `id` bigint(10) unsigned NOT NULL auto_increment,
  `name` varchar(255) NOT NULL default '',
  `shortname` varchar(100) NOT NULL default '',
  `description` text NOT NULL,
  `sortorder` bigint(10) unsigned NOT NULL default '0',
  PRIMARY KEY  (`id`),
  UNIQUE KEY `role_sor_uix` (`sortorder`)
) ENGINE=MyISAM AUTO_INCREMENT=8 DEFAULT CHARSET=utf8 COMMENT='moodle roles';

--
-- Dumping data for table `role`
--

INSERT INTO `role` VALUES (1,'Administrator','admin','Administrators can usually do anything on the site, in all courses.',0),(2,'Course creator','coursecreator','Course creators can create new courses and teach in them.',1),(3,'Teacher','editingteacher','Teachers can do anything within a course, including changing the activities and grading students.',2),(4,'Non-editing teacher','teacher','Non-editing teachers can teach in courses and grade students, but may not alter activities.',3),(5,'Student','student','Students generally have less privileges within a course.',4),(6,'Guest','guest','Guests have minimal privileges and usually can not enter text anywhere.',5),(7,'Authenticated user','user','All logged in users.',6);

--
-- Table structure for table `role_allow_assign`
--

CREATE TABLE `role_allow_assign` (
  `id` bigint(10) unsigned NOT NULL auto_increment,
  `roleid` bigint(10) unsigned NOT NULL default '0',
  `allowassign` bigint(10) unsigned NOT NULL default '0',
  PRIMARY KEY  (`id`),
  UNIQUE KEY `rolealloassi_rolall_uix` (`roleid`,`allowassign`),
  KEY `rolealloassi_rol_ix` (`roleid`),
  KEY `rolealloassi_all_ix` (`allowassign`)
) ENGINE=MyISAM AUTO_INCREMENT=14 DEFAULT CHARSET=utf8 COMMENT='this defines what role can assign what role';

--
-- Dumping data for table `role_allow_assign`
--

INSERT INTO `role_allow_assign` VALUES (1,1,1),(2,1,2),(3,1,4),(4,1,3),(5,1,5),(6,1,6),(7,2,4),(8,2,3),(9,2,5),(10,2,6),(11,3,4),(12,3,5),(13,3,6);

--
-- Table structure for table `role_allow_override`
--

CREATE TABLE `role_allow_override` (
  `id` bigint(10) unsigned NOT NULL auto_increment,
  `roleid` bigint(10) unsigned NOT NULL default '0',
  `allowoverride` bigint(10) unsigned NOT NULL default '0',
  PRIMARY KEY  (`id`),
  UNIQUE KEY `rolealloover_rolall_uix` (`roleid`,`allowoverride`),
  KEY `rolealloover_rol_ix` (`roleid`),
  KEY `rolealloover_all_ix` (`allowoverride`)
) ENGINE=MyISAM AUTO_INCREMENT=8 DEFAULT CHARSET=utf8 COMMENT='this defines what role can override what role';

--
-- Dumping data for table `role_allow_override`
--

INSERT INTO `role_allow_override` VALUES (1,1,1),(2,1,2),(3,1,4),(4,1,3),(5,1,5),(6,1,6),(7,1,7);

--
-- Table structure for table `role_assignments`
--

CREATE TABLE `role_assignments` (
  `id` bigint(10) unsigned NOT NULL auto_increment,
  `roleid` bigint(10) unsigned NOT NULL default '0',
  `contextid` bigint(10) unsigned NOT NULL default '0',
  `userid` bigint(10) unsigned NOT NULL default '0',
  `hidden` tinyint(1) unsigned NOT NULL default '0',
  `timestart` bigint(10) unsigned NOT NULL default '0',
  `timeend` bigint(10) unsigned NOT NULL default '0',
  `timemodified` bigint(10) unsigned NOT NULL default '0',
  `modifierid` bigint(10) unsigned NOT NULL default '0',
  `enrol` varchar(20) NOT NULL default '',
  `sortorder` bigint(10) unsigned NOT NULL default '0',
  PRIMARY KEY  (`id`),
  UNIQUE KEY `roleassi_conroluse_uix` (`contextid`,`roleid`,`userid`),
  KEY `roleassi_sor_ix` (`sortorder`),
  KEY `roleassi_rol_ix` (`roleid`),
  KEY `roleassi_con_ix` (`contextid`),
  KEY `roleassi_use_ix` (`userid`)
) ENGINE=MyISAM AUTO_INCREMENT=377 DEFAULT CHARSET=utf8 COMMENT='assigning roles to different context';

--
-- Dumping data for table `role_assignments`
--

INSERT INTO `role_assignments` VALUES (1,1,1,2,0,0,0,1192651979,0,'manual',0);

--
-- Table structure for table `role_capabilities`
--

CREATE TABLE `role_capabilities` (
  `id` bigint(10) unsigned NOT NULL auto_increment,
  `contextid` bigint(10) unsigned NOT NULL default '0',
  `roleid` bigint(10) unsigned NOT NULL default '0',
  `capability` varchar(255) NOT NULL default '',
  `permission` bigint(10) NOT NULL default '0',
  `timemodified` bigint(10) unsigned NOT NULL default '0',
  `modifierid` bigint(10) unsigned NOT NULL default '0',
  PRIMARY KEY  (`id`),
  UNIQUE KEY `rolecapa_rolconcap_uix` (`roleid`,`contextid`,`capability`),
  KEY `rolecapa_rol_ix` (`roleid`),
  KEY `rolecapa_con_ix` (`contextid`),
  KEY `rolecapa_mod_ix` (`modifierid`),
  KEY `rolecapa_cap_ix` (`capability`)
) ENGINE=MyISAM AUTO_INCREMENT=423 DEFAULT CHARSET=utf8 COMMENT='permission has to be signed, overriding a capability for a p';

--
-- Dumping data for table `role_capabilities`
--

INSERT INTO `role_capabilities` VALUES (1,1,1,'moodle/legacy:admin',1,1192651963,0),(2,1,2,'moodle/legacy:coursecreator',1,1192651963,0),(3,1,3,'moodle/legacy:editingteacher',1,1192651963,0),(4,1,4,'moodle/legacy:teacher',1,1192651963,0),(5,1,5,'moodle/legacy:student',1,1192651963,0),(6,1,6,'moodle/legacy:guest',1,1192651963,0),(7,1,7,'moodle/legacy:user',1,1192651963,0),(8,1,1,'moodle/site:doanything',1,1192651963,0),(9,1,1,'moodle/site:config',1,1192651963,0),(10,1,1,'moodle/site:readallmessages',1,1192651963,0),(11,1,3,'moodle/site:readallmessages',1,1192651963,0),(12,1,1,'moodle/site:approvecourse',1,1192651963,0),(13,1,3,'moodle/site:import',1,1192651963,0),(14,1,1,'moodle/site:import',1,1192651963,0),(15,1,3,'moodle/site:backup',1,1192651963,0),(16,1,1,'moodle/site:backup',1,1192651963,0),(17,1,3,'moodle/site:restore',1,1192651963,0),(18,1,1,'moodle/site:restore',1,1192651963,0),(19,1,3,'moodle/site:manageblocks',1,1192651963,0),(20,1,1,'moodle/site:manageblocks',1,1192651963,0),(21,1,4,'moodle/site:accessallgroups',1,1192651963,0),(22,1,3,'moodle/site:accessallgroups',1,1192651963,0),(23,1,1,'moodle/site:accessallgroups',1,1192651963,0),(24,1,4,'moodle/site:viewfullnames',1,1192651964,0),(25,1,3,'moodle/site:viewfullnames',1,1192651964,0),(26,1,1,'moodle/site:viewfullnames',1,1192651964,0),(27,1,4,'moodle/site:viewreports',1,1192651964,0),(28,1,3,'moodle/site:viewreports',1,1192651964,0),(29,1,1,'moodle/site:viewreports',1,1192651964,0),(30,1,3,'moodle/site:trustcontent',1,1192651964,0),(31,1,1,'moodle/site:trustcontent',1,1192651964,0),(32,1,1,'moodle/site:uploadusers',1,1192651964,0),(33,1,1,'moodle/user:create',1,1192651964,0),(34,1,1,'moodle/user:delete',1,1192651964,0),(35,1,1,'moodle/user:update',1,1192651964,0),(36,1,6,'moodle/user:viewdetails',1,1192651964,0),(37,1,5,'moodle/user:viewdetails',1,1192651964,0),(38,1,4,'moodle/user:viewdetails',1,1192651964,0),(39,1,3,'moodle/user:viewdetails',1,1192651964,0),(40,1,1,'moodle/user:viewdetails',1,1192651964,0),(41,1,4,'moodle/user:viewhiddendetails',1,1192651964,0),(42,1,3,'moodle/user:viewhiddendetails',1,1192651964,0),(43,1,1,'moodle/user:viewhiddendetails',1,1192651964,0),(44,1,5,'moodle/user:viewusergrades',1,1192651964,0),(45,1,4,'moodle/user:viewusergrades',1,1192651964,0),(46,1,3,'moodle/user:viewusergrades',1,1192651964,0),(47,1,1,'moodle/user:viewusergrades',1,1192651964,0),(48,1,1,'moodle/user:loginas',1,1192651964,0),(49,1,3,'moodle/role:assign',1,1192651964,0),(50,1,1,'moodle/role:assign',1,1192651964,0),(51,1,1,'moodle/role:override',1,1192651964,0),(52,1,1,'moodle/role:manage',1,1192651964,0),(53,1,4,'moodle/role:unassignself',1,1192651964,0),(54,1,3,'moodle/role:unassignself',1,1192651964,0),(55,1,2,'moodle/role:unassignself',1,1192651964,0),(56,1,1,'moodle/role:unassignself',1,1192651964,0),(57,1,4,'moodle/role:viewhiddenassigns',1,1192651964,0),(58,1,3,'moodle/role:viewhiddenassigns',1,1192651964,0),(59,1,1,'moodle/role:viewhiddenassigns',1,1192651964,0),(60,1,3,'moodle/role:switchroles',1,1192651964,0),(61,1,1,'moodle/role:switchroles',1,1192651964,0),(62,1,1,'moodle/category:create',1,1192651964,0),(63,1,1,'moodle/category:delete',1,1192651964,0),(64,1,1,'moodle/category:update',1,1192651964,0),(65,1,1,'moodle/category:visibility',1,1192651964,0),(66,1,2,'moodle/course:create',1,1192651964,0),(67,1,1,'moodle/course:create',1,1192651964,0),(68,1,1,'moodle/course:delete',1,1192651964,0),(69,1,3,'moodle/course:update',1,1192651964,0),(70,1,1,'moodle/course:update',1,1192651964,0),(71,1,6,'moodle/course:view',1,1192651964,0),(72,1,5,'moodle/course:view',1,1192651964,0),(73,1,4,'moodle/course:view',1,1192651964,0),(74,1,3,'moodle/course:view',1,1192651964,0),(75,1,4,'moodle/course:bulkmessaging',1,1192651964,0),(76,1,3,'moodle/course:bulkmessaging',1,1192651964,0),(77,1,1,'moodle/course:bulkmessaging',1,1192651964,0),(78,1,4,'moodle/course:viewhiddenuserfields',1,1192651964,0),(79,1,3,'moodle/course:viewhiddenuserfields',1,1192651964,0),(80,1,1,'moodle/course:viewhiddenuserfields',1,1192651964,0),(81,1,2,'moodle/course:viewhiddencourses',1,1192651964,0),(82,1,4,'moodle/course:viewhiddencourses',1,1192651964,0),(83,1,3,'moodle/course:viewhiddencourses',1,1192651964,0),(84,1,1,'moodle/course:viewhiddencourses',1,1192651964,0),(85,1,1,'moodle/course:visibility',1,1192651964,0),(86,1,3,'moodle/course:managefiles',1,1192651964,0),(87,1,1,'moodle/course:managefiles',1,1192651964,0),(88,1,3,'moodle/course:manageactivities',1,1192651964,0),(89,1,1,'moodle/course:manageactivities',1,1192651964,0),(90,1,3,'moodle/course:managemetacourse',1,1192651964,0),(91,1,1,'moodle/course:managemetacourse',1,1192651964,0),(92,1,3,'moodle/course:activityvisibility',1,1192651964,0),(93,1,1,'moodle/course:activityvisibility',1,1192651964,0),(94,1,4,'moodle/course:viewhiddenactivities',1,1192651964,0),(95,1,3,'moodle/course:viewhiddenactivities',1,1192651964,0),(96,1,1,'moodle/course:viewhiddenactivities',1,1192651964,0),(97,1,5,'moodle/course:viewparticipants',1,1192651964,0),(98,1,4,'moodle/course:viewparticipants',1,1192651964,0),(99,1,3,'moodle/course:viewparticipants',1,1192651964,0),(100,1,1,'moodle/course:viewparticipants',1,1192651964,0),(101,1,5,'moodle/course:viewscales',1,1192651964,0),(102,1,4,'moodle/course:viewscales',1,1192651964,0),(103,1,3,'moodle/course:viewscales',1,1192651964,0),(104,1,1,'moodle/course:viewscales',1,1192651964,0),(105,1,3,'moodle/course:managescales',1,1192651964,0),(106,1,1,'moodle/course:managescales',1,1192651964,0),(107,1,3,'moodle/course:managegroups',1,1192651964,0),(108,1,1,'moodle/course:managegroups',1,1192651964,0),(109,1,3,'moodle/course:reset',1,1192651964,0),(110,1,1,'moodle/course:reset',1,1192651964,0),(111,1,6,'moodle/blog:view',1,1192651964,0),(112,1,7,'moodle/blog:view',1,1192651964,0),(113,1,5,'moodle/blog:view',1,1192651964,0),(114,1,4,'moodle/blog:view',1,1192651964,0),(115,1,3,'moodle/blog:view',1,1192651964,0),(116,1,1,'moodle/blog:view',1,1192651964,0),(117,1,7,'moodle/blog:create',1,1192651964,0),(118,1,1,'moodle/blog:create',1,1192651964,0),(119,1,1,'moodle/blog:manageofficialtags',1,1192651964,0),(120,1,5,'moodle/blog:managepersonaltags',1,1192651964,0),(121,1,4,'moodle/blog:managepersonaltags',1,1192651964,0),(122,1,3,'moodle/blog:managepersonaltags',1,1192651964,0),(123,1,1,'moodle/blog:managepersonaltags',1,1192651964,0),(124,1,4,'moodle/blog:manageentries',1,1192651964,0),(125,1,3,'moodle/blog:manageentries',1,1192651964,0),(126,1,1,'moodle/blog:manageentries',1,1192651964,0),(127,1,7,'moodle/calendar:manageownentries',1,1192651964,0),(128,1,1,'moodle/calendar:manageownentries',1,1192651964,0),(129,1,4,'moodle/calendar:manageentries',1,1192651964,0),(130,1,3,'moodle/calendar:manageentries',1,1192651964,0),(131,1,1,'moodle/calendar:manageentries',1,1192651964,0),(132,1,1,'moodle/user:editprofile',1,1192651964,0),(133,1,5,'moodle/user:readuserposts',1,1192651964,0),(134,1,4,'moodle/user:readuserposts',1,1192651964,0),(135,1,3,'moodle/user:readuserposts',1,1192651964,0),(136,1,1,'moodle/user:readuserposts',1,1192651964,0),(137,1,5,'moodle/user:readuserblogs',1,1192651964,0),(138,1,4,'moodle/user:readuserblogs',1,1192651964,0),(139,1,3,'moodle/user:readuserblogs',1,1192651964,0),(140,1,1,'moodle/user:readuserblogs',1,1192651964,0),(141,1,4,'moodle/user:viewuseractivitiesreport',1,1192651964,0),(142,1,3,'moodle/user:viewuseractivitiesreport',1,1192651964,0),(143,1,1,'moodle/user:viewuseractivitiesreport',1,1192651964,0),(144,1,3,'moodle/question:import',1,1192651964,0),(145,1,1,'moodle/question:import',1,1192651964,0),(146,1,3,'moodle/question:export',1,1192651964,0),(147,1,1,'moodle/question:export',1,1192651964,0),(148,1,3,'moodle/question:managecategory',1,1192651964,0),(149,1,1,'moodle/question:managecategory',1,1192651964,0),(150,1,3,'moodle/question:manage',1,1192651964,0),(151,1,1,'moodle/question:manage',1,1192651964,0),(152,1,4,'moodle/site:doclinks',1,1192651964,0),(153,1,3,'moodle/site:doclinks',1,1192651964,0),(154,1,1,'moodle/site:doclinks',1,1192651964,0),(155,1,3,'moodle/course:sectionvisibility',1,1192651964,0),(156,1,1,'moodle/course:sectionvisibility',1,1192651964,0),(157,1,3,'moodle/course:useremail',1,1192651964,0),(158,1,1,'moodle/course:useremail',1,1192651964,0),(159,1,3,'moodle/course:viewhiddensections',1,1192651964,0),(160,1,1,'moodle/course:viewhiddensections',1,1192651964,0),(161,1,3,'moodle/course:setcurrentsection',1,1192651964,0),(162,1,1,'moodle/course:setcurrentsection',1,1192651964,0),(163,1,4,'moodle/course:viewcoursegrades',1,1192651964,0),(164,1,3,'moodle/course:viewcoursegrades',1,1192651964,0),(165,1,1,'moodle/course:viewcoursegrades',1,1192651964,0),(166,1,3,'moodle/course:managegrades',1,1192651964,0),(167,1,1,'moodle/course:managegrades',1,1192651964,0),(168,1,1,'moodle/site:mnetlogintoremote',1,1192651964,0),(169,1,7,'moodle/my:manageblocks',1,1192651964,0),(170,1,6,'mod/assignment:view',1,1192651965,0),(171,1,5,'mod/assignment:view',1,1192651965,0),(172,1,4,'mod/assignment:view',1,1192651965,0),(173,1,3,'mod/assignment:view',1,1192651965,0),(174,1,1,'mod/assignment:view',1,1192651965,0),(175,1,5,'mod/assignment:submit',1,1192651965,0),(176,1,4,'mod/assignment:grade',1,1192651965,0),(177,1,3,'mod/assignment:grade',1,1192651965,0),(178,1,1,'mod/assignment:grade',1,1192651965,0),(179,1,5,'mod/chat:chat',1,1192651965,0),(180,1,4,'mod/chat:chat',1,1192651965,0),(181,1,3,'mod/chat:chat',1,1192651965,0),(182,1,1,'mod/chat:chat',1,1192651965,0),(183,1,5,'mod/chat:readlog',1,1192651965,0),(184,1,4,'mod/chat:readlog',1,1192651965,0),(185,1,3,'mod/chat:readlog',1,1192651965,0),(186,1,1,'mod/chat:readlog',1,1192651965,0),(187,1,4,'mod/chat:deletelog',1,1192651965,0),(188,1,3,'mod/chat:deletelog',1,1192651965,0),(189,1,1,'mod/chat:deletelog',1,1192651965,0),(190,1,5,'mod/choice:choose',1,1192651965,0),(191,1,4,'mod/choice:choose',1,1192651965,0),(192,1,3,'mod/choice:choose',1,1192651965,0),(193,1,1,'mod/choice:choose',1,1192651965,0),(194,1,4,'mod/choice:readresponses',1,1192651965,0),(195,1,3,'mod/choice:readresponses',1,1192651965,0),(196,1,1,'mod/choice:readresponses',1,1192651965,0),(197,1,4,'mod/choice:deleteresponses',1,1192651965,0),(198,1,3,'mod/choice:deleteresponses',1,1192651965,0),(199,1,1,'mod/choice:deleteresponses',1,1192651965,0),(200,1,4,'mod/choice:downloadresponses',1,1192651965,0),(201,1,3,'mod/choice:downloadresponses',1,1192651965,0),(202,1,1,'mod/choice:downloadresponses',1,1192651965,0),(203,1,6,'mod/data:viewentry',1,1192651966,0),(204,1,5,'mod/data:viewentry',1,1192651966,0),(205,1,4,'mod/data:viewentry',1,1192651966,0),(206,1,3,'mod/data:viewentry',1,1192651966,0),(207,1,1,'mod/data:viewentry',1,1192651966,0),(208,1,5,'mod/data:writeentry',1,1192651966,0),(209,1,4,'mod/data:writeentry',1,1192651966,0),(210,1,3,'mod/data:writeentry',1,1192651966,0),(211,1,1,'mod/data:writeentry',1,1192651966,0),(212,1,5,'mod/data:comment',1,1192651966,0),(213,1,4,'mod/data:comment',1,1192651966,0),(214,1,3,'mod/data:comment',1,1192651966,0),(215,1,1,'mod/data:comment',1,1192651966,0),(216,1,4,'mod/data:viewrating',1,1192651966,0),(217,1,3,'mod/data:viewrating',1,1192651966,0),(218,1,1,'mod/data:viewrating',1,1192651966,0),(219,1,4,'mod/data:rate',1,1192651966,0),(220,1,3,'mod/data:rate',1,1192651966,0),(221,1,1,'mod/data:rate',1,1192651966,0),(222,1,4,'mod/data:approve',1,1192651966,0),(223,1,3,'mod/data:approve',1,1192651966,0),(224,1,1,'mod/data:approve',1,1192651966,0),(225,1,4,'mod/data:manageentries',1,1192651966,0),(226,1,3,'mod/data:manageentries',1,1192651966,0),(227,1,1,'mod/data:manageentries',1,1192651966,0),(228,1,4,'mod/data:managecomments',1,1192651966,0),(229,1,3,'mod/data:managecomments',1,1192651966,0),(230,1,1,'mod/data:managecomments',1,1192651966,0),(231,1,3,'mod/data:managetemplates',1,1192651966,0),(232,1,1,'mod/data:managetemplates',1,1192651966,0),(233,1,4,'mod/data:viewalluserpresets',1,1192651966,0),(234,1,3,'mod/data:viewalluserpresets',1,1192651966,0),(235,1,1,'mod/data:viewalluserpresets',1,1192651966,0),(236,1,1,'mod/data:manageuserpresets',1,1192651966,0),(237,1,4,'mod/exercise:assess',1,1192651966,0),(238,1,3,'mod/exercise:assess',1,1192651966,0),(239,1,1,'mod/exercise:assess',1,1192651966,0),(240,1,6,'mod/forum:viewdiscussion',1,1192651967,0),(241,1,5,'mod/forum:viewdiscussion',1,1192651967,0),(242,1,4,'mod/forum:viewdiscussion',1,1192651967,0),(243,1,3,'mod/forum:viewdiscussion',1,1192651967,0),(244,1,1,'mod/forum:viewdiscussion',1,1192651967,0),(245,1,4,'mod/forum:viewhiddentimedposts',1,1192651967,0),(246,1,3,'mod/forum:viewhiddentimedposts',1,1192651967,0),(247,1,1,'mod/forum:viewhiddentimedposts',1,1192651967,0),(248,1,5,'mod/forum:startdiscussion',1,1192651967,0),(249,1,4,'mod/forum:startdiscussion',1,1192651967,0),(250,1,3,'mod/forum:startdiscussion',1,1192651967,0),(251,1,1,'mod/forum:startdiscussion',1,1192651967,0),(252,1,5,'mod/forum:replypost',1,1192651967,0),(253,1,4,'mod/forum:replypost',1,1192651967,0),(254,1,3,'mod/forum:replypost',1,1192651967,0),(255,1,1,'mod/forum:replypost',1,1192651967,0),(256,1,4,'mod/forum:addnews',1,1192651967,0),(257,1,3,'mod/forum:addnews',1,1192651967,0),(258,1,1,'mod/forum:addnews',1,1192651967,0),(259,1,4,'mod/forum:replynews',1,1192651967,0),(260,1,3,'mod/forum:replynews',1,1192651967,0),(261,1,1,'mod/forum:replynews',1,1192651967,0),(262,1,5,'mod/forum:viewrating',1,1192651967,0),(263,1,4,'mod/forum:viewrating',1,1192651967,0),(264,1,3,'mod/forum:viewrating',1,1192651967,0),(265,1,1,'mod/forum:viewrating',1,1192651967,0),(266,1,4,'mod/forum:viewanyrating',1,1192651967,0),(267,1,3,'mod/forum:viewanyrating',1,1192651967,0),(268,1,1,'mod/forum:viewanyrating',1,1192651967,0),(269,1,4,'mod/forum:rate',1,1192651967,0),(270,1,3,'mod/forum:rate',1,1192651967,0),(271,1,1,'mod/forum:rate',1,1192651967,0),(272,1,5,'mod/forum:createattachment',1,1192651967,0),(273,1,4,'mod/forum:createattachment',1,1192651967,0),(274,1,3,'mod/forum:createattachment',1,1192651967,0),(275,1,1,'mod/forum:createattachment',1,1192651967,0),(276,1,5,'mod/forum:deleteownpost',1,1192651967,0),(277,1,4,'mod/forum:deleteownpost',1,1192651967,0),(278,1,3,'mod/forum:deleteownpost',1,1192651967,0),(279,1,1,'mod/forum:deleteownpost',1,1192651967,0),(280,1,4,'mod/forum:deleteanypost',1,1192651967,0),(281,1,3,'mod/forum:deleteanypost',1,1192651967,0),(282,1,1,'mod/forum:deleteanypost',1,1192651967,0),(283,1,4,'mod/forum:splitdiscussions',1,1192651967,0),(284,1,3,'mod/forum:splitdiscussions',1,1192651967,0),(285,1,1,'mod/forum:splitdiscussions',1,1192651967,0),(286,1,4,'mod/forum:movediscussions',1,1192651967,0),(287,1,3,'mod/forum:movediscussions',1,1192651967,0),(288,1,1,'mod/forum:movediscussions',1,1192651967,0),(289,1,4,'mod/forum:editanypost',1,1192651967,0),(290,1,3,'mod/forum:editanypost',1,1192651967,0),(291,1,1,'mod/forum:editanypost',1,1192651967,0),(292,1,4,'mod/forum:viewqandawithoutposting',1,1192651967,0),(293,1,3,'mod/forum:viewqandawithoutposting',1,1192651967,0),(294,1,1,'mod/forum:viewqandawithoutposting',1,1192651967,0),(295,1,4,'mod/forum:viewsubscribers',1,1192651967,0),(296,1,3,'mod/forum:viewsubscribers',1,1192651967,0),(297,1,1,'mod/forum:viewsubscribers',1,1192651967,0),(298,1,4,'mod/forum:managesubscriptions',1,1192651967,0),(299,1,3,'mod/forum:managesubscriptions',1,1192651967,0),(300,1,1,'mod/forum:managesubscriptions',1,1192651967,0),(301,1,4,'mod/forum:initialsubscriptions',1,1192651967,0),(302,1,3,'mod/forum:initialsubscriptions',1,1192651967,0),(303,1,5,'mod/forum:initialsubscriptions',1,1192651967,0),(304,1,5,'mod/glossary:write',1,1192651967,0),(305,1,4,'mod/glossary:write',1,1192651967,0),(306,1,3,'mod/glossary:write',1,1192651967,0),(307,1,1,'mod/glossary:write',1,1192651967,0),(308,1,4,'mod/glossary:manageentries',1,1192651967,0),(309,1,3,'mod/glossary:manageentries',1,1192651967,0),(310,1,1,'mod/glossary:manageentries',1,1192651967,0),(311,1,4,'mod/glossary:managecategories',1,1192651967,0),(312,1,3,'mod/glossary:managecategories',1,1192651967,0),(313,1,1,'mod/glossary:managecategories',1,1192651967,0),(314,1,5,'mod/glossary:comment',1,1192651967,0),(315,1,4,'mod/glossary:comment',1,1192651967,0),(316,1,3,'mod/glossary:comment',1,1192651967,0),(317,1,1,'mod/glossary:comment',1,1192651967,0),(318,1,4,'mod/glossary:managecomments',1,1192651967,0),(319,1,3,'mod/glossary:managecomments',1,1192651967,0),(320,1,1,'mod/glossary:managecomments',1,1192651967,0),(321,1,4,'mod/glossary:import',1,1192651967,0),(322,1,3,'mod/glossary:import',1,1192651967,0),(323,1,1,'mod/glossary:import',1,1192651967,0),(324,1,4,'mod/glossary:export',1,1192651967,0),(325,1,3,'mod/glossary:export',1,1192651967,0),(326,1,1,'mod/glossary:export',1,1192651967,0),(327,1,4,'mod/glossary:approve',1,1192651967,0),(328,1,3,'mod/glossary:approve',1,1192651967,0),(329,1,1,'mod/glossary:approve',1,1192651967,0),(330,1,4,'mod/glossary:rate',1,1192651967,0),(331,1,3,'mod/glossary:rate',1,1192651967,0),(332,1,1,'mod/glossary:rate',1,1192651967,0),(333,1,4,'mod/glossary:viewrating',1,1192651967,0),(334,1,3,'mod/glossary:viewrating',1,1192651967,0),(335,1,1,'mod/glossary:viewrating',1,1192651967,0),(336,1,5,'mod/hotpot:attempt',1,1192651967,0),(337,1,4,'mod/hotpot:attempt',1,1192651967,0),(338,1,3,'mod/hotpot:attempt',1,1192651968,0),(339,1,1,'mod/hotpot:attempt',1,1192651968,0),(340,1,4,'mod/hotpot:viewreport',1,1192651968,0),(341,1,3,'mod/hotpot:viewreport',1,1192651968,0),(342,1,1,'mod/hotpot:viewreport',1,1192651968,0),(343,1,4,'mod/hotpot:grade',1,1192651968,0),(344,1,3,'mod/hotpot:grade',1,1192651968,0),(345,1,1,'mod/hotpot:grade',1,1192651968,0),(346,1,3,'mod/hotpot:deleteattempt',1,1192651968,0),(347,1,1,'mod/hotpot:deleteattempt',1,1192651968,0),(348,1,5,'mod/lams:participate',1,1192651968,0),(349,1,4,'mod/lams:manage',1,1192651968,0),(350,1,3,'mod/lams:manage',1,1192651968,0),(351,1,1,'mod/lams:manage',1,1192651968,0),(352,1,3,'mod/lesson:edit',1,1192651968,0),(353,1,1,'mod/lesson:edit',1,1192651968,0),(354,1,4,'mod/lesson:manage',1,1192651968,0),(355,1,3,'mod/lesson:manage',1,1192651968,0),(356,1,1,'mod/lesson:manage',1,1192651968,0),(357,1,6,'mod/quiz:view',1,1192651969,0),(358,1,5,'mod/quiz:view',1,1192651969,0),(359,1,4,'mod/quiz:view',1,1192651969,0),(360,1,3,'mod/quiz:view',1,1192651969,0),(361,1,1,'mod/quiz:view',1,1192651969,0),(362,1,5,'mod/quiz:attempt',1,1192651969,0),(363,1,3,'mod/quiz:manage',1,1192651969,0),(364,1,1,'mod/quiz:manage',1,1192651969,0),(365,1,4,'mod/quiz:preview',1,1192651969,0),(366,1,3,'mod/quiz:preview',1,1192651969,0),(367,1,1,'mod/quiz:preview',1,1192651969,0),(368,1,4,'mod/quiz:grade',1,1192651969,0),(369,1,3,'mod/quiz:grade',1,1192651969,0),(370,1,1,'mod/quiz:grade',1,1192651969,0),(371,1,4,'mod/quiz:viewreports',1,1192651969,0),(372,1,3,'mod/quiz:viewreports',1,1192651969,0),(373,1,1,'mod/quiz:viewreports',1,1192651969,0),(374,1,3,'mod/quiz:deleteattempts',1,1192651969,0),(375,1,1,'mod/quiz:deleteattempts',1,1192651969,0),(376,1,4,'mod/scorm:viewreport',1,1192651970,0),(377,1,3,'mod/scorm:viewreport',1,1192651970,0),(378,1,1,'mod/scorm:viewreport',1,1192651970,0),(379,1,5,'mod/scorm:skipview',1,1192651970,0),(380,1,5,'mod/scorm:savetrack',1,1192651970,0),(381,1,4,'mod/scorm:savetrack',1,1192651970,0),(382,1,3,'mod/scorm:savetrack',1,1192651970,0),(383,1,1,'mod/scorm:savetrack',1,1192651970,0),(384,1,5,'mod/scorm:viewscores',1,1192651970,0),(385,1,4,'mod/scorm:viewscores',1,1192651970,0),(386,1,3,'mod/scorm:viewscores',1,1192651970,0),(387,1,1,'mod/scorm:viewscores',1,1192651970,0),(388,1,5,'mod/survey:participate',1,1192651970,0),(389,1,4,'mod/survey:participate',1,1192651970,0),(390,1,3,'mod/survey:participate',1,1192651970,0),(391,1,1,'mod/survey:participate',1,1192651970,0),(392,1,4,'mod/survey:readresponses',1,1192651970,0),(393,1,3,'mod/survey:readresponses',1,1192651970,0),(394,1,1,'mod/survey:readresponses',1,1192651970,0),(395,1,4,'mod/survey:download',1,1192651970,0),(396,1,3,'mod/survey:download',1,1192651970,0),(397,1,1,'mod/survey:download',1,1192651970,0),(398,1,5,'mod/wiki:participate',1,1192651970,0),(399,1,4,'mod/wiki:participate',1,1192651970,0),(400,1,3,'mod/wiki:participate',1,1192651970,0),(401,1,1,'mod/wiki:participate',1,1192651970,0),(402,1,4,'mod/wiki:manage',1,1192651970,0),(403,1,3,'mod/wiki:manage',1,1192651970,0),(404,1,1,'mod/wiki:manage',1,1192651970,0),(405,1,4,'mod/wiki:overridelock',1,1192651970,0),(406,1,3,'mod/wiki:overridelock',1,1192651970,0),(407,1,1,'mod/wiki:overridelock',1,1192651970,0),(408,1,5,'mod/workshop:participate',1,1192651971,0),(409,1,4,'mod/workshop:manage',1,1192651971,0),(410,1,3,'mod/workshop:manage',1,1192651971,0),(411,1,1,'mod/workshop:manage',1,1192651971,0),(412,1,4,'block/rss_client:createprivatefeeds',1,1192651975,0),(413,1,3,'block/rss_client:createprivatefeeds',1,1192651975,0),(414,1,1,'block/rss_client:createprivatefeeds',1,1192651975,0),(415,1,3,'block/rss_client:createsharedfeeds',1,1192651975,0),(416,1,1,'block/rss_client:createsharedfeeds',1,1192651975,0),(417,1,4,'block/rss_client:manageownfeeds',1,1192651975,0),(418,1,3,'block/rss_client:manageownfeeds',1,1192651975,0),(419,1,1,'block/rss_client:manageownfeeds',1,1192651975,0),(420,1,1,'block/rss_client:manageanyfeeds',1,1192651975,0),(421,1,1,'enrol/authorize:managepayments',1,1192651976,0),(422,1,1,'enrol/authorize:uploadcsv',1,1192651976,0);

--
-- Table structure for table `role_names`
--

CREATE TABLE `role_names` (
  `id` bigint(10) unsigned NOT NULL auto_increment,
  `roleid` bigint(10) unsigned NOT NULL default '0',
  `contextid` bigint(10) unsigned NOT NULL default '0',
  `text` text NOT NULL,
  PRIMARY KEY  (`id`),
  UNIQUE KEY `rolename_rolcon_uix` (`roleid`,`contextid`),
  KEY `rolename_rol_ix` (`roleid`),
  KEY `rolename_con_ix` (`contextid`)
) ENGINE=MyISAM DEFAULT CHARSET=utf8 COMMENT='role names in native strings';

--
-- Dumping data for table `role_names`
--


--
-- Table structure for table `scale`
--

CREATE TABLE `scale` (
  `id` bigint(10) unsigned NOT NULL auto_increment,
  `courseid` bigint(10) unsigned NOT NULL default '0',
  `userid` bigint(10) unsigned NOT NULL default '0',
  `name` varchar(255) NOT NULL default '',
  `scale` text NOT NULL,
  `description` text NOT NULL,
  `timemodified` bigint(10) unsigned NOT NULL default '0',
  PRIMARY KEY  (`id`),
  KEY `scal_cou_ix` (`courseid`)
) ENGINE=MyISAM DEFAULT CHARSET=utf8 COMMENT='Defines grading scales';

--
-- Dumping data for table `scale`
--


--
-- Table structure for table `scorm`
--

CREATE TABLE `scorm` (
  `id` bigint(10) unsigned NOT NULL auto_increment,
  `course` bigint(10) unsigned NOT NULL default '0',
  `name` varchar(255) NOT NULL default '',
  `reference` varchar(255) NOT NULL default '',
  `summary` text NOT NULL,
  `version` varchar(9) NOT NULL default '',
  `maxgrade` double NOT NULL default '0',
  `grademethod` tinyint(2) NOT NULL default '0',
  `maxattempt` bigint(10) NOT NULL default '1',
  `updatefreq` tinyint(1) unsigned NOT NULL default '0',
  `md5hash` varchar(32) NOT NULL default '',
  `launch` bigint(10) unsigned NOT NULL default '0',
  `skipview` tinyint(1) unsigned NOT NULL default '1',
  `hidebrowse` tinyint(1) NOT NULL default '0',
  `hidetoc` tinyint(1) NOT NULL default '0',
  `hidenav` tinyint(1) NOT NULL default '0',
  `auto` tinyint(1) unsigned NOT NULL default '0',
  `popup` tinyint(1) unsigned NOT NULL default '0',
  `options` varchar(255) NOT NULL default '',
  `width` bigint(10) unsigned NOT NULL default '100',
  `height` bigint(10) unsigned NOT NULL default '600',
  `timemodified` bigint(10) unsigned NOT NULL default '0',
  PRIMARY KEY  (`id`),
  KEY `scor_cou_ix` (`course`)
) ENGINE=MyISAM DEFAULT CHARSET=utf8 COMMENT='each table is one SCORM module and its configuration';

--
-- Dumping data for table `scorm`
--


--
-- Table structure for table `scorm_scoes`
--

CREATE TABLE `scorm_scoes` (
  `id` bigint(10) unsigned NOT NULL auto_increment,
  `scorm` bigint(10) unsigned NOT NULL default '0',
  `manifest` varchar(255) NOT NULL default '',
  `organization` varchar(255) NOT NULL default '',
  `parent` varchar(255) NOT NULL default '',
  `identifier` varchar(255) NOT NULL default '',
  `launch` varchar(255) NOT NULL default '',
  `scormtype` varchar(5) NOT NULL default '',
  `title` varchar(255) NOT NULL default '',
  PRIMARY KEY  (`id`),
  KEY `scorscoe_sco_ix` (`scorm`)
) ENGINE=MyISAM DEFAULT CHARSET=utf8 COMMENT='each SCO part of the SCORM module';

--
-- Dumping data for table `scorm_scoes`
--


--
-- Table structure for table `scorm_scoes_data`
--

CREATE TABLE `scorm_scoes_data` (
  `id` bigint(10) unsigned NOT NULL auto_increment,
  `scoid` bigint(10) unsigned NOT NULL default '0',
  `name` varchar(255) NOT NULL default '',
  `value` text NOT NULL,
  PRIMARY KEY  (`id`),
  KEY `scorscoedata_sco_ix` (`scoid`)
) ENGINE=MyISAM DEFAULT CHARSET=utf8 COMMENT='Contains variable data get from packages';

--
-- Dumping data for table `scorm_scoes_data`
--


--
-- Table structure for table `scorm_scoes_track`
--

CREATE TABLE `scorm_scoes_track` (
  `id` bigint(10) unsigned NOT NULL auto_increment,
  `userid` bigint(10) unsigned NOT NULL default '0',
  `scormid` bigint(10) NOT NULL default '0',
  `scoid` bigint(10) unsigned NOT NULL default '0',
  `attempt` bigint(10) unsigned NOT NULL default '1',
  `element` varchar(255) NOT NULL default '',
  `value` longtext NOT NULL,
  `timemodified` bigint(10) unsigned NOT NULL default '0',
  PRIMARY KEY  (`id`),
  UNIQUE KEY `scorscoetrac_usescoscoatte_uix` (`userid`,`scormid`,`scoid`,`attempt`,`element`),
  KEY `scorscoetrac_use_ix` (`userid`),
  KEY `scorscoetrac_ele_ix` (`element`),
  KEY `scorscoetrac_sco_ix` (`scormid`),
  KEY `scorscoetrac_sco2_ix` (`scoid`)
) ENGINE=MyISAM DEFAULT CHARSET=utf8 COMMENT='to track SCOes';

--
-- Dumping data for table `scorm_scoes_track`
--


--
-- Table structure for table `scorm_seq_mapinfo`
--

CREATE TABLE `scorm_seq_mapinfo` (
  `id` bigint(10) unsigned NOT NULL auto_increment,
  `scoid` bigint(10) unsigned NOT NULL default '0',
  `objectiveid` bigint(10) unsigned NOT NULL default '0',
  `targetobjectiveid` bigint(10) unsigned NOT NULL default '0',
  `readsatisfiedstatus` tinyint(1) NOT NULL default '1',
  `readnormalizedmeasure` tinyint(1) NOT NULL default '1',
  `writesatisfiedstatus` tinyint(1) NOT NULL default '0',
  `writenormalizedmeasure` tinyint(1) NOT NULL default '0',
  PRIMARY KEY  (`id`),
  UNIQUE KEY `scorseqmapi_scoidobj_uix` (`scoid`,`id`,`objectiveid`),
  KEY `scorseqmapi_sco_ix` (`scoid`),
  KEY `scorseqmapi_obj_ix` (`objectiveid`)
) ENGINE=MyISAM DEFAULT CHARSET=utf8 COMMENT='SCORM2004 objective mapinfo description';

--
-- Dumping data for table `scorm_seq_mapinfo`
--


--
-- Table structure for table `scorm_seq_objective`
--

CREATE TABLE `scorm_seq_objective` (
  `id` bigint(10) unsigned NOT NULL auto_increment,
  `scoid` bigint(10) unsigned NOT NULL default '0',
  `primaryobj` tinyint(1) NOT NULL default '0',
  `objectiveid` bigint(10) unsigned NOT NULL default '0',
  `satisfiedbymeasure` tinyint(1) NOT NULL default '1',
  `minnormalizedmeasure` float(11,4) unsigned NOT NULL default '0.0000',
  PRIMARY KEY  (`id`),
  UNIQUE KEY `scorseqobje_scoid_uix` (`scoid`,`id`),
  KEY `scorseqobje_sco_ix` (`scoid`)
) ENGINE=MyISAM DEFAULT CHARSET=utf8 COMMENT='SCORM2004 objective description';

--
-- Dumping data for table `scorm_seq_objective`
--


--
-- Table structure for table `scorm_seq_rolluprule`
--

CREATE TABLE `scorm_seq_rolluprule` (
  `id` bigint(10) unsigned NOT NULL auto_increment,
  `scoid` bigint(10) unsigned NOT NULL default '0',
  `childactivityset` varchar(15) NOT NULL default '',
  `minimumcount` bigint(10) unsigned NOT NULL default '0',
  `minimumpercent` float(11,4) unsigned NOT NULL default '0.0000',
  `conditioncombination` varchar(3) NOT NULL default 'all',
  `action` varchar(15) NOT NULL default '',
  PRIMARY KEY  (`id`),
  UNIQUE KEY `scorseqroll_scoid_uix` (`scoid`,`id`),
  KEY `scorseqroll_sco_ix` (`scoid`)
) ENGINE=MyISAM DEFAULT CHARSET=utf8 COMMENT='SCORM2004 sequencing rule';

--
-- Dumping data for table `scorm_seq_rolluprule`
--


--
-- Table structure for table `scorm_seq_rolluprulecond`
--

CREATE TABLE `scorm_seq_rolluprulecond` (
  `id` bigint(10) unsigned NOT NULL auto_increment,
  `scoid` bigint(10) unsigned NOT NULL default '0',
  `rollupruleid` bigint(10) unsigned NOT NULL default '0',
  `operator` varchar(5) NOT NULL default 'noOp',
  `cond` varchar(25) NOT NULL default '',
  PRIMARY KEY  (`id`),
  UNIQUE KEY `scorseqroll_scorolid_uix` (`scoid`,`rollupruleid`,`id`),
  KEY `scorseqroll_sco2_ix` (`scoid`),
  KEY `scorseqroll_rol_ix` (`rollupruleid`)
) ENGINE=MyISAM DEFAULT CHARSET=utf8 COMMENT='SCORM2004 sequencing rule';

--
-- Dumping data for table `scorm_seq_rolluprulecond`
--


--
-- Table structure for table `scorm_seq_rulecond`
--

CREATE TABLE `scorm_seq_rulecond` (
  `id` bigint(10) unsigned NOT NULL auto_increment,
  `scoid` bigint(10) unsigned NOT NULL default '0',
  `ruleconditionsid` bigint(10) unsigned NOT NULL default '0',
  `refrencedobjective` varchar(255) NOT NULL default '',
  `measurethreshold` float(11,4) NOT NULL default '0.0000',
  `operator` varchar(5) NOT NULL default 'noOp',
  `cond` varchar(30) NOT NULL default 'always',
  PRIMARY KEY  (`id`),
  UNIQUE KEY `scorseqrule_idscorul_uix` (`id`,`scoid`,`ruleconditionsid`),
  KEY `scorseqrule_sco2_ix` (`scoid`),
  KEY `scorseqrule_rul_ix` (`ruleconditionsid`)
) ENGINE=MyISAM DEFAULT CHARSET=utf8 COMMENT='SCORM2004 rule condition';

--
-- Dumping data for table `scorm_seq_rulecond`
--


--
-- Table structure for table `scorm_seq_ruleconds`
--

CREATE TABLE `scorm_seq_ruleconds` (
  `id` bigint(10) unsigned NOT NULL auto_increment,
  `scoid` bigint(10) unsigned NOT NULL default '0',
  `conditioncombination` varchar(3) NOT NULL default 'all',
  `ruletype` tinyint(2) unsigned NOT NULL default '0',
  `action` varchar(25) NOT NULL default '',
  PRIMARY KEY  (`id`),
  UNIQUE KEY `scorseqrule_scoid_uix` (`scoid`,`id`),
  KEY `scorseqrule_sco_ix` (`scoid`)
) ENGINE=MyISAM DEFAULT CHARSET=utf8 COMMENT='SCORM2004 rule conditions';

--
-- Dumping data for table `scorm_seq_ruleconds`
--


--
-- Table structure for table `sessions2`
--

CREATE TABLE `sessions2` (
  `sesskey` varchar(64) NOT NULL default '',
  `expiry` datetime NOT NULL,
  `expireref` varchar(250) default '',
  `created` datetime NOT NULL,
  `modified` datetime NOT NULL,
  `sessdata` longtext,
  PRIMARY KEY  (`sesskey`),
  KEY `sess_exp_ix` (`expiry`),
  KEY `sess_exp2_ix` (`expireref`)
) ENGINE=MyISAM DEFAULT CHARSET=utf8 COMMENT='Optional database session storage in new format, not used by';

--
-- Dumping data for table `sessions2`
--


--
-- Table structure for table `stats_daily`
--

CREATE TABLE `stats_daily` (
  `id` bigint(10) unsigned NOT NULL auto_increment,
  `courseid` bigint(10) unsigned NOT NULL default '0',
  `timeend` bigint(10) unsigned NOT NULL default '0',
  `roleid` bigint(10) unsigned NOT NULL default '0',
  `stattype` enum('enrolments','activity','logins') NOT NULL default 'activity',
  `stat1` bigint(10) unsigned NOT NULL default '0',
  `stat2` bigint(10) unsigned NOT NULL default '0',
  PRIMARY KEY  (`id`),
  KEY `statdail_cou_ix` (`courseid`),
  KEY `statdail_tim_ix` (`timeend`),
  KEY `statdail_rol_ix` (`roleid`)
) ENGINE=MyISAM DEFAULT CHARSET=utf8 COMMENT='to accumulate daily stats';

--
-- Dumping data for table `stats_daily`
--


--
-- Table structure for table `stats_monthly`
--

CREATE TABLE `stats_monthly` (
  `id` bigint(10) unsigned NOT NULL auto_increment,
  `courseid` bigint(10) unsigned NOT NULL default '0',
  `timeend` bigint(10) unsigned NOT NULL default '0',
  `roleid` bigint(10) unsigned NOT NULL default '0',
  `stattype` enum('enrolments','activity','logins') NOT NULL default 'activity',
  `stat1` bigint(10) unsigned NOT NULL default '0',
  `stat2` bigint(10) unsigned NOT NULL default '0',
  PRIMARY KEY  (`id`),
  KEY `statmont_cou_ix` (`courseid`),
  KEY `statmont_tim_ix` (`timeend`),
  KEY `statmont_rol_ix` (`roleid`)
) ENGINE=MyISAM DEFAULT CHARSET=utf8 COMMENT='To accumulate monthly stats';

--
-- Dumping data for table `stats_monthly`
--


--
-- Table structure for table `stats_user_daily`
--

CREATE TABLE `stats_user_daily` (
  `id` bigint(10) unsigned NOT NULL auto_increment,
  `courseid` bigint(10) unsigned NOT NULL default '0',
  `userid` bigint(10) unsigned NOT NULL default '0',
  `roleid` bigint(10) unsigned NOT NULL default '0',
  `timeend` bigint(10) unsigned NOT NULL default '0',
  `statsreads` bigint(10) unsigned NOT NULL default '0',
  `statswrites` bigint(10) unsigned NOT NULL default '0',
  `stattype` varchar(30) NOT NULL default '',
  PRIMARY KEY  (`id`),
  KEY `statuserdail_cou_ix` (`courseid`),
  KEY `statuserdail_use_ix` (`userid`),
  KEY `statuserdail_rol_ix` (`roleid`),
  KEY `statuserdail_tim_ix` (`timeend`)
) ENGINE=MyISAM DEFAULT CHARSET=utf8 COMMENT='To accumulate daily stats per course/user';

--
-- Dumping data for table `stats_user_daily`
--


--
-- Table structure for table `stats_user_monthly`
--

CREATE TABLE `stats_user_monthly` (
  `id` bigint(10) unsigned NOT NULL auto_increment,
  `courseid` bigint(10) unsigned NOT NULL default '0',
  `userid` bigint(10) unsigned NOT NULL default '0',
  `roleid` bigint(10) unsigned NOT NULL default '0',
  `timeend` bigint(10) unsigned NOT NULL default '0',
  `statsreads` bigint(10) unsigned NOT NULL default '0',
  `statswrites` bigint(10) unsigned NOT NULL default '0',
  `stattype` varchar(30) NOT NULL default '',
  PRIMARY KEY  (`id`),
  KEY `statusermont_cou_ix` (`courseid`),
  KEY `statusermont_use_ix` (`userid`),
  KEY `statusermont_rol_ix` (`roleid`),
  KEY `statusermont_tim_ix` (`timeend`)
) ENGINE=MyISAM DEFAULT CHARSET=utf8 COMMENT='To accumulate monthly stats per course/user';

--
-- Dumping data for table `stats_user_monthly`
--


--
-- Table structure for table `stats_user_weekly`
--

CREATE TABLE `stats_user_weekly` (
  `id` bigint(10) unsigned NOT NULL auto_increment,
  `courseid` bigint(10) unsigned NOT NULL default '0',
  `userid` bigint(10) unsigned NOT NULL default '0',
  `roleid` bigint(10) unsigned NOT NULL default '0',
  `timeend` bigint(10) unsigned NOT NULL default '0',
  `statsreads` bigint(10) unsigned NOT NULL default '0',
  `statswrites` bigint(10) unsigned NOT NULL default '0',
  `stattype` varchar(30) NOT NULL default '',
  PRIMARY KEY  (`id`),
  KEY `statuserweek_cou_ix` (`courseid`),
  KEY `statuserweek_use_ix` (`userid`),
  KEY `statuserweek_rol_ix` (`roleid`),
  KEY `statuserweek_tim_ix` (`timeend`)
) ENGINE=MyISAM DEFAULT CHARSET=utf8 COMMENT='To accumulate weekly stats per course/user';

--
-- Dumping data for table `stats_user_weekly`
--


--
-- Table structure for table `stats_weekly`
--

CREATE TABLE `stats_weekly` (
  `id` bigint(10) unsigned NOT NULL auto_increment,
  `courseid` bigint(10) unsigned NOT NULL default '0',
  `timeend` bigint(10) unsigned NOT NULL default '0',
  `roleid` bigint(10) unsigned NOT NULL default '0',
  `stattype` enum('enrolments','activity','logins') NOT NULL default 'activity',
  `stat1` bigint(10) unsigned NOT NULL default '0',
  `stat2` bigint(10) unsigned NOT NULL default '0',
  PRIMARY KEY  (`id`),
  KEY `statweek_cou_ix` (`courseid`),
  KEY `statweek_tim_ix` (`timeend`),
  KEY `statweek_rol_ix` (`roleid`)
) ENGINE=MyISAM DEFAULT CHARSET=utf8 COMMENT='To accumulate weekly stats';

--
-- Dumping data for table `stats_weekly`
--


--
-- Table structure for table `survey`
--

CREATE TABLE `survey` (
  `id` bigint(10) unsigned NOT NULL auto_increment,
  `course` bigint(10) unsigned NOT NULL default '0',
  `template` bigint(10) unsigned NOT NULL default '0',
  `days` mediumint(6) NOT NULL default '0',
  `timecreated` bigint(10) unsigned NOT NULL default '0',
  `timemodified` bigint(10) unsigned NOT NULL default '0',
  `name` varchar(255) NOT NULL default '',
  `intro` text NOT NULL,
  `questions` varchar(255) NOT NULL default '',
  PRIMARY KEY  (`id`),
  KEY `surv_cou_ix` (`course`)
) ENGINE=MyISAM AUTO_INCREMENT=6 DEFAULT CHARSET=utf8 COMMENT='Each record is one SURVEY module with its configuration';

--
-- Dumping data for table `survey`
--

INSERT INTO `survey` VALUES (1,0,0,0,985017600,985017600,'collesaname','collesaintro','25,26,27,28,29,30,43,44'),(2,0,0,0,985017600,985017600,'collespname','collespintro','31,32,33,34,35,36,43,44'),(3,0,0,0,985017600,985017600,'collesapname','collesapintro','37,38,39,40,41,42,43,44'),(4,0,0,0,985017600,985017600,'attlsname','attlsintro','65,67,68'),(5,0,0,0,985017600,985017600,'ciqname','ciqintro','69,70,71,72,73');

--
-- Table structure for table `survey_analysis`
--

CREATE TABLE `survey_analysis` (
  `id` bigint(10) unsigned NOT NULL auto_increment,
  `survey` bigint(10) unsigned NOT NULL default '0',
  `userid` bigint(10) unsigned NOT NULL default '0',
  `notes` text NOT NULL,
  PRIMARY KEY  (`id`),
  KEY `survanal_use_ix` (`userid`),
  KEY `survanal_sur_ix` (`survey`)
) ENGINE=MyISAM DEFAULT CHARSET=utf8 COMMENT='text about each survey submission';

--
-- Dumping data for table `survey_analysis`
--


--
-- Table structure for table `survey_answers`
--

CREATE TABLE `survey_answers` (
  `id` bigint(10) unsigned NOT NULL auto_increment,
  `userid` bigint(10) unsigned NOT NULL default '0',
  `survey` bigint(10) unsigned NOT NULL default '0',
  `question` bigint(10) unsigned NOT NULL default '0',
  `time` bigint(10) unsigned NOT NULL default '0',
  `answer1` text NOT NULL,
  `answer2` text NOT NULL,
  PRIMARY KEY  (`id`),
  KEY `survansw_use_ix` (`userid`),
  KEY `survansw_sur_ix` (`survey`),
  KEY `survansw_que_ix` (`question`)
) ENGINE=MyISAM DEFAULT CHARSET=utf8 COMMENT='the answers to each questions filled by the users';

--
-- Dumping data for table `survey_answers`
--


--
-- Table structure for table `survey_questions`
--

CREATE TABLE `survey_questions` (
  `id` bigint(10) unsigned NOT NULL auto_increment,
  `text` varchar(255) NOT NULL default '',
  `shorttext` varchar(30) NOT NULL default '',
  `multi` varchar(100) NOT NULL default '',
  `intro` varchar(50) NOT NULL default '',
  `type` smallint(3) NOT NULL default '0',
  `options` text,
  PRIMARY KEY  (`id`)
) ENGINE=MyISAM AUTO_INCREMENT=74 DEFAULT CHARSET=utf8 COMMENT='the questions conforming one survey';

--
-- Dumping data for table `survey_questions`
--

INSERT INTO `survey_questions` VALUES (1,'colles1','colles1short','','',1,'scaletimes5'),(2,'colles2','colles2short','','',1,'scaletimes5'),(3,'colles3','colles3short','','',1,'scaletimes5'),(4,'colles4','colles4short','','',1,'scaletimes5'),(5,'colles5','colles5short','','',1,'scaletimes5'),(6,'colles6','colles6short','','',1,'scaletimes5'),(7,'colles7','colles7short','','',1,'scaletimes5'),(8,'colles8','colles8short','','',1,'scaletimes5'),(9,'colles9','colles9short','','',1,'scaletimes5'),(10,'colles10','colles10short','','',1,'scaletimes5'),(11,'colles11','colles11short','','',1,'scaletimes5'),(12,'colles12','colles12short','','',1,'scaletimes5'),(13,'colles13','colles13short','','',1,'scaletimes5'),(14,'colles14','colles14short','','',1,'scaletimes5'),(15,'colles15','colles15short','','',1,'scaletimes5'),(16,'colles16','colles16short','','',1,'scaletimes5'),(17,'colles17','colles17short','','',1,'scaletimes5'),(18,'colles18','colles18short','','',1,'scaletimes5'),(19,'colles19','colles19short','','',1,'scaletimes5'),(20,'colles20','colles20short','','',1,'scaletimes5'),(21,'colles21','colles21short','','',1,'scaletimes5'),(22,'colles22','colles22short','','',1,'scaletimes5'),(23,'colles23','colles23short','','',1,'scaletimes5'),(24,'colles24','colles24short','','',1,'scaletimes5'),(25,'collesm1','collesm1short','1,2,3,4','collesmintro',1,'scaletimes5'),(26,'collesm2','collesm2short','5,6,7,8','collesmintro',1,'scaletimes5'),(27,'collesm3','collesm3short','9,10,11,12','collesmintro',1,'scaletimes5'),(28,'collesm4','collesm4short','13,14,15,16','collesmintro',1,'scaletimes5'),(29,'collesm5','collesm5short','17,18,19,20','collesmintro',1,'scaletimes5'),(30,'collesm6','collesm6short','21,22,23,24','collesmintro',1,'scaletimes5'),(31,'collesm1','collesm1short','1,2,3,4','collesmintro',2,'scaletimes5'),(32,'collesm2','collesm2short','5,6,7,8','collesmintro',2,'scaletimes5'),(33,'collesm3','collesm3short','9,10,11,12','collesmintro',2,'scaletimes5'),(34,'collesm4','collesm4short','13,14,15,16','collesmintro',2,'scaletimes5'),(35,'collesm5','collesm5short','17,18,19,20','collesmintro',2,'scaletimes5'),(36,'collesm6','collesm6short','21,22,23,24','collesmintro',2,'scaletimes5'),(37,'collesm1','collesm1short','1,2,3,4','collesmintro',3,'scaletimes5'),(38,'collesm2','collesm2short','5,6,7,8','collesmintro',3,'scaletimes5'),(39,'collesm3','collesm3short','9,10,11,12','collesmintro',3,'scaletimes5'),(40,'collesm4','collesm4short','13,14,15,16','collesmintro',3,'scaletimes5'),(41,'collesm5','collesm5short','17,18,19,20','collesmintro',3,'scaletimes5'),(42,'collesm6','collesm6short','21,22,23,24','collesmintro',3,'scaletimes5'),(43,'howlong','','','',1,'howlongoptions'),(44,'othercomments','','','',0,NULL),(45,'attls1','attls1short','','',1,'scaleagree5'),(46,'attls2','attls2short','','',1,'scaleagree5'),(47,'attls3','attls3short','','',1,'scaleagree5'),(48,'attls4','attls4short','','',1,'scaleagree5'),(49,'attls5','attls5short','','',1,'scaleagree5'),(50,'attls6','attls6short','','',1,'scaleagree5'),(51,'attls7','attls7short','','',1,'scaleagree5'),(52,'attls8','attls8short','','',1,'scaleagree5'),(53,'attls9','attls9short','','',1,'scaleagree5'),(54,'attls10','attls10short','','',1,'scaleagree5'),(55,'attls11','attls11short','','',1,'scaleagree5'),(56,'attls12','attls12short','','',1,'scaleagree5'),(57,'attls13','attls13short','','',1,'scaleagree5'),(58,'attls14','attls14short','','',1,'scaleagree5'),(59,'attls15','attls15short','','',1,'scaleagree5'),(60,'attls16','attls16short','','',1,'scaleagree5'),(61,'attls17','attls17short','','',1,'scaleagree5'),(62,'attls18','attls18short','','',1,'scaleagree5'),(63,'attls19','attls19short','','',1,'scaleagree5'),(64,'attls20','attls20short','','',1,'scaleagree5'),(65,'attlsm1','attlsm1','45,46,47,48,49,50,51,52,53,54,55,56,57,58,59,60,61,62,63,64','attlsmintro',1,'scaleagree5'),(66,'-','-','-','-',0,'-'),(67,'attlsm2','attlsm2','63,62,59,57,55,49,52,50,48,47','attlsmintro',-1,'scaleagree5'),(68,'attlsm3','attlsm3','46,54,45,51,60,53,56,58,61,64','attlsmintro',-1,'scaleagree5'),(69,'ciq1','ciq1short','','',0,NULL),(70,'ciq2','ciq2short','','',0,NULL),(71,'ciq3','ciq3short','','',0,NULL),(72,'ciq4','ciq4short','','',0,NULL),(73,'ciq5','ciq5short','','',0,NULL);

--
-- Table structure for table `tags`
--

CREATE TABLE `tags` (
  `id` bigint(10) unsigned NOT NULL auto_increment,
  `type` varchar(255) NOT NULL default 'official',
  `userid` bigint(10) unsigned NOT NULL default '0',
  `text` varchar(20) NOT NULL default '',
  PRIMARY KEY  (`id`),
  KEY `tags_typuse_ix` (`type`,`userid`),
  KEY `tags_tex_ix` (`text`)
) ENGINE=MyISAM DEFAULT CHARSET=utf8 COMMENT='tags structure for moodle';

--
-- Dumping data for table `tags`
--


--
-- Table structure for table `timezone`
--

CREATE TABLE `timezone` (
  `id` bigint(10) NOT NULL auto_increment,
  `name` varchar(100) NOT NULL default '',
  `year` bigint(11) NOT NULL default '0',
  `tzrule` varchar(20) NOT NULL default '',
  `gmtoff` bigint(11) NOT NULL default '0',
  `dstoff` bigint(11) NOT NULL default '0',
  `dst_month` tinyint(2) NOT NULL default '0',
  `dst_startday` smallint(3) NOT NULL default '0',
  `dst_weekday` smallint(3) NOT NULL default '0',
  `dst_skipweeks` smallint(3) NOT NULL default '0',
  `dst_time` varchar(5) NOT NULL default '00:00',
  `std_month` tinyint(2) NOT NULL default '0',
  `std_startday` smallint(3) NOT NULL default '0',
  `std_weekday` smallint(3) NOT NULL default '0',
  `std_skipweeks` smallint(3) NOT NULL default '0',
  `std_time` varchar(5) NOT NULL default '00:00',
  PRIMARY KEY  (`id`)
) ENGINE=MyISAM DEFAULT CHARSET=utf8 COMMENT='Rules for calculating local wall clock time for users';

--
-- Dumping data for table `timezone`
--


--
-- Table structure for table `user`
--

CREATE TABLE `user` (
  `id` bigint(10) unsigned NOT NULL auto_increment,
  `auth` varchar(20) NOT NULL default 'manual',
  `confirmed` tinyint(1) NOT NULL default '0',
  `policyagreed` tinyint(1) NOT NULL default '0',
  `deleted` tinyint(1) NOT NULL default '0',
  `mnethostid` bigint(10) NOT NULL default '0',
  `username` varchar(100) NOT NULL default '',
  `password` varchar(32) NOT NULL default '',
  `idnumber` varchar(64) NOT NULL default '',
  `firstname` varchar(100) NOT NULL default '',
  `lastname` varchar(100) NOT NULL default '',
  `email` varchar(100) NOT NULL default '',
  `emailstop` tinyint(1) unsigned NOT NULL default '0',
  `icq` varchar(15) NOT NULL default '',
  `skype` varchar(50) NOT NULL default '',
  `yahoo` varchar(50) NOT NULL default '',
  `aim` varchar(50) NOT NULL default '',
  `msn` varchar(50) NOT NULL default '',
  `phone1` varchar(20) NOT NULL default '',
  `phone2` varchar(20) NOT NULL default '',
  `institution` varchar(40) NOT NULL default '',
  `department` varchar(30) NOT NULL default '',
  `address` varchar(70) NOT NULL default '',
  `city` varchar(20) NOT NULL default '',
  `country` varchar(2) NOT NULL default '',
  `lang` varchar(30) NOT NULL default 'en',
  `theme` varchar(50) NOT NULL default '',
  `timezone` varchar(100) NOT NULL default '99',
  `firstaccess` bigint(10) unsigned NOT NULL default '0',
  `lastaccess` bigint(10) unsigned NOT NULL default '0',
  `lastlogin` bigint(10) unsigned NOT NULL default '0',
  `currentlogin` bigint(10) unsigned NOT NULL default '0',
  `lastip` varchar(15) NOT NULL default '',
  `secret` varchar(15) NOT NULL default '',
  `picture` tinyint(1) NOT NULL default '0',
  `url` varchar(255) NOT NULL default '',
  `description` text,
  `mailformat` tinyint(1) unsigned NOT NULL default '1',
  `maildigest` tinyint(1) unsigned NOT NULL default '0',
  `maildisplay` tinyint(2) unsigned NOT NULL default '2',
  `htmleditor` tinyint(1) unsigned NOT NULL default '1',
  `ajax` tinyint(1) unsigned NOT NULL default '1',
  `autosubscribe` tinyint(1) unsigned NOT NULL default '1',
  `trackforums` tinyint(1) unsigned NOT NULL default '0',
  `timemodified` bigint(10) unsigned NOT NULL default '0',
  `trustbitmask` bigint(10) unsigned NOT NULL default '0',
  `imagealt` varchar(255) default NULL,
  `screenreader` tinyint(1) NOT NULL default '0',
  PRIMARY KEY  (`id`),
  UNIQUE KEY `user_mneuse_uix` (`mnethostid`,`username`),
  KEY `user_del_ix` (`deleted`),
  KEY `user_con_ix` (`confirmed`),
  KEY `user_fir_ix` (`firstname`),
  KEY `user_las_ix` (`lastname`),
  KEY `user_cit_ix` (`city`),
  KEY `user_cou_ix` (`country`),
  KEY `user_las2_ix` (`lastaccess`),
  KEY `user_ema_ix` (`email`),
  KEY `user_aut_ix` (`auth`),
  KEY `user_idn_ix` (`idnumber`)
) ENGINE=MyISAM AUTO_INCREMENT=6480 DEFAULT CHARSET=utf8 COMMENT='One record for each person';

--
-- Dumping data for table `user`
--

INSERT INTO `user` VALUES (1,'manual',1,0,0,1,'guest','084e0343a0486ff05530df6c705c8bb4','','Guest User',' ','root@localhost',0,'','','','','','','','','','','','','en_utf8','','99',0,0,0,0,'','',0,'','This user is a special user that allows read-only access to some courses.',1,0,2,1,1,1,0,1192651979,0,NULL,0),(2,'manual',1,0,0,1,'admin','098f6bcd4621d373cade4e832627b4f6','','Dan','Poltawski','dan.poltawski@lancaster.ac.uk',0,'','','','','','','','','','','CLEO','GB','en_utf8','','99',0,1192791057,1192704087,1192790083,'127.0.1.1','',0,'','',1,0,1,1,1,1,0,1192791048,0,'',0);

--
-- Table structure for table `user_info_category`
--

CREATE TABLE `user_info_category` (
  `id` bigint(10) NOT NULL auto_increment,
  `name` varchar(255) NOT NULL default '',
  `sortorder` bigint(10) unsigned NOT NULL default '0',
  PRIMARY KEY  (`id`)
) ENGINE=MyISAM DEFAULT CHARSET=utf8 COMMENT='Customisable fields categories';

--
-- Dumping data for table `user_info_category`
--


--
-- Table structure for table `user_info_data`
--

CREATE TABLE `user_info_data` (
  `id` bigint(10) NOT NULL auto_increment,
  `userid` bigint(10) unsigned NOT NULL default '0',
  `fieldid` bigint(10) unsigned NOT NULL default '0',
  `data` longtext NOT NULL,
  PRIMARY KEY  (`id`)
) ENGINE=MyISAM DEFAULT CHARSET=utf8 COMMENT='Data for the customisable user fields';

--
-- Dumping data for table `user_info_data`
--


--
-- Table structure for table `user_info_field`
--

CREATE TABLE `user_info_field` (
  `id` bigint(10) NOT NULL auto_increment,
  `shortname` varchar(255) NOT NULL default 'shortname',
  `name` longtext NOT NULL,
  `datatype` varchar(255) NOT NULL default '',
  `description` longtext,
  `categoryid` bigint(10) unsigned NOT NULL default '0',
  `sortorder` bigint(10) unsigned NOT NULL default '0',
  `required` tinyint(2) unsigned NOT NULL default '0',
  `locked` tinyint(2) unsigned NOT NULL default '0',
  `visible` smallint(4) unsigned NOT NULL default '0',
  `defaultdata` longtext,
  `param1` longtext,
  `param2` longtext,
  `param3` longtext,
  `param4` longtext,
  `param5` longtext,
  PRIMARY KEY  (`id`)
) ENGINE=MyISAM DEFAULT CHARSET=utf8 COMMENT='Customisable user profile fields';

--
-- Dumping data for table `user_info_field`
--


--
-- Table structure for table `user_lastaccess`
--

CREATE TABLE `user_lastaccess` (
  `id` bigint(10) unsigned NOT NULL auto_increment,
  `userid` bigint(10) unsigned NOT NULL default '0',
  `courseid` bigint(10) unsigned NOT NULL default '0',
  `timeaccess` bigint(10) unsigned NOT NULL default '0',
  PRIMARY KEY  (`id`),
  UNIQUE KEY `userlast_usecou_uix` (`userid`,`courseid`),
  KEY `userlast_use_ix` (`userid`),
  KEY `userlast_cou_ix` (`courseid`)
) ENGINE=MyISAM AUTO_INCREMENT=4 DEFAULT CHARSET=utf8 COMMENT='To keep track of course page access times, used in online pa';

--
-- Dumping data for table `user_lastaccess`
--

INSERT INTO `user_lastaccess` VALUES (1,2,2,1192790162),(2,2,3,1192790187),(3,2,4,1192790260);

--
-- Table structure for table `user_preferences`
--

CREATE TABLE `user_preferences` (
  `id` bigint(10) unsigned NOT NULL auto_increment,
  `userid` bigint(10) unsigned NOT NULL default '0',
  `name` varchar(50) NOT NULL default '',
  `value` varchar(255) NOT NULL default '',
  PRIMARY KEY  (`id`),
  UNIQUE KEY `userpref_usenam_uix` (`userid`,`name`)
) ENGINE=MyISAM AUTO_INCREMENT=6482 DEFAULT CHARSET=utf8 COMMENT='Allows modules to store arbitrary user preferences';

--
-- Dumping data for table `user_preferences`
--

INSERT INTO `user_preferences` VALUES (1,2,'auth_forcepasswordchange','0'),(2,2,'email_bounce_count','1'),(3,2,'email_send_count','1'),(4,3,'auth_forcepasswordchange','1'),(5,4,'auth_forcepasswordchange','1'),(6,5,'auth_forcepasswordchange','1'),(7,6,'auth_forcepasswordchange','1'),(8,7,'auth_forcepasswordchange','1'),(9,8,'auth_forcepasswordchange','1'),(10,9,'auth_forcepasswordchange','1'),(11,10,'auth_forcepasswordchange','1'),(12,11,'auth_forcepasswordchange','1'),(13,12,'auth_forcepasswordchange','1'),(14,13,'auth_forcepasswordchange','1'),(15,14,'auth_forcepasswordchange','1'),(16,15,'auth_forcepasswordchange','1'),(17,16,'auth_forcepasswordchange','1'),(18,17,'auth_forcepasswordchange','1'),(19,18,'auth_forcepasswordchange','1'),(20,19,'auth_forcepasswordchange','1'),(21,20,'auth_forcepasswordchange','1'),(22,21,'auth_forcepasswordchange','1'),(23,22,'auth_forcepasswordchange','1'),(24,23,'auth_forcepasswordchange','1'),(25,24,'auth_forcepasswordchange','1'),(26,25,'auth_forcepasswordchange','1'),(27,26,'auth_forcepasswordchange','1'),(28,27,'auth_forcepasswordchange','1'),(29,28,'auth_forcepasswordchange','1'),(30,29,'auth_forcepasswordchange','1'),(31,30,'auth_forcepasswordchange','1'),(32,31,'auth_forcepasswordchange','1'),(33,32,'auth_forcepasswordchange','1'),(34,33,'auth_forcepasswordchange','1'),(35,34,'auth_forcepasswordchange','1'),(36,35,'auth_forcepasswordchange','1'),(37,36,'auth_forcepasswordchange','1'),(38,37,'auth_forcepasswordchange','1'),(39,38,'auth_forcepasswordchange','1'),(40,39,'auth_forcepasswordchange','1'),(41,40,'auth_forcepasswordchange','1'),(42,41,'auth_forcepasswordchange','1'),(43,42,'auth_forcepasswordchange','1'),(44,43,'auth_forcepasswordchange','1'),(45,44,'auth_forcepasswordchange','1'),(46,45,'auth_forcepasswordchange','1'),(47,46,'auth_forcepasswordchange','1'),(48,47,'auth_forcepasswordchange','1'),(49,48,'auth_forcepasswordchange','1'),(50,49,'auth_forcepasswordchange','1'),(51,50,'auth_forcepasswordchange','1'),(52,51,'auth_forcepasswordchange','1'),(53,52,'auth_forcepasswordchange','1'),(54,53,'auth_forcepasswordchange','1'),(55,54,'auth_forcepasswordchange','1'),(56,55,'auth_forcepasswordchange','1'),(57,56,'auth_forcepasswordchange','1'),(58,57,'auth_forcepasswordchange','1'),(59,58,'auth_forcepasswordchange','1'),(60,59,'auth_forcepasswordchange','1'),(61,60,'auth_forcepasswordchange','1'),(62,61,'auth_forcepasswordchange','1'),(63,62,'auth_forcepasswordchange','1'),(64,63,'auth_forcepasswordchange','1'),(65,64,'auth_forcepasswordchange','1'),(66,65,'auth_forcepasswordchange','1'),(67,66,'auth_forcepasswordchange','1'),(68,67,'auth_forcepasswordchange','1'),(69,68,'auth_forcepasswordchange','1'),(70,69,'auth_forcepasswordchange','1'),(71,70,'auth_forcepasswordchange','1'),(72,71,'auth_forcepasswordchange','1'),(73,72,'auth_forcepasswordchange','1'),(74,73,'auth_forcepasswordchange','1'),(75,74,'auth_forcepasswordchange','1'),(76,75,'auth_forcepasswordchange','1'),(77,76,'auth_forcepasswordchange','1'),(78,77,'auth_forcepasswordchange','1'),(79,78,'auth_forcepasswordchange','1'),(80,79,'auth_forcepasswordchange','1'),(81,80,'auth_forcepasswordchange','1'),(82,81,'auth_forcepasswordchange','1'),(83,82,'auth_forcepasswordchange','1'),(84,83,'auth_forcepasswordchange','1'),(85,84,'auth_forcepasswordchange','1'),(86,85,'auth_forcepasswordchange','1'),(87,86,'auth_forcepasswordchange','1'),(88,87,'auth_forcepasswordchange','1'),(89,88,'auth_forcepasswordchange','1'),(90,89,'auth_forcepasswordchange','1'),(91,90,'auth_forcepasswordchange','1'),(92,91,'auth_forcepasswordchange','1'),(93,92,'auth_forcepasswordchange','1'),(94,93,'auth_forcepasswordchange','1'),(95,94,'auth_forcepasswordchange','1'),(96,95,'auth_forcepasswordchange','1'),(97,96,'auth_forcepasswordchange','1'),(98,97,'auth_forcepasswordchange','1'),(99,98,'auth_forcepasswordchange','1'),(100,99,'auth_forcepasswordchange','1'),(101,100,'auth_forcepasswordchange','1'),(102,101,'auth_forcepasswordchange','1'),(103,102,'auth_forcepasswordchange','1'),(104,103,'auth_forcepasswordchange','1'),(105,104,'auth_forcepasswordchange','1'),(106,105,'auth_forcepasswordchange','1'),(107,106,'auth_forcepasswordchange','1'),(108,107,'auth_forcepasswordchange','1'),(109,108,'auth_forcepasswordchange','1'),(110,109,'auth_forcepasswordchange','1'),(111,110,'auth_forcepasswordchange','1'),(112,111,'auth_forcepasswordchange','1'),(113,112,'auth_forcepasswordchange','1'),(114,113,'auth_forcepasswordchange','1'),(115,114,'auth_forcepasswordchange','1'),(116,115,'auth_forcepasswordchange','1'),(117,116,'auth_forcepasswordchange','1'),(118,117,'auth_forcepasswordchange','1'),(119,118,'auth_forcepasswordchange','1'),(120,119,'auth_forcepasswordchange','1'),(121,120,'auth_forcepasswordchange','1'),(122,121,'auth_forcepasswordchange','1'),(123,122,'auth_forcepasswordchange','1'),(124,123,'auth_forcepasswordchange','1'),(125,124,'auth_forcepasswordchange','1'),(126,125,'auth_forcepasswordchange','1'),(127,126,'auth_forcepasswordchange','1'),(128,127,'auth_forcepasswordchange','1'),(129,128,'auth_forcepasswordchange','1'),(130,129,'auth_forcepasswordchange','1'),(131,130,'auth_forcepasswordchange','1'),(132,131,'auth_forcepasswordchange','1'),(133,132,'auth_forcepasswordchange','1'),(134,133,'auth_forcepasswordchange','1'),(135,134,'auth_forcepasswordchange','1'),(136,135,'auth_forcepasswordchange','1'),(137,136,'auth_forcepasswordchange','1'),(138,137,'auth_forcepasswordchange','1'),(139,138,'auth_forcepasswordchange','1'),(140,139,'auth_forcepasswordchange','1'),(141,140,'auth_forcepasswordchange','1'),(142,141,'auth_forcepasswordchange','1'),(143,142,'auth_forcepasswordchange','1'),(144,143,'auth_forcepasswordchange','1'),(145,144,'auth_forcepasswordchange','1'),(146,145,'auth_forcepasswordchange','1'),(147,146,'auth_forcepasswordchange','1'),(148,147,'auth_forcepasswordchange','1'),(149,148,'auth_forcepasswordchange','1'),(150,149,'auth_forcepasswordchange','1'),(151,150,'auth_forcepasswordchange','1'),(152,151,'auth_forcepasswordchange','1'),(153,152,'auth_forcepasswordchange','1'),(154,153,'auth_forcepasswordchange','1'),(155,154,'auth_forcepasswordchange','1'),(156,155,'auth_forcepasswordchange','1'),(157,156,'auth_forcepasswordchange','1'),(158,157,'auth_forcepasswordchange','1'),(159,158,'auth_forcepasswordchange','1'),(160,159,'auth_forcepasswordchange','1'),(161,160,'auth_forcepasswordchange','1'),(162,161,'auth_forcepasswordchange','1'),(163,162,'auth_forcepasswordchange','1'),(164,163,'auth_forcepasswordchange','1'),(165,164,'auth_forcepasswordchange','1'),(166,165,'auth_forcepasswordchange','1'),(167,166,'auth_forcepasswordchange','1'),(168,167,'auth_forcepasswordchange','1'),(169,168,'auth_forcepasswordchange','1'),(170,169,'auth_forcepasswordchange','1'),(171,170,'auth_forcepasswordchange','1'),(172,171,'auth_forcepasswordchange','1'),(173,172,'auth_forcepasswordchange','1'),(174,173,'auth_forcepasswordchange','1'),(175,174,'auth_forcepasswordchange','1'),(176,175,'auth_forcepasswordchange','1'),(177,176,'auth_forcepasswordchange','1'),(178,177,'auth_forcepasswordchange','1'),(179,178,'auth_forcepasswordchange','1'),(180,179,'auth_forcepasswordchange','1'),(181,180,'auth_forcepasswordchange','1'),(182,181,'auth_forcepasswordchange','1'),(183,182,'auth_forcepasswordchange','1'),(184,183,'auth_forcepasswordchange','1'),(185,184,'auth_forcepasswordchange','1'),(186,185,'auth_forcepasswordchange','1'),(187,186,'auth_forcepasswordchange','1'),(188,187,'auth_forcepasswordchange','1'),(189,188,'auth_forcepasswordchange','1'),(190,189,'auth_forcepasswordchange','1'),(191,190,'auth_forcepasswordchange','1'),(192,191,'auth_forcepasswordchange','1'),(193,192,'auth_forcepasswordchange','1'),(194,193,'auth_forcepasswordchange','1'),(195,194,'auth_forcepasswordchange','1'),(196,195,'auth_forcepasswordchange','1'),(197,196,'auth_forcepasswordchange','1'),(198,197,'auth_forcepasswordchange','1'),(199,198,'auth_forcepasswordchange','1'),(200,199,'auth_forcepasswordchange','1'),(201,200,'auth_forcepasswordchange','1'),(202,201,'auth_forcepasswordchange','1'),(203,202,'auth_forcepasswordchange','1'),(204,203,'auth_forcepasswordchange','1'),(205,204,'auth_forcepasswordchange','1'),(206,205,'auth_forcepasswordchange','1'),(207,206,'auth_forcepasswordchange','1'),(208,207,'auth_forcepasswordchange','1'),(209,208,'auth_forcepasswordchange','1'),(210,209,'auth_forcepasswordchange','1'),(211,210,'auth_forcepasswordchange','1'),(212,211,'auth_forcepasswordchange','1'),(213,212,'auth_forcepasswordchange','1'),(214,213,'auth_forcepasswordchange','1'),(215,214,'auth_forcepasswordchange','1'),(216,215,'auth_forcepasswordchange','1'),(217,216,'auth_forcepasswordchange','1'),(218,217,'auth_forcepasswordchange','1'),(219,218,'auth_forcepasswordchange','1'),(220,219,'auth_forcepasswordchange','1'),(221,220,'auth_forcepasswordchange','1'),(222,221,'auth_forcepasswordchange','1'),(223,222,'auth_forcepasswordchange','1'),(224,223,'auth_forcepasswordchange','1'),(225,224,'auth_forcepasswordchange','1'),(226,225,'auth_forcepasswordchange','1'),(227,226,'auth_forcepasswordchange','1'),(228,227,'auth_forcepasswordchange','1'),(229,228,'auth_forcepasswordchange','1'),(230,229,'auth_forcepasswordchange','1'),(231,230,'auth_forcepasswordchange','1'),(232,231,'auth_forcepasswordchange','1'),(233,232,'auth_forcepasswordchange','1'),(234,233,'auth_forcepasswordchange','1'),(235,234,'auth_forcepasswordchange','1'),(236,235,'auth_forcepasswordchange','1'),(237,236,'auth_forcepasswordchange','1'),(238,237,'auth_forcepasswordchange','1'),(239,238,'auth_forcepasswordchange','1'),(240,239,'auth_forcepasswordchange','1'),(241,240,'auth_forcepasswordchange','1'),(242,241,'auth_forcepasswordchange','1'),(243,242,'auth_forcepasswordchange','1'),(244,243,'auth_forcepasswordchange','1'),(245,244,'auth_forcepasswordchange','1'),(246,245,'auth_forcepasswordchange','1'),(247,246,'auth_forcepasswordchange','1'),(248,247,'auth_forcepasswordchange','1'),(249,248,'auth_forcepasswordchange','1'),(250,249,'auth_forcepasswordchange','1'),(251,250,'auth_forcepasswordchange','1'),(252,251,'auth_forcepasswordchange','1'),(253,252,'auth_forcepasswordchange','1'),(254,253,'auth_forcepasswordchange','1'),(255,254,'auth_forcepasswordchange','1'),(256,255,'auth_forcepasswordchange','1'),(257,256,'auth_forcepasswordchange','1'),(258,257,'auth_forcepasswordchange','1'),(259,258,'auth_forcepasswordchange','1'),(260,259,'auth_forcepasswordchange','1'),(261,260,'auth_forcepasswordchange','1'),(262,261,'auth_forcepasswordchange','1'),(263,262,'auth_forcepasswordchange','1'),(264,263,'auth_forcepasswordchange','1'),(265,264,'auth_forcepasswordchange','1'),(266,265,'auth_forcepasswordchange','1'),(267,266,'auth_forcepasswordchange','1'),(268,267,'auth_forcepasswordchange','1'),(269,268,'auth_forcepasswordchange','1'),(270,269,'auth_forcepasswordchange','1'),(271,270,'auth_forcepasswordchange','1'),(272,271,'auth_forcepasswordchange','1'),(273,272,'auth_forcepasswordchange','1'),(274,273,'auth_forcepasswordchange','1'),(275,274,'auth_forcepasswordchange','1'),(276,275,'auth_forcepasswordchange','1'),(277,276,'auth_forcepasswordchange','1'),(278,277,'auth_forcepasswordchange','1'),(279,278,'auth_forcepasswordchange','1'),(280,279,'auth_forcepasswordchange','1'),(281,280,'auth_forcepasswordchange','1'),(282,281,'auth_forcepasswordchange','1'),(283,282,'auth_forcepasswordchange','1'),(284,283,'auth_forcepasswordchange','1'),(285,284,'auth_forcepasswordchange','1'),(286,285,'auth_forcepasswordchange','1'),(287,286,'auth_forcepasswordchange','1'),(288,287,'auth_forcepasswordchange','1'),(289,288,'auth_forcepasswordchange','1'),(290,289,'auth_forcepasswordchange','1'),(291,290,'auth_forcepasswordchange','1'),(292,291,'auth_forcepasswordchange','1'),(293,292,'auth_forcepasswordchange','1'),(294,293,'auth_forcepasswordchange','1'),(295,294,'auth_forcepasswordchange','1'),(296,295,'auth_forcepasswordchange','1'),(297,296,'auth_forcepasswordchange','1'),(298,297,'auth_forcepasswordchange','1'),(299,298,'auth_forcepasswordchange','1'),(300,299,'auth_forcepasswordchange','1'),(301,300,'auth_forcepasswordchange','1'),(302,301,'auth_forcepasswordchange','1'),(303,302,'auth_forcepasswordchange','1'),(304,303,'auth_forcepasswordchange','1'),(305,304,'auth_forcepasswordchange','1'),(306,305,'auth_forcepasswordchange','1'),(307,306,'auth_forcepasswordchange','1'),(308,307,'auth_forcepasswordchange','1'),(309,308,'auth_forcepasswordchange','1'),(310,309,'auth_forcepasswordchange','1'),(311,310,'auth_forcepasswordchange','1'),(312,311,'auth_forcepasswordchange','1'),(313,312,'auth_forcepasswordchange','1'),(314,313,'auth_forcepasswordchange','1'),(315,314,'auth_forcepasswordchange','1'),(316,315,'auth_forcepasswordchange','1'),(317,316,'auth_forcepasswordchange','1'),(318,317,'auth_forcepasswordchange','1'),(319,318,'auth_forcepasswordchange','1'),(320,319,'auth_forcepasswordchange','1'),(321,320,'auth_forcepasswordchange','1'),(322,321,'auth_forcepasswordchange','1'),(323,322,'auth_forcepasswordchange','1'),(324,323,'auth_forcepasswordchange','1'),(325,324,'auth_forcepasswordchange','1'),(326,325,'auth_forcepasswordchange','1'),(327,326,'auth_forcepasswordchange','1'),(328,327,'auth_forcepasswordchange','1'),(329,328,'auth_forcepasswordchange','1'),(330,329,'auth_forcepasswordchange','1'),(331,330,'auth_forcepasswordchange','1'),(332,331,'auth_forcepasswordchange','1'),(333,332,'auth_forcepasswordchange','1'),(334,333,'auth_forcepasswordchange','1'),(335,334,'auth_forcepasswordchange','1'),(336,335,'auth_forcepasswordchange','1'),(337,336,'auth_forcepasswordchange','1'),(338,337,'auth_forcepasswordchange','1'),(339,338,'auth_forcepasswordchange','1'),(340,339,'auth_forcepasswordchange','1'),(341,340,'auth_forcepasswordchange','1'),(342,341,'auth_forcepasswordchange','1'),(343,342,'auth_forcepasswordchange','1'),(344,343,'auth_forcepasswordchange','1'),(345,344,'auth_forcepasswordchange','1'),(346,345,'auth_forcepasswordchange','1'),(347,346,'auth_forcepasswordchange','1'),(348,347,'auth_forcepasswordchange','1'),(349,348,'auth_forcepasswordchange','1'),(350,349,'auth_forcepasswordchange','1'),(351,350,'auth_forcepasswordchange','1'),(352,351,'auth_forcepasswordchange','1'),(353,352,'auth_forcepasswordchange','1'),(354,353,'auth_forcepasswordchange','1'),(355,354,'auth_forcepasswordchange','1'),(356,355,'auth_forcepasswordchange','1'),(357,356,'auth_forcepasswordchange','1'),(358,357,'auth_forcepasswordchange','1'),(359,358,'auth_forcepasswordchange','1'),(360,359,'auth_forcepasswordchange','1'),(361,360,'auth_forcepasswordchange','1'),(362,361,'auth_forcepasswordchange','1'),(363,362,'auth_forcepasswordchange','1'),(364,363,'auth_forcepasswordchange','1'),(365,364,'auth_forcepasswordchange','1'),(366,365,'auth_forcepasswordchange','1'),(367,366,'auth_forcepasswordchange','1'),(368,367,'auth_forcepasswordchange','1'),(369,368,'auth_forcepasswordchange','1'),(370,369,'auth_forcepasswordchange','1'),(371,370,'auth_forcepasswordchange','1'),(372,371,'auth_forcepasswordchange','1'),(373,372,'auth_forcepasswordchange','1'),(374,373,'auth_forcepasswordchange','1'),(375,374,'auth_forcepasswordchange','1'),(376,375,'auth_forcepasswordchange','1'),(377,376,'auth_forcepasswordchange','1'),(378,377,'auth_forcepasswordchange','1'),(379,378,'auth_forcepasswordchange','1'),(380,379,'auth_forcepasswordchange','1'),(381,380,'auth_forcepasswordchange','1'),(382,381,'auth_forcepasswordchange','1'),(383,382,'auth_forcepasswordchange','1'),(384,383,'auth_forcepasswordchange','1'),(385,384,'auth_forcepasswordchange','1'),(386,385,'auth_forcepasswordchange','1'),(387,386,'auth_forcepasswordchange','1'),(388,387,'auth_forcepasswordchange','1'),(389,388,'auth_forcepasswordchange','1'),(390,389,'auth_forcepasswordchange','1'),(391,390,'auth_forcepasswordchange','1'),(392,391,'auth_forcepasswordchange','1'),(393,392,'auth_forcepasswordchange','1'),(394,393,'auth_forcepasswordchange','1'),(395,394,'auth_forcepasswordchange','1'),(396,395,'auth_forcepasswordchange','1'),(397,396,'auth_forcepasswordchange','1'),(398,397,'auth_forcepasswordchange','1'),(399,398,'auth_forcepasswordchange','1'),(400,399,'auth_forcepasswordchange','1'),(401,400,'auth_forcepasswordchange','1'),(402,401,'auth_forcepasswordchange','1'),(403,402,'auth_forcepasswordchange','1'),(404,403,'auth_forcepasswordchange','1'),(405,404,'auth_forcepasswordchange','1'),(406,405,'auth_forcepasswordchange','1'),(407,406,'auth_forcepasswordchange','1'),(408,407,'auth_forcepasswordchange','1'),(409,408,'auth_forcepasswordchange','1'),(410,409,'auth_forcepasswordchange','1'),(411,410,'auth_forcepasswordchange','1'),(412,411,'auth_forcepasswordchange','1'),(413,412,'auth_forcepasswordchange','1'),(414,413,'auth_forcepasswordchange','1'),(415,414,'auth_forcepasswordchange','1'),(416,415,'auth_forcepasswordchange','1'),(417,416,'auth_forcepasswordchange','1'),(418,417,'auth_forcepasswordchange','1'),(419,418,'auth_forcepasswordchange','1'),(420,419,'auth_forcepasswordchange','1'),(421,420,'auth_forcepasswordchange','1'),(422,421,'auth_forcepasswordchange','1'),(423,422,'auth_forcepasswordchange','1'),(424,423,'auth_forcepasswordchange','1'),(425,424,'auth_forcepasswordchange','1'),(426,425,'auth_forcepasswordchange','1'),(427,426,'auth_forcepasswordchange','1'),(428,427,'auth_forcepasswordchange','1'),(429,428,'auth_forcepasswordchange','1'),(430,429,'auth_forcepasswordchange','1'),(431,430,'auth_forcepasswordchange','1'),(432,431,'auth_forcepasswordchange','1'),(433,432,'auth_forcepasswordchange','1'),(434,433,'auth_forcepasswordchange','1'),(435,434,'auth_forcepasswordchange','1'),(436,435,'auth_forcepasswordchange','1'),(437,436,'auth_forcepasswordchange','1'),(438,437,'auth_forcepasswordchange','1'),(439,438,'auth_forcepasswordchange','1'),(440,439,'auth_forcepasswordchange','1'),(441,440,'auth_forcepasswordchange','1'),(442,441,'auth_forcepasswordchange','1'),(443,442,'auth_forcepasswordchange','1'),(444,443,'auth_forcepasswordchange','1'),(445,444,'auth_forcepasswordchange','1'),(446,445,'auth_forcepasswordchange','1'),(447,446,'auth_forcepasswordchange','1'),(448,447,'auth_forcepasswordchange','1'),(449,448,'auth_forcepasswordchange','1'),(450,449,'auth_forcepasswordchange','1'),(451,450,'auth_forcepasswordchange','1'),(452,451,'auth_forcepasswordchange','1'),(453,452,'auth_forcepasswordchange','1'),(454,453,'auth_forcepasswordchange','1'),(455,454,'auth_forcepasswordchange','1'),(456,455,'auth_forcepasswordchange','1'),(457,456,'auth_forcepasswordchange','1'),(458,457,'auth_forcepasswordchange','1'),(459,458,'auth_forcepasswordchange','1'),(460,459,'auth_forcepasswordchange','1'),(461,460,'auth_forcepasswordchange','1'),(462,461,'auth_forcepasswordchange','1'),(463,462,'auth_forcepasswordchange','1'),(464,463,'auth_forcepasswordchange','1'),(465,464,'auth_forcepasswordchange','1'),(466,465,'auth_forcepasswordchange','1'),(467,466,'auth_forcepasswordchange','1'),(468,467,'auth_forcepasswordchange','1'),(469,468,'auth_forcepasswordchange','1'),(470,469,'auth_forcepasswordchange','1'),(471,470,'auth_forcepasswordchange','1'),(472,471,'auth_forcepasswordchange','1'),(473,472,'auth_forcepasswordchange','1'),(474,473,'auth_forcepasswordchange','1'),(475,474,'auth_forcepasswordchange','1'),(476,475,'auth_forcepasswordchange','1'),(477,476,'auth_forcepasswordchange','1'),(478,477,'auth_forcepasswordchange','1'),(479,478,'auth_forcepasswordchange','1'),(480,479,'auth_forcepasswordchange','1'),(481,480,'auth_forcepasswordchange','1'),(482,481,'auth_forcepasswordchange','1'),(483,482,'auth_forcepasswordchange','1'),(484,483,'auth_forcepasswordchange','1'),(485,484,'auth_forcepasswordchange','1'),(486,485,'auth_forcepasswordchange','1'),(487,486,'auth_forcepasswordchange','1'),(488,487,'auth_forcepasswordchange','1'),(489,488,'auth_forcepasswordchange','1'),(490,489,'auth_forcepasswordchange','1'),(491,490,'auth_forcepasswordchange','1'),(492,491,'auth_forcepasswordchange','1'),(493,492,'auth_forcepasswordchange','1'),(494,493,'auth_forcepasswordchange','1'),(495,494,'auth_forcepasswordchange','1'),(496,495,'auth_forcepasswordchange','1'),(497,496,'auth_forcepasswordchange','1'),(498,497,'auth_forcepasswordchange','1'),(499,498,'auth_forcepasswordchange','1'),(500,499,'auth_forcepasswordchange','1'),(501,500,'auth_forcepasswordchange','1'),(502,501,'auth_forcepasswordchange','1'),(503,502,'auth_forcepasswordchange','1'),(504,503,'auth_forcepasswordchange','1'),(505,504,'auth_forcepasswordchange','1'),(506,505,'auth_forcepasswordchange','1'),(507,506,'auth_forcepasswordchange','1'),(508,507,'auth_forcepasswordchange','1'),(509,508,'auth_forcepasswordchange','1'),(510,509,'auth_forcepasswordchange','1'),(511,510,'auth_forcepasswordchange','1'),(512,511,'auth_forcepasswordchange','1'),(513,512,'auth_forcepasswordchange','1'),(514,513,'auth_forcepasswordchange','1'),(515,514,'auth_forcepasswordchange','1'),(516,515,'auth_forcepasswordchange','1'),(517,516,'auth_forcepasswordchange','1'),(518,517,'auth_forcepasswordchange','1'),(519,518,'auth_forcepasswordchange','1'),(520,519,'auth_forcepasswordchange','1'),(521,520,'auth_forcepasswordchange','1'),(522,521,'auth_forcepasswordchange','1'),(523,522,'auth_forcepasswordchange','1'),(524,523,'auth_forcepasswordchange','1'),(525,524,'auth_forcepasswordchange','1'),(526,525,'auth_forcepasswordchange','1'),(527,526,'auth_forcepasswordchange','1'),(528,527,'auth_forcepasswordchange','1'),(529,528,'auth_forcepasswordchange','1'),(530,529,'auth_forcepasswordchange','1'),(531,530,'auth_forcepasswordchange','1'),(532,531,'auth_forcepasswordchange','1'),(533,532,'auth_forcepasswordchange','1'),(534,533,'auth_forcepasswordchange','1'),(535,534,'auth_forcepasswordchange','1'),(536,535,'auth_forcepasswordchange','1'),(537,536,'auth_forcepasswordchange','1'),(538,537,'auth_forcepasswordchange','1'),(539,538,'auth_forcepasswordchange','1'),(540,539,'auth_forcepasswordchange','1'),(541,540,'auth_forcepasswordchange','1'),(542,541,'auth_forcepasswordchange','1'),(543,542,'auth_forcepasswordchange','1'),(544,543,'auth_forcepasswordchange','1'),(545,544,'auth_forcepasswordchange','1'),(546,545,'auth_forcepasswordchange','1'),(547,546,'auth_forcepasswordchange','1'),(548,547,'auth_forcepasswordchange','1'),(549,548,'auth_forcepasswordchange','1'),(550,549,'auth_forcepasswordchange','1'),(551,550,'auth_forcepasswordchange','1'),(552,551,'auth_forcepasswordchange','1'),(553,552,'auth_forcepasswordchange','1'),(554,553,'auth_forcepasswordchange','1'),(555,554,'auth_forcepasswordchange','1'),(556,555,'auth_forcepasswordchange','1'),(557,556,'auth_forcepasswordchange','1'),(558,557,'auth_forcepasswordchange','1'),(559,558,'auth_forcepasswordchange','1'),(560,559,'auth_forcepasswordchange','1'),(561,560,'auth_forcepasswordchange','1'),(562,561,'auth_forcepasswordchange','1'),(563,562,'auth_forcepasswordchange','1'),(564,563,'auth_forcepasswordchange','1'),(565,564,'auth_forcepasswordchange','1'),(566,565,'auth_forcepasswordchange','1'),(567,566,'auth_forcepasswordchange','1'),(568,567,'auth_forcepasswordchange','1'),(569,568,'auth_forcepasswordchange','1'),(570,569,'auth_forcepasswordchange','1'),(571,570,'auth_forcepasswordchange','1'),(572,571,'auth_forcepasswordchange','1'),(573,572,'auth_forcepasswordchange','1'),(574,573,'auth_forcepasswordchange','1'),(575,574,'auth_forcepasswordchange','1'),(576,575,'auth_forcepasswordchange','1'),(577,576,'auth_forcepasswordchange','1'),(578,577,'auth_forcepasswordchange','1'),(579,578,'auth_forcepasswordchange','1'),(580,579,'auth_forcepasswordchange','1'),(581,580,'auth_forcepasswordchange','1'),(582,581,'auth_forcepasswordchange','1'),(583,582,'auth_forcepasswordchange','1'),(584,583,'auth_forcepasswordchange','1'),(585,584,'auth_forcepasswordchange','1'),(586,585,'auth_forcepasswordchange','1'),(587,586,'auth_forcepasswordchange','1'),(588,587,'auth_forcepasswordchange','1'),(589,588,'auth_forcepasswordchange','1'),(590,589,'auth_forcepasswordchange','1'),(591,590,'auth_forcepasswordchange','1'),(592,591,'auth_forcepasswordchange','1'),(593,592,'auth_forcepasswordchange','1'),(594,593,'auth_forcepasswordchange','1'),(595,594,'auth_forcepasswordchange','1'),(596,595,'auth_forcepasswordchange','1'),(597,596,'auth_forcepasswordchange','1'),(598,597,'auth_forcepasswordchange','1'),(599,598,'auth_forcepasswordchange','1'),(600,599,'auth_forcepasswordchange','1'),(601,600,'auth_forcepasswordchange','1'),(602,601,'auth_forcepasswordchange','1'),(603,602,'auth_forcepasswordchange','1'),(604,603,'auth_forcepasswordchange','1'),(605,604,'auth_forcepasswordchange','1'),(606,605,'auth_forcepasswordchange','1'),(607,606,'auth_forcepasswordchange','1'),(608,607,'auth_forcepasswordchange','1'),(609,608,'auth_forcepasswordchange','1'),(610,609,'auth_forcepasswordchange','1'),(611,610,'auth_forcepasswordchange','1'),(612,611,'auth_forcepasswordchange','1'),(613,612,'auth_forcepasswordchange','1'),(614,613,'auth_forcepasswordchange','1'),(615,614,'auth_forcepasswordchange','1'),(616,615,'auth_forcepasswordchange','1'),(617,616,'auth_forcepasswordchange','1'),(618,617,'auth_forcepasswordchange','1'),(619,618,'auth_forcepasswordchange','1'),(620,619,'auth_forcepasswordchange','1'),(621,620,'auth_forcepasswordchange','1'),(622,621,'auth_forcepasswordchange','1'),(623,622,'auth_forcepasswordchange','1'),(624,623,'auth_forcepasswordchange','1'),(625,624,'auth_forcepasswordchange','1'),(626,625,'auth_forcepasswordchange','1'),(627,626,'auth_forcepasswordchange','1'),(628,627,'auth_forcepasswordchange','1'),(629,628,'auth_forcepasswordchange','1'),(630,629,'auth_forcepasswordchange','1'),(631,630,'auth_forcepasswordchange','1'),(632,631,'auth_forcepasswordchange','1'),(633,632,'auth_forcepasswordchange','1'),(634,633,'auth_forcepasswordchange','1'),(635,634,'auth_forcepasswordchange','1'),(636,635,'auth_forcepasswordchange','1'),(637,636,'auth_forcepasswordchange','1'),(638,637,'auth_forcepasswordchange','1'),(639,638,'auth_forcepasswordchange','1'),(640,639,'auth_forcepasswordchange','1'),(641,640,'auth_forcepasswordchange','1'),(642,641,'auth_forcepasswordchange','1'),(643,642,'auth_forcepasswordchange','1'),(644,643,'auth_forcepasswordchange','1'),(645,644,'auth_forcepasswordchange','1'),(646,645,'auth_forcepasswordchange','1'),(647,646,'auth_forcepasswordchange','1'),(648,647,'auth_forcepasswordchange','1'),(649,648,'auth_forcepasswordchange','1'),(650,649,'auth_forcepasswordchange','1'),(651,650,'auth_forcepasswordchange','1'),(652,651,'auth_forcepasswordchange','1'),(653,652,'auth_forcepasswordchange','1'),(654,653,'auth_forcepasswordchange','1'),(655,654,'auth_forcepasswordchange','1'),(656,655,'auth_forcepasswordchange','1'),(657,656,'auth_forcepasswordchange','1'),(658,657,'auth_forcepasswordchange','1'),(659,658,'auth_forcepasswordchange','1'),(660,659,'auth_forcepasswordchange','1'),(661,660,'auth_forcepasswordchange','1'),(662,661,'auth_forcepasswordchange','1'),(663,662,'auth_forcepasswordchange','1'),(664,663,'auth_forcepasswordchange','1'),(665,664,'auth_forcepasswordchange','1'),(666,665,'auth_forcepasswordchange','1'),(667,666,'auth_forcepasswordchange','1'),(668,667,'auth_forcepasswordchange','1'),(669,668,'auth_forcepasswordchange','1'),(670,669,'auth_forcepasswordchange','1'),(671,670,'auth_forcepasswordchange','1'),(672,671,'auth_forcepasswordchange','1'),(673,672,'auth_forcepasswordchange','1'),(674,673,'auth_forcepasswordchange','1'),(675,674,'auth_forcepasswordchange','1'),(676,675,'auth_forcepasswordchange','1'),(677,676,'auth_forcepasswordchange','1'),(678,677,'auth_forcepasswordchange','1'),(679,678,'auth_forcepasswordchange','1'),(680,679,'auth_forcepasswordchange','1'),(681,680,'auth_forcepasswordchange','1'),(682,681,'auth_forcepasswordchange','1'),(683,682,'auth_forcepasswordchange','1'),(684,683,'auth_forcepasswordchange','1'),(685,684,'auth_forcepasswordchange','1'),(686,685,'auth_forcepasswordchange','1'),(687,686,'auth_forcepasswordchange','1'),(688,687,'auth_forcepasswordchange','1'),(689,688,'auth_forcepasswordchange','1'),(690,689,'auth_forcepasswordchange','1'),(691,690,'auth_forcepasswordchange','1'),(692,691,'auth_forcepasswordchange','1'),(693,692,'auth_forcepasswordchange','1'),(694,693,'auth_forcepasswordchange','1'),(695,694,'auth_forcepasswordchange','1'),(696,695,'auth_forcepasswordchange','1'),(697,696,'auth_forcepasswordchange','1'),(698,697,'auth_forcepasswordchange','1'),(699,698,'auth_forcepasswordchange','1'),(700,699,'auth_forcepasswordchange','1'),(701,700,'auth_forcepasswordchange','1'),(702,701,'auth_forcepasswordchange','1'),(703,702,'auth_forcepasswordchange','1'),(704,703,'auth_forcepasswordchange','1'),(705,704,'auth_forcepasswordchange','1'),(706,705,'auth_forcepasswordchange','1'),(707,706,'auth_forcepasswordchange','1'),(708,707,'auth_forcepasswordchange','1'),(709,708,'auth_forcepasswordchange','1'),(710,709,'auth_forcepasswordchange','1'),(711,710,'auth_forcepasswordchange','1'),(712,711,'auth_forcepasswordchange','1'),(713,712,'auth_forcepasswordchange','1'),(714,713,'auth_forcepasswordchange','1'),(715,714,'auth_forcepasswordchange','1'),(716,715,'auth_forcepasswordchange','1'),(717,716,'auth_forcepasswordchange','1'),(718,717,'auth_forcepasswordchange','1'),(719,718,'auth_forcepasswordchange','1'),(720,719,'auth_forcepasswordchange','1'),(721,720,'auth_forcepasswordchange','1'),(722,721,'auth_forcepasswordchange','1'),(723,722,'auth_forcepasswordchange','1'),(724,723,'auth_forcepasswordchange','1'),(725,724,'auth_forcepasswordchange','1'),(726,725,'auth_forcepasswordchange','1'),(727,726,'auth_forcepasswordchange','1'),(728,727,'auth_forcepasswordchange','1'),(729,728,'auth_forcepasswordchange','1'),(730,729,'auth_forcepasswordchange','1'),(731,730,'auth_forcepasswordchange','1'),(732,731,'auth_forcepasswordchange','1'),(733,732,'auth_forcepasswordchange','1'),(734,733,'auth_forcepasswordchange','1'),(735,734,'auth_forcepasswordchange','1'),(736,735,'auth_forcepasswordchange','1'),(737,736,'auth_forcepasswordchange','1'),(738,737,'auth_forcepasswordchange','1'),(739,738,'auth_forcepasswordchange','1'),(740,739,'auth_forcepasswordchange','1'),(741,740,'auth_forcepasswordchange','1'),(742,741,'auth_forcepasswordchange','1'),(743,742,'auth_forcepasswordchange','1'),(744,743,'auth_forcepasswordchange','1'),(745,744,'auth_forcepasswordchange','1'),(746,745,'auth_forcepasswordchange','1'),(747,746,'auth_forcepasswordchange','1'),(748,747,'auth_forcepasswordchange','1'),(749,748,'auth_forcepasswordchange','1'),(750,749,'auth_forcepasswordchange','1'),(751,750,'auth_forcepasswordchange','1'),(752,751,'auth_forcepasswordchange','1'),(753,752,'auth_forcepasswordchange','1'),(754,753,'auth_forcepasswordchange','1'),(755,754,'auth_forcepasswordchange','1'),(756,755,'auth_forcepasswordchange','1'),(757,756,'auth_forcepasswordchange','1'),(758,757,'auth_forcepasswordchange','1'),(759,758,'auth_forcepasswordchange','1'),(760,759,'auth_forcepasswordchange','1'),(761,760,'auth_forcepasswordchange','1'),(762,761,'auth_forcepasswordchange','1'),(763,762,'auth_forcepasswordchange','1'),(764,763,'auth_forcepasswordchange','1'),(765,764,'auth_forcepasswordchange','1'),(766,765,'auth_forcepasswordchange','1'),(767,766,'auth_forcepasswordchange','1'),(768,767,'auth_forcepasswordchange','1'),(769,768,'auth_forcepasswordchange','1'),(770,769,'auth_forcepasswordchange','1'),(771,770,'auth_forcepasswordchange','1'),(772,771,'auth_forcepasswordchange','1'),(773,772,'auth_forcepasswordchange','1'),(774,773,'auth_forcepasswordchange','1'),(775,774,'auth_forcepasswordchange','1'),(776,775,'auth_forcepasswordchange','1'),(777,776,'auth_forcepasswordchange','1'),(778,777,'auth_forcepasswordchange','1'),(779,778,'auth_forcepasswordchange','1'),(780,779,'auth_forcepasswordchange','1'),(781,780,'auth_forcepasswordchange','1'),(782,781,'auth_forcepasswordchange','1'),(783,782,'auth_forcepasswordchange','1'),(784,783,'auth_forcepasswordchange','1'),(785,784,'auth_forcepasswordchange','1'),(786,785,'auth_forcepasswordchange','1'),(787,786,'auth_forcepasswordchange','1'),(788,787,'auth_forcepasswordchange','1'),(789,788,'auth_forcepasswordchange','1'),(790,789,'auth_forcepasswordchange','1'),(791,790,'auth_forcepasswordchange','1'),(792,791,'auth_forcepasswordchange','1'),(793,792,'auth_forcepasswordchange','1'),(794,793,'auth_forcepasswordchange','1'),(795,794,'auth_forcepasswordchange','1'),(796,795,'auth_forcepasswordchange','1'),(797,796,'auth_forcepasswordchange','1'),(798,797,'auth_forcepasswordchange','1'),(799,798,'auth_forcepasswordchange','1'),(800,799,'auth_forcepasswordchange','1'),(801,800,'auth_forcepasswordchange','1'),(802,801,'auth_forcepasswordchange','1'),(803,802,'auth_forcepasswordchange','1'),(804,803,'auth_forcepasswordchange','1'),(805,804,'auth_forcepasswordchange','1'),(806,805,'auth_forcepasswordchange','1'),(807,806,'auth_forcepasswordchange','1'),(808,807,'auth_forcepasswordchange','1'),(809,808,'auth_forcepasswordchange','1'),(810,809,'auth_forcepasswordchange','1'),(811,810,'auth_forcepasswordchange','1'),(812,811,'auth_forcepasswordchange','1'),(813,812,'auth_forcepasswordchange','1'),(814,813,'auth_forcepasswordchange','1'),(815,814,'auth_forcepasswordchange','1'),(816,815,'auth_forcepasswordchange','1'),(817,816,'auth_forcepasswordchange','1'),(818,817,'auth_forcepasswordchange','1'),(819,818,'auth_forcepasswordchange','1'),(820,819,'auth_forcepasswordchange','1'),(821,820,'auth_forcepasswordchange','1'),(822,821,'auth_forcepasswordchange','1'),(823,822,'auth_forcepasswordchange','1'),(824,823,'auth_forcepasswordchange','1'),(825,824,'auth_forcepasswordchange','1'),(826,825,'auth_forcepasswordchange','1'),(827,826,'auth_forcepasswordchange','1'),(828,827,'auth_forcepasswordchange','1'),(829,828,'auth_forcepasswordchange','1'),(830,829,'auth_forcepasswordchange','1'),(831,830,'auth_forcepasswordchange','1'),(832,831,'auth_forcepasswordchange','1'),(833,832,'auth_forcepasswordchange','1'),(834,833,'auth_forcepasswordchange','1'),(835,834,'auth_forcepasswordchange','1'),(836,835,'auth_forcepasswordchange','1'),(837,836,'auth_forcepasswordchange','1'),(838,837,'auth_forcepasswordchange','1'),(839,838,'auth_forcepasswordchange','1'),(840,839,'auth_forcepasswordchange','1'),(841,840,'auth_forcepasswordchange','1'),(842,841,'auth_forcepasswordchange','1'),(843,842,'auth_forcepasswordchange','1'),(844,843,'auth_forcepasswordchange','1'),(845,844,'auth_forcepasswordchange','1'),(846,845,'auth_forcepasswordchange','1'),(847,846,'auth_forcepasswordchange','1'),(848,847,'auth_forcepasswordchange','1'),(849,848,'auth_forcepasswordchange','1'),(850,849,'auth_forcepasswordchange','1'),(851,850,'auth_forcepasswordchange','1'),(852,851,'auth_forcepasswordchange','1'),(853,852,'auth_forcepasswordchange','1'),(854,853,'auth_forcepasswordchange','1'),(855,854,'auth_forcepasswordchange','1'),(856,855,'auth_forcepasswordchange','1'),(857,856,'auth_forcepasswordchange','1'),(858,857,'auth_forcepasswordchange','1'),(859,858,'auth_forcepasswordchange','1'),(860,859,'auth_forcepasswordchange','1'),(861,860,'auth_forcepasswordchange','1'),(862,861,'auth_forcepasswordchange','1'),(863,862,'auth_forcepasswordchange','1'),(864,863,'auth_forcepasswordchange','1'),(865,864,'auth_forcepasswordchange','1'),(866,865,'auth_forcepasswordchange','1'),(867,866,'auth_forcepasswordchange','1'),(868,867,'auth_forcepasswordchange','1'),(869,868,'auth_forcepasswordchange','1'),(870,869,'auth_forcepasswordchange','1'),(871,870,'auth_forcepasswordchange','1'),(872,871,'auth_forcepasswordchange','1'),(873,872,'auth_forcepasswordchange','1'),(874,873,'auth_forcepasswordchange','1'),(875,874,'auth_forcepasswordchange','1'),(876,875,'auth_forcepasswordchange','1'),(877,876,'auth_forcepasswordchange','1'),(878,877,'auth_forcepasswordchange','1'),(879,878,'auth_forcepasswordchange','1'),(880,879,'auth_forcepasswordchange','1'),(881,880,'auth_forcepasswordchange','1'),(882,881,'auth_forcepasswordchange','1'),(883,882,'auth_forcepasswordchange','1'),(884,883,'auth_forcepasswordchange','1'),(885,884,'auth_forcepasswordchange','1'),(886,885,'auth_forcepasswordchange','1'),(887,886,'auth_forcepasswordchange','1'),(888,887,'auth_forcepasswordchange','1'),(889,888,'auth_forcepasswordchange','1'),(890,889,'auth_forcepasswordchange','1'),(891,890,'auth_forcepasswordchange','1'),(892,891,'auth_forcepasswordchange','1'),(893,892,'auth_forcepasswordchange','1'),(894,893,'auth_forcepasswordchange','1'),(895,894,'auth_forcepasswordchange','1'),(896,895,'auth_forcepasswordchange','1'),(897,896,'auth_forcepasswordchange','1'),(898,897,'auth_forcepasswordchange','1'),(899,898,'auth_forcepasswordchange','1'),(900,899,'auth_forcepasswordchange','1'),(901,900,'auth_forcepasswordchange','1'),(902,901,'auth_forcepasswordchange','1'),(903,902,'auth_forcepasswordchange','1'),(904,903,'auth_forcepasswordchange','1'),(905,904,'auth_forcepasswordchange','1'),(906,905,'auth_forcepasswordchange','1'),(907,906,'auth_forcepasswordchange','1'),(908,907,'auth_forcepasswordchange','1'),(909,908,'auth_forcepasswordchange','1'),(910,909,'auth_forcepasswordchange','1'),(911,910,'auth_forcepasswordchange','1'),(912,911,'auth_forcepasswordchange','1'),(913,912,'auth_forcepasswordchange','1'),(914,913,'auth_forcepasswordchange','1'),(915,914,'auth_forcepasswordchange','1'),(916,915,'auth_forcepasswordchange','1'),(917,916,'auth_forcepasswordchange','1'),(918,917,'auth_forcepasswordchange','1'),(919,918,'auth_forcepasswordchange','1'),(920,919,'auth_forcepasswordchange','1'),(921,920,'auth_forcepasswordchange','1'),(922,921,'auth_forcepasswordchange','1'),(923,922,'auth_forcepasswordchange','1'),(924,923,'auth_forcepasswordchange','1'),(925,924,'auth_forcepasswordchange','1'),(926,925,'auth_forcepasswordchange','1'),(927,926,'auth_forcepasswordchange','1'),(928,927,'auth_forcepasswordchange','1'),(929,928,'auth_forcepasswordchange','1'),(930,929,'auth_forcepasswordchange','1'),(931,930,'auth_forcepasswordchange','1'),(932,931,'auth_forcepasswordchange','1'),(933,932,'auth_forcepasswordchange','1'),(934,933,'auth_forcepasswordchange','1'),(935,934,'auth_forcepasswordchange','1'),(936,935,'auth_forcepasswordchange','1'),(937,936,'auth_forcepasswordchange','1'),(938,937,'auth_forcepasswordchange','1'),(939,938,'auth_forcepasswordchange','1'),(940,939,'auth_forcepasswordchange','1'),(941,940,'auth_forcepasswordchange','1'),(942,941,'auth_forcepasswordchange','1'),(943,942,'auth_forcepasswordchange','1'),(944,943,'auth_forcepasswordchange','1'),(945,944,'auth_forcepasswordchange','1'),(946,945,'auth_forcepasswordchange','1'),(947,946,'auth_forcepasswordchange','1'),(948,947,'auth_forcepasswordchange','1'),(949,948,'auth_forcepasswordchange','1'),(950,949,'auth_forcepasswordchange','1'),(951,950,'auth_forcepasswordchange','1'),(952,951,'auth_forcepasswordchange','1'),(953,952,'auth_forcepasswordchange','1'),(954,953,'auth_forcepasswordchange','1'),(955,954,'auth_forcepasswordchange','1'),(956,955,'auth_forcepasswordchange','1'),(957,956,'auth_forcepasswordchange','1'),(958,957,'auth_forcepasswordchange','1'),(959,958,'auth_forcepasswordchange','1'),(960,959,'auth_forcepasswordchange','1'),(961,960,'auth_forcepasswordchange','1'),(962,961,'auth_forcepasswordchange','1'),(963,962,'auth_forcepasswordchange','1'),(964,963,'auth_forcepasswordchange','1'),(965,964,'auth_forcepasswordchange','1'),(966,965,'auth_forcepasswordchange','1'),(967,966,'auth_forcepasswordchange','1'),(968,967,'auth_forcepasswordchange','1'),(969,968,'auth_forcepasswordchange','1'),(970,969,'auth_forcepasswordchange','1'),(971,970,'auth_forcepasswordchange','1'),(972,971,'auth_forcepasswordchange','1'),(973,972,'auth_forcepasswordchange','1'),(974,973,'auth_forcepasswordchange','1'),(975,974,'auth_forcepasswordchange','1'),(976,975,'auth_forcepasswordchange','1'),(977,976,'auth_forcepasswordchange','1'),(978,977,'auth_forcepasswordchange','1'),(979,978,'auth_forcepasswordchange','1'),(980,979,'auth_forcepasswordchange','1'),(981,980,'auth_forcepasswordchange','1'),(982,981,'auth_forcepasswordchange','1'),(983,982,'auth_forcepasswordchange','1'),(984,983,'auth_forcepasswordchange','1'),(985,984,'auth_forcepasswordchange','1'),(986,985,'auth_forcepasswordchange','1'),(987,986,'auth_forcepasswordchange','1'),(988,987,'auth_forcepasswordchange','1'),(989,988,'auth_forcepasswordchange','1'),(990,989,'auth_forcepasswordchange','1'),(991,990,'auth_forcepasswordchange','1'),(992,991,'auth_forcepasswordchange','1'),(993,992,'auth_forcepasswordchange','1'),(994,993,'auth_forcepasswordchange','1'),(995,994,'auth_forcepasswordchange','1'),(996,995,'auth_forcepasswordchange','1'),(997,996,'auth_forcepasswordchange','1'),(998,997,'auth_forcepasswordchange','1'),(999,998,'auth_forcepasswordchange','1'),(1000,999,'auth_forcepasswordchange','1'),(1001,1000,'auth_forcepasswordchange','1'),(1002,1001,'auth_forcepasswordchange','1'),(1003,1002,'auth_forcepasswordchange','1'),(1004,1003,'auth_forcepasswordchange','1'),(1005,1004,'auth_forcepasswordchange','1'),(1006,1005,'auth_forcepasswordchange','1'),(1007,1006,'auth_forcepasswordchange','1'),(1008,1007,'auth_forcepasswordchange','1'),(1009,1008,'auth_forcepasswordchange','1'),(1010,1009,'auth_forcepasswordchange','1'),(1011,1010,'auth_forcepasswordchange','1'),(1012,1011,'auth_forcepasswordchange','1'),(1013,1012,'auth_forcepasswordchange','1'),(1014,1013,'auth_forcepasswordchange','1'),(1015,1014,'auth_forcepasswordchange','1'),(1016,1015,'auth_forcepasswordchange','1'),(1017,1016,'auth_forcepasswordchange','1'),(1018,1017,'auth_forcepasswordchange','1'),(1019,1018,'auth_forcepasswordchange','1'),(1020,1019,'auth_forcepasswordchange','1'),(1021,1020,'auth_forcepasswordchange','1'),(1022,1021,'auth_forcepasswordchange','1'),(1023,1022,'auth_forcepasswordchange','1'),(1024,1023,'auth_forcepasswordchange','1'),(1025,1024,'auth_forcepasswordchange','1'),(1026,1025,'auth_forcepasswordchange','1'),(1027,1026,'auth_forcepasswordchange','1'),(1028,1027,'auth_forcepasswordchange','1'),(1029,1028,'auth_forcepasswordchange','1'),(1030,1029,'auth_forcepasswordchange','1'),(1031,1030,'auth_forcepasswordchange','1'),(1032,1031,'auth_forcepasswordchange','1'),(1033,1032,'auth_forcepasswordchange','1'),(1034,1033,'auth_forcepasswordchange','1'),(1035,1034,'auth_forcepasswordchange','1'),(1036,1035,'auth_forcepasswordchange','1'),(1037,1036,'auth_forcepasswordchange','1'),(1038,1037,'auth_forcepasswordchange','1'),(1039,1038,'auth_forcepasswordchange','1'),(1040,1039,'auth_forcepasswordchange','1'),(1041,1040,'auth_forcepasswordchange','1'),(1042,1041,'auth_forcepasswordchange','1'),(1043,1042,'auth_forcepasswordchange','1'),(1044,1043,'auth_forcepasswordchange','1'),(1045,1044,'auth_forcepasswordchange','1'),(1046,1045,'auth_forcepasswordchange','1'),(1047,1046,'auth_forcepasswordchange','1'),(1048,1047,'auth_forcepasswordchange','1'),(1049,1048,'auth_forcepasswordchange','1'),(1050,1049,'auth_forcepasswordchange','1'),(1051,1050,'auth_forcepasswordchange','1'),(1052,1051,'auth_forcepasswordchange','1'),(1053,1052,'auth_forcepasswordchange','1'),(1054,1053,'auth_forcepasswordchange','1'),(1055,1054,'auth_forcepasswordchange','1'),(1056,1055,'auth_forcepasswordchange','1'),(1057,1056,'auth_forcepasswordchange','1'),(1058,1057,'auth_forcepasswordchange','1'),(1059,1058,'auth_forcepasswordchange','1'),(1060,1059,'auth_forcepasswordchange','1'),(1061,1060,'auth_forcepasswordchange','1'),(1062,1061,'auth_forcepasswordchange','1'),(1063,1062,'auth_forcepasswordchange','1'),(1064,1063,'auth_forcepasswordchange','1'),(1065,1064,'auth_forcepasswordchange','1'),(1066,1065,'auth_forcepasswordchange','1'),(1067,1066,'auth_forcepasswordchange','1'),(1068,1067,'auth_forcepasswordchange','1'),(1069,1068,'auth_forcepasswordchange','1'),(1070,1069,'auth_forcepasswordchange','1'),(1071,1070,'auth_forcepasswordchange','1'),(1072,1071,'auth_forcepasswordchange','1'),(1073,1072,'auth_forcepasswordchange','1'),(1074,1073,'auth_forcepasswordchange','1'),(1075,1074,'auth_forcepasswordchange','1'),(1076,1075,'auth_forcepasswordchange','1'),(1077,1076,'auth_forcepasswordchange','1'),(1078,1077,'auth_forcepasswordchange','1'),(1079,1078,'auth_forcepasswordchange','1'),(1080,1079,'auth_forcepasswordchange','1'),(1081,1080,'auth_forcepasswordchange','1'),(1082,1081,'auth_forcepasswordchange','1'),(1083,1082,'auth_forcepasswordchange','1'),(1084,1083,'auth_forcepasswordchange','1'),(1085,1084,'auth_forcepasswordchange','1'),(1086,1085,'auth_forcepasswordchange','1'),(1087,1086,'auth_forcepasswordchange','1'),(1088,1087,'auth_forcepasswordchange','1'),(1089,1088,'auth_forcepasswordchange','1'),(1090,1089,'auth_forcepasswordchange','1'),(1091,1090,'auth_forcepasswordchange','1'),(1092,1091,'auth_forcepasswordchange','1'),(1093,1092,'auth_forcepasswordchange','1'),(1094,1093,'auth_forcepasswordchange','1'),(1095,1094,'auth_forcepasswordchange','1'),(1096,1095,'auth_forcepasswordchange','1'),(1097,1096,'auth_forcepasswordchange','1'),(1098,1097,'auth_forcepasswordchange','1'),(1099,1098,'auth_forcepasswordchange','1'),(1100,1099,'auth_forcepasswordchange','1'),(1101,1100,'auth_forcepasswordchange','1'),(1102,1101,'auth_forcepasswordchange','1'),(1103,1102,'auth_forcepasswordchange','1'),(1104,1103,'auth_forcepasswordchange','1'),(1105,1104,'auth_forcepasswordchange','1'),(1106,1105,'auth_forcepasswordchange','1'),(1107,1106,'auth_forcepasswordchange','1'),(1108,1107,'auth_forcepasswordchange','1'),(1109,1108,'auth_forcepasswordchange','1'),(1110,1109,'auth_forcepasswordchange','1'),(1111,1110,'auth_forcepasswordchange','1'),(1112,1111,'auth_forcepasswordchange','1'),(1113,1112,'auth_forcepasswordchange','1'),(1114,1113,'auth_forcepasswordchange','1'),(1115,1114,'auth_forcepasswordchange','1'),(1116,1115,'auth_forcepasswordchange','1'),(1117,1116,'auth_forcepasswordchange','1'),(1118,1117,'auth_forcepasswordchange','1'),(1119,1118,'auth_forcepasswordchange','1'),(1120,1119,'auth_forcepasswordchange','1'),(1121,1120,'auth_forcepasswordchange','1'),(1122,1121,'auth_forcepasswordchange','1'),(1123,1122,'auth_forcepasswordchange','1'),(1124,1123,'auth_forcepasswordchange','1'),(1125,1124,'auth_forcepasswordchange','1'),(1126,1125,'auth_forcepasswordchange','1'),(1127,1126,'auth_forcepasswordchange','1'),(1128,1127,'auth_forcepasswordchange','1'),(1129,1128,'auth_forcepasswordchange','1'),(1130,1129,'auth_forcepasswordchange','1'),(1131,1130,'auth_forcepasswordchange','1'),(1132,1131,'auth_forcepasswordchange','1'),(1133,1132,'auth_forcepasswordchange','1'),(1134,1133,'auth_forcepasswordchange','1'),(1135,1134,'auth_forcepasswordchange','1'),(1136,1135,'auth_forcepasswordchange','1'),(1137,1136,'auth_forcepasswordchange','1'),(1138,1137,'auth_forcepasswordchange','1'),(1139,1138,'auth_forcepasswordchange','1'),(1140,1139,'auth_forcepasswordchange','1'),(1141,1140,'auth_forcepasswordchange','1'),(1142,1141,'auth_forcepasswordchange','1'),(1143,1142,'auth_forcepasswordchange','1'),(1144,1143,'auth_forcepasswordchange','1'),(1145,1144,'auth_forcepasswordchange','1'),(1146,1145,'auth_forcepasswordchange','1'),(1147,1146,'auth_forcepasswordchange','1'),(1148,1147,'auth_forcepasswordchange','1'),(1149,1148,'auth_forcepasswordchange','1'),(1150,1149,'auth_forcepasswordchange','1'),(1151,1150,'auth_forcepasswordchange','1'),(1152,1151,'auth_forcepasswordchange','1'),(1153,1152,'auth_forcepasswordchange','1'),(1154,1153,'auth_forcepasswordchange','1'),(1155,1154,'auth_forcepasswordchange','1'),(1156,1155,'auth_forcepasswordchange','1'),(1157,1156,'auth_forcepasswordchange','1'),(1158,1157,'auth_forcepasswordchange','1'),(1159,1158,'auth_forcepasswordchange','1'),(1160,1159,'auth_forcepasswordchange','1'),(1161,1160,'auth_forcepasswordchange','1'),(1162,1161,'auth_forcepasswordchange','1'),(1163,1162,'auth_forcepasswordchange','1'),(1164,1163,'auth_forcepasswordchange','1'),(1165,1164,'auth_forcepasswordchange','1'),(1166,1165,'auth_forcepasswordchange','1'),(1167,1166,'auth_forcepasswordchange','1'),(1168,1167,'auth_forcepasswordchange','1'),(1169,1168,'auth_forcepasswordchange','1'),(1170,1169,'auth_forcepasswordchange','1'),(1171,1170,'auth_forcepasswordchange','1'),(1172,1171,'auth_forcepasswordchange','1'),(1173,1172,'auth_forcepasswordchange','1'),(1174,1173,'auth_forcepasswordchange','1'),(1175,1174,'auth_forcepasswordchange','1'),(1176,1175,'auth_forcepasswordchange','1'),(1177,1176,'auth_forcepasswordchange','1'),(1178,1177,'auth_forcepasswordchange','1'),(1179,1178,'auth_forcepasswordchange','1'),(1180,1179,'auth_forcepasswordchange','1'),(1181,1180,'auth_forcepasswordchange','1'),(1182,1181,'auth_forcepasswordchange','1'),(1183,1182,'auth_forcepasswordchange','1'),(1184,1183,'auth_forcepasswordchange','1'),(1185,1184,'auth_forcepasswordchange','1'),(1186,1185,'auth_forcepasswordchange','1'),(1187,1186,'auth_forcepasswordchange','1'),(1188,1187,'auth_forcepasswordchange','1'),(1189,1188,'auth_forcepasswordchange','1'),(1190,1189,'auth_forcepasswordchange','1'),(1191,1190,'auth_forcepasswordchange','1'),(1192,1191,'auth_forcepasswordchange','1'),(1193,1192,'auth_forcepasswordchange','1'),(1194,1193,'auth_forcepasswordchange','1'),(1195,1194,'auth_forcepasswordchange','1'),(1196,1195,'auth_forcepasswordchange','1'),(1197,1196,'auth_forcepasswordchange','1'),(1198,1197,'auth_forcepasswordchange','1'),(1199,1198,'auth_forcepasswordchange','1'),(1200,1199,'auth_forcepasswordchange','1'),(1201,1200,'auth_forcepasswordchange','1'),(1202,1201,'auth_forcepasswordchange','1'),(1203,1202,'auth_forcepasswordchange','1'),(1204,1203,'auth_forcepasswordchange','1'),(1205,1204,'auth_forcepasswordchange','1'),(1206,1205,'auth_forcepasswordchange','1'),(1207,1206,'auth_forcepasswordchange','1'),(1208,1207,'auth_forcepasswordchange','1'),(1209,1208,'auth_forcepasswordchange','1'),(1210,1209,'auth_forcepasswordchange','1'),(1211,1210,'auth_forcepasswordchange','1'),(1212,1211,'auth_forcepasswordchange','1'),(1213,1212,'auth_forcepasswordchange','1'),(1214,1213,'auth_forcepasswordchange','1'),(1215,1214,'auth_forcepasswordchange','1'),(1216,1215,'auth_forcepasswordchange','1'),(1217,1216,'auth_forcepasswordchange','1'),(1218,1217,'auth_forcepasswordchange','1'),(1219,1218,'auth_forcepasswordchange','1'),(1220,1219,'auth_forcepasswordchange','1'),(1221,1220,'auth_forcepasswordchange','1'),(1222,1221,'auth_forcepasswordchange','1'),(1223,1222,'auth_forcepasswordchange','1'),(1224,1223,'auth_forcepasswordchange','1'),(1225,1224,'auth_forcepasswordchange','1'),(1226,1225,'auth_forcepasswordchange','1'),(1227,1226,'auth_forcepasswordchange','1'),(1228,1227,'auth_forcepasswordchange','1'),(1229,1228,'auth_forcepasswordchange','1'),(1230,1229,'auth_forcepasswordchange','1'),(1231,1230,'auth_forcepasswordchange','1'),(1232,1231,'auth_forcepasswordchange','1'),(1233,1232,'auth_forcepasswordchange','1'),(1234,1233,'auth_forcepasswordchange','1'),(1235,1234,'auth_forcepasswordchange','1'),(1236,1235,'auth_forcepasswordchange','1'),(1237,1236,'auth_forcepasswordchange','1'),(1238,1237,'auth_forcepasswordchange','1'),(1239,1238,'auth_forcepasswordchange','1'),(1240,1239,'auth_forcepasswordchange','1'),(1241,1240,'auth_forcepasswordchange','1'),(1242,1241,'auth_forcepasswordchange','1'),(1243,1242,'auth_forcepasswordchange','1'),(1244,1243,'auth_forcepasswordchange','1'),(1245,1244,'auth_forcepasswordchange','1'),(1246,1245,'auth_forcepasswordchange','1'),(1247,1246,'auth_forcepasswordchange','1'),(1248,1247,'auth_forcepasswordchange','1'),(1249,1248,'auth_forcepasswordchange','1'),(1250,1249,'auth_forcepasswordchange','1'),(1251,1250,'auth_forcepasswordchange','1'),(1252,1251,'auth_forcepasswordchange','1'),(1253,1252,'auth_forcepasswordchange','1'),(1254,1253,'auth_forcepasswordchange','1'),(1255,1254,'auth_forcepasswordchange','1'),(1256,1255,'auth_forcepasswordchange','1'),(1257,1256,'auth_forcepasswordchange','1'),(1258,1257,'auth_forcepasswordchange','1'),(1259,1258,'auth_forcepasswordchange','1'),(1260,1259,'auth_forcepasswordchange','1'),(1261,1260,'auth_forcepasswordchange','1'),(1262,1261,'auth_forcepasswordchange','1'),(1263,1262,'auth_forcepasswordchange','1'),(1264,1263,'auth_forcepasswordchange','1'),(1265,1264,'auth_forcepasswordchange','1'),(1266,1265,'auth_forcepasswordchange','1'),(1267,1266,'auth_forcepasswordchange','1'),(1268,1267,'auth_forcepasswordchange','1'),(1269,1268,'auth_forcepasswordchange','1'),(1270,1269,'auth_forcepasswordchange','1'),(1271,1270,'auth_forcepasswordchange','1'),(1272,1271,'auth_forcepasswordchange','1'),(1273,1272,'auth_forcepasswordchange','1'),(1274,1273,'auth_forcepasswordchange','1'),(1275,1274,'auth_forcepasswordchange','1'),(1276,1275,'auth_forcepasswordchange','1'),(1277,1276,'auth_forcepasswordchange','1'),(1278,1277,'auth_forcepasswordchange','1'),(1279,1278,'auth_forcepasswordchange','1'),(1280,1279,'auth_forcepasswordchange','1'),(1281,1280,'auth_forcepasswordchange','1'),(1282,1281,'auth_forcepasswordchange','1'),(1283,1282,'auth_forcepasswordchange','1'),(1284,1283,'auth_forcepasswordchange','1'),(1285,1284,'auth_forcepasswordchange','1'),(1286,1285,'auth_forcepasswordchange','1'),(1287,1286,'auth_forcepasswordchange','1'),(1288,1287,'auth_forcepasswordchange','1'),(1289,1288,'auth_forcepasswordchange','1'),(1290,1289,'auth_forcepasswordchange','1'),(1291,1290,'auth_forcepasswordchange','1'),(1292,1291,'auth_forcepasswordchange','1'),(1293,1292,'auth_forcepasswordchange','1'),(1294,1293,'auth_forcepasswordchange','1'),(1295,1294,'auth_forcepasswordchange','1'),(1296,1295,'auth_forcepasswordchange','1'),(1297,1296,'auth_forcepasswordchange','1'),(1298,1297,'auth_forcepasswordchange','1'),(1299,1298,'auth_forcepasswordchange','1'),(1300,1299,'auth_forcepasswordchange','1'),(1301,1300,'auth_forcepasswordchange','1'),(1302,1301,'auth_forcepasswordchange','1'),(1303,1302,'auth_forcepasswordchange','1'),(1304,1303,'auth_forcepasswordchange','1'),(1305,1304,'auth_forcepasswordchange','1'),(1306,1305,'auth_forcepasswordchange','1'),(1307,1306,'auth_forcepasswordchange','1'),(1308,1307,'auth_forcepasswordchange','1'),(1309,1308,'auth_forcepasswordchange','1'),(1310,1309,'auth_forcepasswordchange','1'),(1311,1310,'auth_forcepasswordchange','1'),(1312,1311,'auth_forcepasswordchange','1'),(1313,1312,'auth_forcepasswordchange','1'),(1314,1313,'auth_forcepasswordchange','1'),(1315,1314,'auth_forcepasswordchange','1'),(1316,1315,'auth_forcepasswordchange','1'),(1317,1316,'auth_forcepasswordchange','1'),(1318,1317,'auth_forcepasswordchange','1'),(1319,1318,'auth_forcepasswordchange','1'),(1320,1319,'auth_forcepasswordchange','1'),(1321,1320,'auth_forcepasswordchange','1'),(1322,1321,'auth_forcepasswordchange','1'),(1323,1322,'auth_forcepasswordchange','1'),(1324,1323,'auth_forcepasswordchange','1'),(1325,1324,'auth_forcepasswordchange','1'),(1326,1325,'auth_forcepasswordchange','1'),(1327,1326,'auth_forcepasswordchange','1'),(1328,1327,'auth_forcepasswordchange','1'),(1329,1328,'auth_forcepasswordchange','1'),(1330,1329,'auth_forcepasswordchange','1'),(1331,1330,'auth_forcepasswordchange','1'),(1332,1331,'auth_forcepasswordchange','1'),(1333,1332,'auth_forcepasswordchange','1'),(1334,1333,'auth_forcepasswordchange','1'),(1335,1334,'auth_forcepasswordchange','1'),(1336,1335,'auth_forcepasswordchange','1'),(1337,1336,'auth_forcepasswordchange','1'),(1338,1337,'auth_forcepasswordchange','1'),(1339,1338,'auth_forcepasswordchange','1'),(1340,1339,'auth_forcepasswordchange','1'),(1341,1340,'auth_forcepasswordchange','1'),(1342,1341,'auth_forcepasswordchange','1'),(1343,1342,'auth_forcepasswordchange','1'),(1344,1343,'auth_forcepasswordchange','1'),(1345,1344,'auth_forcepasswordchange','1'),(1346,1345,'auth_forcepasswordchange','1'),(1347,1346,'auth_forcepasswordchange','1'),(1348,1347,'auth_forcepasswordchange','1'),(1349,1348,'auth_forcepasswordchange','1'),(1350,1349,'auth_forcepasswordchange','1'),(1351,1350,'auth_forcepasswordchange','1'),(1352,1351,'auth_forcepasswordchange','1'),(1353,1352,'auth_forcepasswordchange','1'),(1354,1353,'auth_forcepasswordchange','1'),(1355,1354,'auth_forcepasswordchange','1'),(1356,1355,'auth_forcepasswordchange','1'),(1357,1356,'auth_forcepasswordchange','1'),(1358,1357,'auth_forcepasswordchange','1'),(1359,1358,'auth_forcepasswordchange','1'),(1360,1359,'auth_forcepasswordchange','1'),(1361,1360,'auth_forcepasswordchange','1'),(1362,1361,'auth_forcepasswordchange','1'),(1363,1362,'auth_forcepasswordchange','1'),(1364,1363,'auth_forcepasswordchange','1'),(1365,1364,'auth_forcepasswordchange','1'),(1366,1365,'auth_forcepasswordchange','1'),(1367,1366,'auth_forcepasswordchange','1'),(1368,1367,'auth_forcepasswordchange','1'),(1369,1368,'auth_forcepasswordchange','1'),(1370,1369,'auth_forcepasswordchange','1'),(1371,1370,'auth_forcepasswordchange','1'),(1372,1371,'auth_forcepasswordchange','1'),(1373,1372,'auth_forcepasswordchange','1'),(1374,1373,'auth_forcepasswordchange','1'),(1375,1374,'auth_forcepasswordchange','1'),(1376,1375,'auth_forcepasswordchange','1'),(1377,1376,'auth_forcepasswordchange','1'),(1378,1377,'auth_forcepasswordchange','1'),(1379,1378,'auth_forcepasswordchange','1'),(1380,1379,'auth_forcepasswordchange','1'),(1381,1380,'auth_forcepasswordchange','1'),(1382,1381,'auth_forcepasswordchange','1'),(1383,1382,'auth_forcepasswordchange','1'),(1384,1383,'auth_forcepasswordchange','1'),(1385,1384,'auth_forcepasswordchange','1'),(1386,1385,'auth_forcepasswordchange','1'),(1387,1386,'auth_forcepasswordchange','1'),(1388,1387,'auth_forcepasswordchange','1'),(1389,1388,'auth_forcepasswordchange','1'),(1390,1389,'auth_forcepasswordchange','1'),(1391,1390,'auth_forcepasswordchange','1'),(1392,1391,'auth_forcepasswordchange','1'),(1393,1392,'auth_forcepasswordchange','1'),(1394,1393,'auth_forcepasswordchange','1'),(1395,1394,'auth_forcepasswordchange','1'),(1396,1395,'auth_forcepasswordchange','1'),(1397,1396,'auth_forcepasswordchange','1'),(1398,1397,'auth_forcepasswordchange','1'),(1399,1398,'auth_forcepasswordchange','1'),(1400,1399,'auth_forcepasswordchange','1'),(1401,1400,'auth_forcepasswordchange','1'),(1402,1401,'auth_forcepasswordchange','1'),(1403,1402,'auth_forcepasswordchange','1'),(1404,1403,'auth_forcepasswordchange','1'),(1405,1404,'auth_forcepasswordchange','1'),(1406,1405,'auth_forcepasswordchange','1'),(1407,1406,'auth_forcepasswordchange','1'),(1408,1407,'auth_forcepasswordchange','1'),(1409,1408,'auth_forcepasswordchange','1'),(1410,1409,'auth_forcepasswordchange','1'),(1411,1410,'auth_forcepasswordchange','1'),(1412,1411,'auth_forcepasswordchange','1'),(1413,1412,'auth_forcepasswordchange','1'),(1414,1413,'auth_forcepasswordchange','1'),(1415,1414,'auth_forcepasswordchange','1'),(1416,1415,'auth_forcepasswordchange','1'),(1417,1416,'auth_forcepasswordchange','1'),(1418,1417,'auth_forcepasswordchange','1'),(1419,1418,'auth_forcepasswordchange','1'),(1420,1419,'auth_forcepasswordchange','1'),(1421,1420,'auth_forcepasswordchange','1'),(1422,1421,'auth_forcepasswordchange','1'),(1423,1422,'auth_forcepasswordchange','1'),(1424,1423,'auth_forcepasswordchange','1'),(1425,1424,'auth_forcepasswordchange','1'),(1426,1425,'auth_forcepasswordchange','1'),(1427,1426,'auth_forcepasswordchange','1'),(1428,1427,'auth_forcepasswordchange','1'),(1429,1428,'auth_forcepasswordchange','1'),(1430,1429,'auth_forcepasswordchange','1'),(1431,1430,'auth_forcepasswordchange','1'),(1432,1431,'auth_forcepasswordchange','1'),(1433,1432,'auth_forcepasswordchange','1'),(1434,1433,'auth_forcepasswordchange','1'),(1435,1434,'auth_forcepasswordchange','1'),(1436,1435,'auth_forcepasswordchange','1'),(1437,1436,'auth_forcepasswordchange','1'),(1438,1437,'auth_forcepasswordchange','1'),(1439,1438,'auth_forcepasswordchange','1'),(1440,1439,'auth_forcepasswordchange','1'),(1441,1440,'auth_forcepasswordchange','1'),(1442,1441,'auth_forcepasswordchange','1'),(1443,1442,'auth_forcepasswordchange','1'),(1444,1443,'auth_forcepasswordchange','1'),(1445,1444,'auth_forcepasswordchange','1'),(1446,1445,'auth_forcepasswordchange','1'),(1447,1446,'auth_forcepasswordchange','1'),(1448,1447,'auth_forcepasswordchange','1'),(1449,1448,'auth_forcepasswordchange','1'),(1450,1449,'auth_forcepasswordchange','1'),(1451,1450,'auth_forcepasswordchange','1'),(1452,1451,'auth_forcepasswordchange','1'),(1453,1452,'auth_forcepasswordchange','1'),(1454,1453,'auth_forcepasswordchange','1'),(1455,1454,'auth_forcepasswordchange','1'),(1456,1455,'auth_forcepasswordchange','1'),(1457,1456,'auth_forcepasswordchange','1'),(1458,1457,'auth_forcepasswordchange','1'),(1459,1458,'auth_forcepasswordchange','1'),(1460,1459,'auth_forcepasswordchange','1'),(1461,1460,'auth_forcepasswordchange','1'),(1462,1461,'auth_forcepasswordchange','1'),(1463,1462,'auth_forcepasswordchange','1'),(1464,1463,'auth_forcepasswordchange','1'),(1465,1464,'auth_forcepasswordchange','1'),(1466,1465,'auth_forcepasswordchange','1'),(1467,1466,'auth_forcepasswordchange','1'),(1468,1467,'auth_forcepasswordchange','1'),(1469,1468,'auth_forcepasswordchange','1'),(1470,1469,'auth_forcepasswordchange','1'),(1471,1470,'auth_forcepasswordchange','1'),(1472,1471,'auth_forcepasswordchange','1'),(1473,1472,'auth_forcepasswordchange','1'),(1474,1473,'auth_forcepasswordchange','1'),(1475,1474,'auth_forcepasswordchange','1'),(1476,1475,'auth_forcepasswordchange','1'),(1477,1476,'auth_forcepasswordchange','1'),(1478,1477,'auth_forcepasswordchange','1'),(1479,1478,'auth_forcepasswordchange','1'),(1480,1479,'auth_forcepasswordchange','1'),(1481,1480,'auth_forcepasswordchange','1'),(1482,1481,'auth_forcepasswordchange','1'),(1483,1482,'auth_forcepasswordchange','1'),(1484,1483,'auth_forcepasswordchange','1'),(1485,1484,'auth_forcepasswordchange','1'),(1486,1485,'auth_forcepasswordchange','1'),(1487,1486,'auth_forcepasswordchange','1'),(1488,1487,'auth_forcepasswordchange','1'),(1489,1488,'auth_forcepasswordchange','1'),(1490,1489,'auth_forcepasswordchange','1'),(1491,1490,'auth_forcepasswordchange','1'),(1492,1491,'auth_forcepasswordchange','1'),(1493,1492,'auth_forcepasswordchange','1'),(1494,1493,'auth_forcepasswordchange','1'),(1495,1494,'auth_forcepasswordchange','1'),(1496,1495,'auth_forcepasswordchange','1'),(1497,1496,'auth_forcepasswordchange','1'),(1498,1497,'auth_forcepasswordchange','1'),(1499,1498,'auth_forcepasswordchange','1'),(1500,1499,'auth_forcepasswordchange','1'),(1501,1500,'auth_forcepasswordchange','1'),(1502,1501,'auth_forcepasswordchange','1'),(1503,1502,'auth_forcepasswordchange','1'),(1504,1503,'auth_forcepasswordchange','1'),(1505,1504,'auth_forcepasswordchange','1'),(1506,1505,'auth_forcepasswordchange','1'),(1507,1506,'auth_forcepasswordchange','1'),(1508,1507,'auth_forcepasswordchange','1'),(1509,1508,'auth_forcepasswordchange','1'),(1510,1509,'auth_forcepasswordchange','1'),(1511,1510,'auth_forcepasswordchange','1'),(1512,1511,'auth_forcepasswordchange','1'),(1513,1512,'auth_forcepasswordchange','1'),(1514,1513,'auth_forcepasswordchange','1'),(1515,1514,'auth_forcepasswordchange','1'),(1516,1515,'auth_forcepasswordchange','1'),(1517,1516,'auth_forcepasswordchange','1'),(1518,1517,'auth_forcepasswordchange','1'),(1519,1518,'auth_forcepasswordchange','1'),(1520,1519,'auth_forcepasswordchange','1'),(1521,1520,'auth_forcepasswordchange','1'),(1522,1521,'auth_forcepasswordchange','1'),(1523,1522,'auth_forcepasswordchange','1'),(1524,1523,'auth_forcepasswordchange','1'),(1525,1524,'auth_forcepasswordchange','1'),(1526,1525,'auth_forcepasswordchange','1'),(1527,1526,'auth_forcepasswordchange','1'),(1528,1527,'auth_forcepasswordchange','1'),(1529,1528,'auth_forcepasswordchange','1'),(1530,1529,'auth_forcepasswordchange','1'),(1531,1530,'auth_forcepasswordchange','1'),(1532,1531,'auth_forcepasswordchange','1'),(1533,1532,'auth_forcepasswordchange','1'),(1534,1533,'auth_forcepasswordchange','1'),(1535,1534,'auth_forcepasswordchange','1'),(1536,1535,'auth_forcepasswordchange','1'),(1537,1536,'auth_forcepasswordchange','1'),(1538,1537,'auth_forcepasswordchange','1'),(1539,1538,'auth_forcepasswordchange','1'),(1540,1539,'auth_forcepasswordchange','1'),(1541,1540,'auth_forcepasswordchange','1'),(1542,1541,'auth_forcepasswordchange','1'),(1543,1542,'auth_forcepasswordchange','1'),(1544,1543,'auth_forcepasswordchange','1'),(1545,1544,'auth_forcepasswordchange','1'),(1546,1545,'auth_forcepasswordchange','1'),(1547,1546,'auth_forcepasswordchange','1'),(1548,1547,'auth_forcepasswordchange','1'),(1549,1548,'auth_forcepasswordchange','1'),(1550,1549,'auth_forcepasswordchange','1'),(1551,1550,'auth_forcepasswordchange','1'),(1552,1551,'auth_forcepasswordchange','1'),(1553,1552,'auth_forcepasswordchange','1'),(1554,1553,'auth_forcepasswordchange','1'),(1555,1554,'auth_forcepasswordchange','1'),(1556,1555,'auth_forcepasswordchange','1'),(1557,1556,'auth_forcepasswordchange','1'),(1558,1557,'auth_forcepasswordchange','1'),(1559,1558,'auth_forcepasswordchange','1'),(1560,1559,'auth_forcepasswordchange','1'),(1561,1560,'auth_forcepasswordchange','1'),(1562,1561,'auth_forcepasswordchange','1'),(1563,1562,'auth_forcepasswordchange','1'),(1564,1563,'auth_forcepasswordchange','1'),(1565,1564,'auth_forcepasswordchange','1'),(1566,1565,'auth_forcepasswordchange','1'),(1567,1566,'auth_forcepasswordchange','1'),(1568,1567,'auth_forcepasswordchange','1'),(1569,1568,'auth_forcepasswordchange','1'),(1570,1569,'auth_forcepasswordchange','1'),(1571,1570,'auth_forcepasswordchange','1'),(1572,1571,'auth_forcepasswordchange','1'),(1573,1572,'auth_forcepasswordchange','1'),(1574,1573,'auth_forcepasswordchange','1'),(1575,1574,'auth_forcepasswordchange','1'),(1576,1575,'auth_forcepasswordchange','1'),(1577,1576,'auth_forcepasswordchange','1'),(1578,1577,'auth_forcepasswordchange','1'),(1579,1578,'auth_forcepasswordchange','1'),(1580,1579,'auth_forcepasswordchange','1'),(1581,1580,'auth_forcepasswordchange','1'),(1582,1581,'auth_forcepasswordchange','1'),(1583,1582,'auth_forcepasswordchange','1'),(1584,1583,'auth_forcepasswordchange','1'),(1585,1584,'auth_forcepasswordchange','1'),(1586,1585,'auth_forcepasswordchange','1'),(1587,1586,'auth_forcepasswordchange','1'),(1588,1587,'auth_forcepasswordchange','1'),(1589,1588,'auth_forcepasswordchange','1'),(1590,1589,'auth_forcepasswordchange','1'),(1591,1590,'auth_forcepasswordchange','1'),(1592,1591,'auth_forcepasswordchange','1'),(1593,1592,'auth_forcepasswordchange','1'),(1594,1593,'auth_forcepasswordchange','1'),(1595,1594,'auth_forcepasswordchange','1'),(1596,1595,'auth_forcepasswordchange','1'),(1597,1596,'auth_forcepasswordchange','1'),(1598,1597,'auth_forcepasswordchange','1'),(1599,1598,'auth_forcepasswordchange','1'),(1600,1599,'auth_forcepasswordchange','1'),(1601,1600,'auth_forcepasswordchange','1'),(1602,1601,'auth_forcepasswordchange','1'),(1603,1602,'auth_forcepasswordchange','1'),(1604,1603,'auth_forcepasswordchange','1'),(1605,1604,'auth_forcepasswordchange','1'),(1606,1605,'auth_forcepasswordchange','1'),(1607,1606,'auth_forcepasswordchange','1'),(1608,1607,'auth_forcepasswordchange','1'),(1609,1608,'auth_forcepasswordchange','1'),(1610,1609,'auth_forcepasswordchange','1'),(1611,1610,'auth_forcepasswordchange','1'),(1612,1611,'auth_forcepasswordchange','1'),(1613,1612,'auth_forcepasswordchange','1'),(1614,1613,'auth_forcepasswordchange','1'),(1615,1614,'auth_forcepasswordchange','1'),(1616,1615,'auth_forcepasswordchange','1'),(1617,1616,'auth_forcepasswordchange','1'),(1618,1617,'auth_forcepasswordchange','1'),(1619,1618,'auth_forcepasswordchange','1'),(1620,1619,'auth_forcepasswordchange','1'),(1621,1620,'auth_forcepasswordchange','1'),(1622,1621,'auth_forcepasswordchange','1'),(1623,1622,'auth_forcepasswordchange','1'),(1624,1623,'auth_forcepasswordchange','1'),(1625,1624,'auth_forcepasswordchange','1'),(1626,1625,'auth_forcepasswordchange','1'),(1627,1626,'auth_forcepasswordchange','1'),(1628,1627,'auth_forcepasswordchange','1'),(1629,1628,'auth_forcepasswordchange','1'),(1630,1629,'auth_forcepasswordchange','1'),(1631,1630,'auth_forcepasswordchange','1'),(1632,1631,'auth_forcepasswordchange','1'),(1633,1632,'auth_forcepasswordchange','1'),(1634,1633,'auth_forcepasswordchange','1'),(1635,1634,'auth_forcepasswordchange','1'),(1636,1635,'auth_forcepasswordchange','1'),(1637,1636,'auth_forcepasswordchange','1'),(1638,1637,'auth_forcepasswordchange','1'),(1639,1638,'auth_forcepasswordchange','1'),(1640,1639,'auth_forcepasswordchange','1'),(1641,1640,'auth_forcepasswordchange','1'),(1642,1641,'auth_forcepasswordchange','1'),(1643,1642,'auth_forcepasswordchange','1'),(1644,1643,'auth_forcepasswordchange','1'),(1645,1644,'auth_forcepasswordchange','1'),(1646,1645,'auth_forcepasswordchange','1'),(1647,1646,'auth_forcepasswordchange','1'),(1648,1647,'auth_forcepasswordchange','1'),(1649,1648,'auth_forcepasswordchange','1'),(1650,1649,'auth_forcepasswordchange','1'),(1651,1650,'auth_forcepasswordchange','1'),(1652,1651,'auth_forcepasswordchange','1'),(1653,1652,'auth_forcepasswordchange','1'),(1654,1653,'auth_forcepasswordchange','1'),(1655,1654,'auth_forcepasswordchange','1'),(1656,1655,'auth_forcepasswordchange','1'),(1657,1656,'auth_forcepasswordchange','1'),(1658,1657,'auth_forcepasswordchange','1'),(1659,1658,'auth_forcepasswordchange','1'),(1660,1659,'auth_forcepasswordchange','1'),(1661,1660,'auth_forcepasswordchange','1'),(1662,1661,'auth_forcepasswordchange','1'),(1663,1662,'auth_forcepasswordchange','1'),(1664,1663,'auth_forcepasswordchange','1'),(1665,1664,'auth_forcepasswordchange','1'),(1666,1665,'auth_forcepasswordchange','1'),(1667,1666,'auth_forcepasswordchange','1'),(1668,1667,'auth_forcepasswordchange','1'),(1669,1668,'auth_forcepasswordchange','1'),(1670,1669,'auth_forcepasswordchange','1'),(1671,1670,'auth_forcepasswordchange','1'),(1672,1671,'auth_forcepasswordchange','1'),(1673,1672,'auth_forcepasswordchange','1'),(1674,1673,'auth_forcepasswordchange','1'),(1675,1674,'auth_forcepasswordchange','1'),(1676,1675,'auth_forcepasswordchange','1'),(1677,1676,'auth_forcepasswordchange','1'),(1678,1677,'auth_forcepasswordchange','1'),(1679,1678,'auth_forcepasswordchange','1'),(1680,1679,'auth_forcepasswordchange','1'),(1681,1680,'auth_forcepasswordchange','1'),(1682,1681,'auth_forcepasswordchange','1'),(1683,1682,'auth_forcepasswordchange','1'),(1684,1683,'auth_forcepasswordchange','1'),(1685,1684,'auth_forcepasswordchange','1'),(1686,1685,'auth_forcepasswordchange','1'),(1687,1686,'auth_forcepasswordchange','1'),(1688,1687,'auth_forcepasswordchange','1'),(1689,1688,'auth_forcepasswordchange','1'),(1690,1689,'auth_forcepasswordchange','1'),(1691,1690,'auth_forcepasswordchange','1'),(1692,1691,'auth_forcepasswordchange','1'),(1693,1692,'auth_forcepasswordchange','1'),(1694,1693,'auth_forcepasswordchange','1'),(1695,1694,'auth_forcepasswordchange','1'),(1696,1695,'auth_forcepasswordchange','1'),(1697,1696,'auth_forcepasswordchange','1'),(1698,1697,'auth_forcepasswordchange','1'),(1699,1698,'auth_forcepasswordchange','1'),(1700,1699,'auth_forcepasswordchange','1'),(1701,1700,'auth_forcepasswordchange','1'),(1702,1701,'auth_forcepasswordchange','1'),(1703,1702,'auth_forcepasswordchange','1'),(1704,1703,'auth_forcepasswordchange','1'),(1705,1704,'auth_forcepasswordchange','1'),(1706,1705,'auth_forcepasswordchange','1'),(1707,1706,'auth_forcepasswordchange','1'),(1708,1707,'auth_forcepasswordchange','1'),(1709,1708,'auth_forcepasswordchange','1'),(1710,1709,'auth_forcepasswordchange','1'),(1711,1710,'auth_forcepasswordchange','1'),(1712,1711,'auth_forcepasswordchange','1'),(1713,1712,'auth_forcepasswordchange','1'),(1714,1713,'auth_forcepasswordchange','1'),(1715,1714,'auth_forcepasswordchange','1'),(1716,1715,'auth_forcepasswordchange','1'),(1717,1716,'auth_forcepasswordchange','1'),(1718,1717,'auth_forcepasswordchange','1'),(1719,1718,'auth_forcepasswordchange','1'),(1720,1719,'auth_forcepasswordchange','1'),(1721,1720,'auth_forcepasswordchange','1'),(1722,1721,'auth_forcepasswordchange','1'),(1723,1722,'auth_forcepasswordchange','1'),(1724,1723,'auth_forcepasswordchange','1'),(1725,1724,'auth_forcepasswordchange','1'),(1726,1725,'auth_forcepasswordchange','1'),(1727,1726,'auth_forcepasswordchange','1'),(1728,1727,'auth_forcepasswordchange','1'),(1729,1728,'auth_forcepasswordchange','1'),(1730,1729,'auth_forcepasswordchange','1'),(1731,1730,'auth_forcepasswordchange','1'),(1732,1731,'auth_forcepasswordchange','1'),(1733,1732,'auth_forcepasswordchange','1'),(1734,1733,'auth_forcepasswordchange','1'),(1735,1734,'auth_forcepasswordchange','1'),(1736,1735,'auth_forcepasswordchange','1'),(1737,1736,'auth_forcepasswordchange','1'),(1738,1737,'auth_forcepasswordchange','1'),(1739,1738,'auth_forcepasswordchange','1'),(1740,1739,'auth_forcepasswordchange','1'),(1741,1740,'auth_forcepasswordchange','1'),(1742,1741,'auth_forcepasswordchange','1'),(1743,1742,'auth_forcepasswordchange','1'),(1744,1743,'auth_forcepasswordchange','1'),(1745,1744,'auth_forcepasswordchange','1'),(1746,1745,'auth_forcepasswordchange','1'),(1747,1746,'auth_forcepasswordchange','1'),(1748,1747,'auth_forcepasswordchange','1'),(1749,1748,'auth_forcepasswordchange','1'),(1750,1749,'auth_forcepasswordchange','1'),(1751,1750,'auth_forcepasswordchange','1'),(1752,1751,'auth_forcepasswordchange','1'),(1753,1752,'auth_forcepasswordchange','1'),(1754,1753,'auth_forcepasswordchange','1'),(1755,1754,'auth_forcepasswordchange','1'),(1756,1755,'auth_forcepasswordchange','1'),(1757,1756,'auth_forcepasswordchange','1'),(1758,1757,'auth_forcepasswordchange','1'),(1759,1758,'auth_forcepasswordchange','1'),(1760,1759,'auth_forcepasswordchange','1'),(1761,1760,'auth_forcepasswordchange','1'),(1762,1761,'auth_forcepasswordchange','1'),(1763,1762,'auth_forcepasswordchange','1'),(1764,1763,'auth_forcepasswordchange','1'),(1765,1764,'auth_forcepasswordchange','1'),(1766,1765,'auth_forcepasswordchange','1'),(1767,1766,'auth_forcepasswordchange','1'),(1768,1767,'auth_forcepasswordchange','1'),(1769,1768,'auth_forcepasswordchange','1'),(1770,1769,'auth_forcepasswordchange','1'),(1771,1770,'auth_forcepasswordchange','1'),(1772,1771,'auth_forcepasswordchange','1'),(1773,1772,'auth_forcepasswordchange','1'),(1774,1773,'auth_forcepasswordchange','1'),(1775,1774,'auth_forcepasswordchange','1'),(1776,1775,'auth_forcepasswordchange','1'),(1777,1776,'auth_forcepasswordchange','1'),(1778,1777,'auth_forcepasswordchange','1'),(1779,1778,'auth_forcepasswordchange','1'),(1780,1779,'auth_forcepasswordchange','1'),(1781,1780,'auth_forcepasswordchange','1'),(1782,1781,'auth_forcepasswordchange','1'),(1783,1782,'auth_forcepasswordchange','1'),(1784,1783,'auth_forcepasswordchange','1'),(1785,1784,'auth_forcepasswordchange','1'),(1786,1785,'auth_forcepasswordchange','1'),(1787,1786,'auth_forcepasswordchange','1'),(1788,1787,'auth_forcepasswordchange','1'),(1789,1788,'auth_forcepasswordchange','1'),(1790,1789,'auth_forcepasswordchange','1'),(1791,1790,'auth_forcepasswordchange','1'),(1792,1791,'auth_forcepasswordchange','1'),(1793,1792,'auth_forcepasswordchange','1'),(1794,1793,'auth_forcepasswordchange','1'),(1795,1794,'auth_forcepasswordchange','1'),(1796,1795,'auth_forcepasswordchange','1'),(1797,1796,'auth_forcepasswordchange','1'),(1798,1797,'auth_forcepasswordchange','1'),(1799,1798,'auth_forcepasswordchange','1'),(1800,1799,'auth_forcepasswordchange','1'),(1801,1800,'auth_forcepasswordchange','1'),(1802,1801,'auth_forcepasswordchange','1'),(1803,1802,'auth_forcepasswordchange','1'),(1804,1803,'auth_forcepasswordchange','1'),(1805,1804,'auth_forcepasswordchange','1'),(1806,1805,'auth_forcepasswordchange','1'),(1807,1806,'auth_forcepasswordchange','1'),(1808,1807,'auth_forcepasswordchange','1'),(1809,1808,'auth_forcepasswordchange','1'),(1810,1809,'auth_forcepasswordchange','1'),(1811,1810,'auth_forcepasswordchange','1'),(1812,1811,'auth_forcepasswordchange','1'),(1813,1812,'auth_forcepasswordchange','1'),(1814,1813,'auth_forcepasswordchange','1'),(1815,1814,'auth_forcepasswordchange','1'),(1816,1815,'auth_forcepasswordchange','1'),(1817,1816,'auth_forcepasswordchange','1'),(1818,1817,'auth_forcepasswordchange','1'),(1819,1818,'auth_forcepasswordchange','1'),(1820,1819,'auth_forcepasswordchange','1'),(1821,1820,'auth_forcepasswordchange','1'),(1822,1821,'auth_forcepasswordchange','1'),(1823,1822,'auth_forcepasswordchange','1'),(1824,1823,'auth_forcepasswordchange','1'),(1825,1824,'auth_forcepasswordchange','1'),(1826,1825,'auth_forcepasswordchange','1'),(1827,1826,'auth_forcepasswordchange','1'),(1828,1827,'auth_forcepasswordchange','1'),(1829,1828,'auth_forcepasswordchange','1'),(1830,1829,'auth_forcepasswordchange','1'),(1831,1830,'auth_forcepasswordchange','1'),(1832,1831,'auth_forcepasswordchange','1'),(1833,1832,'auth_forcepasswordchange','1'),(1834,1833,'auth_forcepasswordchange','1'),(1835,1834,'auth_forcepasswordchange','1'),(1836,1835,'auth_forcepasswordchange','1'),(1837,1836,'auth_forcepasswordchange','1'),(1838,1837,'auth_forcepasswordchange','1'),(1839,1838,'auth_forcepasswordchange','1'),(1840,1839,'auth_forcepasswordchange','1'),(1841,1840,'auth_forcepasswordchange','1'),(1842,1841,'auth_forcepasswordchange','1'),(1843,1842,'auth_forcepasswordchange','1'),(1844,1843,'auth_forcepasswordchange','1'),(1845,1844,'auth_forcepasswordchange','1'),(1846,1845,'auth_forcepasswordchange','1'),(1847,1846,'auth_forcepasswordchange','1'),(1848,1847,'auth_forcepasswordchange','1'),(1849,1848,'auth_forcepasswordchange','1'),(1850,1849,'auth_forcepasswordchange','1'),(1851,1850,'auth_forcepasswordchange','1'),(1852,1851,'auth_forcepasswordchange','1'),(1853,1852,'auth_forcepasswordchange','1'),(1854,1853,'auth_forcepasswordchange','1'),(1855,1854,'auth_forcepasswordchange','1'),(1856,1855,'auth_forcepasswordchange','1'),(1857,1856,'auth_forcepasswordchange','1'),(1858,1857,'auth_forcepasswordchange','1'),(1859,1858,'auth_forcepasswordchange','1'),(1860,1859,'auth_forcepasswordchange','1'),(1861,1860,'auth_forcepasswordchange','1'),(1862,1861,'auth_forcepasswordchange','1'),(1863,1862,'auth_forcepasswordchange','1'),(1864,1863,'auth_forcepasswordchange','1'),(1865,1864,'auth_forcepasswordchange','1'),(1866,1865,'auth_forcepasswordchange','1'),(1867,1866,'auth_forcepasswordchange','1'),(1868,1867,'auth_forcepasswordchange','1'),(1869,1868,'auth_forcepasswordchange','1'),(1870,1869,'auth_forcepasswordchange','1'),(1871,1870,'auth_forcepasswordchange','1'),(1872,1871,'auth_forcepasswordchange','1'),(1873,1872,'auth_forcepasswordchange','1'),(1874,1873,'auth_forcepasswordchange','1'),(1875,1874,'auth_forcepasswordchange','1'),(1876,1875,'auth_forcepasswordchange','1'),(1877,1876,'auth_forcepasswordchange','1'),(1878,1877,'auth_forcepasswordchange','1'),(1879,1878,'auth_forcepasswordchange','1'),(1880,1879,'auth_forcepasswordchange','1'),(1881,1880,'auth_forcepasswordchange','1'),(1882,1881,'auth_forcepasswordchange','1'),(1883,1882,'auth_forcepasswordchange','1'),(1884,1883,'auth_forcepasswordchange','1'),(1885,1884,'auth_forcepasswordchange','1'),(1886,1885,'auth_forcepasswordchange','1'),(1887,1886,'auth_forcepasswordchange','1'),(1888,1887,'auth_forcepasswordchange','1'),(1889,1888,'auth_forcepasswordchange','1'),(1890,1889,'auth_forcepasswordchange','1'),(1891,1890,'auth_forcepasswordchange','1'),(1892,1891,'auth_forcepasswordchange','1'),(1893,1892,'auth_forcepasswordchange','1'),(1894,1893,'auth_forcepasswordchange','1'),(1895,1894,'auth_forcepasswordchange','1'),(1896,1895,'auth_forcepasswordchange','1'),(1897,1896,'auth_forcepasswordchange','1'),(1898,1897,'auth_forcepasswordchange','1'),(1899,1898,'auth_forcepasswordchange','1'),(1900,1899,'auth_forcepasswordchange','1'),(1901,1900,'auth_forcepasswordchange','1'),(1902,1901,'auth_forcepasswordchange','1'),(1903,1902,'auth_forcepasswordchange','1'),(1904,1903,'auth_forcepasswordchange','1'),(1905,1904,'auth_forcepasswordchange','1'),(1906,1905,'auth_forcepasswordchange','1'),(1907,1906,'auth_forcepasswordchange','1'),(1908,1907,'auth_forcepasswordchange','1'),(1909,1908,'auth_forcepasswordchange','1'),(1910,1909,'auth_forcepasswordchange','1'),(1911,1910,'auth_forcepasswordchange','1'),(1912,1911,'auth_forcepasswordchange','1'),(1913,1912,'auth_forcepasswordchange','1'),(1914,1913,'auth_forcepasswordchange','1'),(1915,1914,'auth_forcepasswordchange','1'),(1916,1915,'auth_forcepasswordchange','1'),(1917,1916,'auth_forcepasswordchange','1'),(1918,1917,'auth_forcepasswordchange','1'),(1919,1918,'auth_forcepasswordchange','1'),(1920,1919,'auth_forcepasswordchange','1'),(1921,1920,'auth_forcepasswordchange','1'),(1922,1921,'auth_forcepasswordchange','1'),(1923,1922,'auth_forcepasswordchange','1'),(1924,1923,'auth_forcepasswordchange','1'),(1925,1924,'auth_forcepasswordchange','1'),(1926,1925,'auth_forcepasswordchange','1'),(1927,1926,'auth_forcepasswordchange','1'),(1928,1927,'auth_forcepasswordchange','1'),(1929,1928,'auth_forcepasswordchange','1'),(1930,1929,'auth_forcepasswordchange','1'),(1931,1930,'auth_forcepasswordchange','1'),(1932,1931,'auth_forcepasswordchange','1'),(1933,1932,'auth_forcepasswordchange','1'),(1934,1933,'auth_forcepasswordchange','1'),(1935,1934,'auth_forcepasswordchange','1'),(1936,1935,'auth_forcepasswordchange','1'),(1937,1936,'auth_forcepasswordchange','1'),(1938,1937,'auth_forcepasswordchange','1'),(1939,1938,'auth_forcepasswordchange','1'),(1940,1939,'auth_forcepasswordchange','1'),(1941,1940,'auth_forcepasswordchange','1'),(1942,1941,'auth_forcepasswordchange','1'),(1943,1942,'auth_forcepasswordchange','1'),(1944,1943,'auth_forcepasswordchange','1'),(1945,1944,'auth_forcepasswordchange','1'),(1946,1945,'auth_forcepasswordchange','1'),(1947,1946,'auth_forcepasswordchange','1'),(1948,1947,'auth_forcepasswordchange','1'),(1949,1948,'auth_forcepasswordchange','1'),(1950,1949,'auth_forcepasswordchange','1'),(1951,1950,'auth_forcepasswordchange','1'),(1952,1951,'auth_forcepasswordchange','1'),(1953,1952,'auth_forcepasswordchange','1'),(1954,1953,'auth_forcepasswordchange','1'),(1955,1954,'auth_forcepasswordchange','1'),(1956,1955,'auth_forcepasswordchange','1'),(1957,1956,'auth_forcepasswordchange','1'),(1958,1957,'auth_forcepasswordchange','1'),(1959,1958,'auth_forcepasswordchange','1'),(1960,1959,'auth_forcepasswordchange','1'),(1961,1960,'auth_forcepasswordchange','1'),(1962,1961,'auth_forcepasswordchange','1'),(1963,1962,'auth_forcepasswordchange','1'),(1964,1963,'auth_forcepasswordchange','1'),(1965,1964,'auth_forcepasswordchange','1'),(1966,1965,'auth_forcepasswordchange','1'),(1967,1966,'auth_forcepasswordchange','1'),(1968,1967,'auth_forcepasswordchange','1'),(1969,1968,'auth_forcepasswordchange','1'),(1970,1969,'auth_forcepasswordchange','1'),(1971,1970,'auth_forcepasswordchange','1'),(1972,1971,'auth_forcepasswordchange','1'),(1973,1972,'auth_forcepasswordchange','1'),(1974,1973,'auth_forcepasswordchange','1'),(1975,1974,'auth_forcepasswordchange','1'),(1976,1975,'auth_forcepasswordchange','1'),(1977,1976,'auth_forcepasswordchange','1'),(1978,1977,'auth_forcepasswordchange','1'),(1979,1978,'auth_forcepasswordchange','1'),(1980,1979,'auth_forcepasswordchange','1'),(1981,1980,'auth_forcepasswordchange','1'),(1982,1981,'auth_forcepasswordchange','1'),(1983,1982,'auth_forcepasswordchange','1'),(1984,1983,'auth_forcepasswordchange','1'),(1985,1984,'auth_forcepasswordchange','1'),(1986,1985,'auth_forcepasswordchange','1'),(1987,1986,'auth_forcepasswordchange','1'),(1988,1987,'auth_forcepasswordchange','1'),(1989,1988,'auth_forcepasswordchange','1'),(1990,1989,'auth_forcepasswordchange','1'),(1991,1990,'auth_forcepasswordchange','1'),(1992,1991,'auth_forcepasswordchange','1'),(1993,1992,'auth_forcepasswordchange','1'),(1994,1993,'auth_forcepasswordchange','1'),(1995,1994,'auth_forcepasswordchange','1'),(1996,1995,'auth_forcepasswordchange','1'),(1997,1996,'auth_forcepasswordchange','1'),(1998,1997,'auth_forcepasswordchange','1'),(1999,1998,'auth_forcepasswordchange','1'),(2000,1999,'auth_forcepasswordchange','1'),(2001,2000,'auth_forcepasswordchange','1'),(2002,2001,'auth_forcepasswordchange','1'),(2003,2002,'auth_forcepasswordchange','1'),(2004,2003,'auth_forcepasswordchange','1'),(2005,2004,'auth_forcepasswordchange','1'),(2006,2005,'auth_forcepasswordchange','1'),(2007,2006,'auth_forcepasswordchange','1'),(2008,2007,'auth_forcepasswordchange','1'),(2009,2008,'auth_forcepasswordchange','1'),(2010,2009,'auth_forcepasswordchange','1'),(2011,2010,'auth_forcepasswordchange','1'),(2012,2011,'auth_forcepasswordchange','1'),(2013,2012,'auth_forcepasswordchange','1'),(2014,2013,'auth_forcepasswordchange','1'),(2015,2014,'auth_forcepasswordchange','1'),(2016,2015,'auth_forcepasswordchange','1'),(2017,2016,'auth_forcepasswordchange','1'),(2018,2017,'auth_forcepasswordchange','1'),(2019,2018,'auth_forcepasswordchange','1'),(2020,2019,'auth_forcepasswordchange','1'),(2021,2020,'auth_forcepasswordchange','1'),(2022,2021,'auth_forcepasswordchange','1'),(2023,2022,'auth_forcepasswordchange','1'),(2024,2023,'auth_forcepasswordchange','1'),(2025,2024,'auth_forcepasswordchange','1'),(2026,2025,'auth_forcepasswordchange','1'),(2027,2026,'auth_forcepasswordchange','1'),(2028,2027,'auth_forcepasswordchange','1'),(2029,2028,'auth_forcepasswordchange','1'),(2030,2029,'auth_forcepasswordchange','1'),(2031,2030,'auth_forcepasswordchange','1'),(2032,2031,'auth_forcepasswordchange','1'),(2033,2032,'auth_forcepasswordchange','1'),(2034,2033,'auth_forcepasswordchange','1'),(2035,2034,'auth_forcepasswordchange','1'),(2036,2035,'auth_forcepasswordchange','1'),(2037,2036,'auth_forcepasswordchange','1'),(2038,2037,'auth_forcepasswordchange','1'),(2039,2038,'auth_forcepasswordchange','1'),(2040,2039,'auth_forcepasswordchange','1'),(2041,2040,'auth_forcepasswordchange','1'),(2042,2041,'auth_forcepasswordchange','1'),(2043,2042,'auth_forcepasswordchange','1'),(2044,2043,'auth_forcepasswordchange','1'),(2045,2044,'auth_forcepasswordchange','1'),(2046,2045,'auth_forcepasswordchange','1'),(2047,2046,'auth_forcepasswordchange','1'),(2048,2047,'auth_forcepasswordchange','1'),(2049,2048,'auth_forcepasswordchange','1'),(2050,2049,'auth_forcepasswordchange','1'),(2051,2050,'auth_forcepasswordchange','1'),(2052,2051,'auth_forcepasswordchange','1'),(2053,2052,'auth_forcepasswordchange','1'),(2054,2053,'auth_forcepasswordchange','1'),(2055,2054,'auth_forcepasswordchange','1'),(2056,2055,'auth_forcepasswordchange','1'),(2057,2056,'auth_forcepasswordchange','1'),(2058,2057,'auth_forcepasswordchange','1'),(2059,2058,'auth_forcepasswordchange','1'),(2060,2059,'auth_forcepasswordchange','1'),(2061,2060,'auth_forcepasswordchange','1'),(2062,2061,'auth_forcepasswordchange','1'),(2063,2062,'auth_forcepasswordchange','1'),(2064,2063,'auth_forcepasswordchange','1'),(2065,2064,'auth_forcepasswordchange','1'),(2066,2065,'auth_forcepasswordchange','1'),(2067,2066,'auth_forcepasswordchange','1'),(2068,2067,'auth_forcepasswordchange','1'),(2069,2068,'auth_forcepasswordchange','1'),(2070,2069,'auth_forcepasswordchange','1'),(2071,2070,'auth_forcepasswordchange','1'),(2072,2071,'auth_forcepasswordchange','1'),(2073,2072,'auth_forcepasswordchange','1'),(2074,2073,'auth_forcepasswordchange','1'),(2075,2074,'auth_forcepasswordchange','1'),(2076,2075,'auth_forcepasswordchange','1'),(2077,2076,'auth_forcepasswordchange','1'),(2078,2077,'auth_forcepasswordchange','1'),(2079,2078,'auth_forcepasswordchange','1'),(2080,2079,'auth_forcepasswordchange','1'),(2081,2080,'auth_forcepasswordchange','1'),(2082,2081,'auth_forcepasswordchange','1'),(2083,2082,'auth_forcepasswordchange','1'),(2084,2083,'auth_forcepasswordchange','1'),(2085,2084,'auth_forcepasswordchange','1'),(2086,2085,'auth_forcepasswordchange','1'),(2087,2086,'auth_forcepasswordchange','1'),(2088,2087,'auth_forcepasswordchange','1'),(2089,2088,'auth_forcepasswordchange','1'),(2090,2089,'auth_forcepasswordchange','1'),(2091,2090,'auth_forcepasswordchange','1'),(2092,2091,'auth_forcepasswordchange','1'),(2093,2092,'auth_forcepasswordchange','1'),(2094,2093,'auth_forcepasswordchange','1'),(2095,2094,'auth_forcepasswordchange','1'),(2096,2095,'auth_forcepasswordchange','1'),(2097,2096,'auth_forcepasswordchange','1'),(2098,2097,'auth_forcepasswordchange','1'),(2099,2098,'auth_forcepasswordchange','1'),(2100,2099,'auth_forcepasswordchange','1'),(2101,2100,'auth_forcepasswordchange','1'),(2102,2101,'auth_forcepasswordchange','1'),(2103,2102,'auth_forcepasswordchange','1'),(2104,2103,'auth_forcepasswordchange','1'),(2105,2104,'auth_forcepasswordchange','1'),(2106,2105,'auth_forcepasswordchange','1'),(2107,2106,'auth_forcepasswordchange','1'),(2108,2107,'auth_forcepasswordchange','1'),(2109,2108,'auth_forcepasswordchange','1'),(2110,2109,'auth_forcepasswordchange','1'),(2111,2110,'auth_forcepasswordchange','1'),(2112,2111,'auth_forcepasswordchange','1'),(2113,2112,'auth_forcepasswordchange','1'),(2114,2113,'auth_forcepasswordchange','1'),(2115,2114,'auth_forcepasswordchange','1'),(2116,2115,'auth_forcepasswordchange','1'),(2117,2116,'auth_forcepasswordchange','1'),(2118,2117,'auth_forcepasswordchange','1'),(2119,2118,'auth_forcepasswordchange','1'),(2120,2119,'auth_forcepasswordchange','1'),(2121,2120,'auth_forcepasswordchange','1'),(2122,2121,'auth_forcepasswordchange','1'),(2123,2122,'auth_forcepasswordchange','1'),(2124,2123,'auth_forcepasswordchange','1'),(2125,2124,'auth_forcepasswordchange','1'),(2126,2125,'auth_forcepasswordchange','1'),(2127,2126,'auth_forcepasswordchange','1'),(2128,2127,'auth_forcepasswordchange','1'),(2129,2128,'auth_forcepasswordchange','1'),(2130,2129,'auth_forcepasswordchange','1'),(2131,2130,'auth_forcepasswordchange','1'),(2132,2131,'auth_forcepasswordchange','1'),(2133,2132,'auth_forcepasswordchange','1'),(2134,2133,'auth_forcepasswordchange','1'),(2135,2134,'auth_forcepasswordchange','1'),(2136,2135,'auth_forcepasswordchange','1'),(2137,2136,'auth_forcepasswordchange','1'),(2138,2137,'auth_forcepasswordchange','1'),(2139,2138,'auth_forcepasswordchange','1'),(2140,2139,'auth_forcepasswordchange','1'),(2141,2140,'auth_forcepasswordchange','1'),(2142,2141,'auth_forcepasswordchange','1'),(2143,2142,'auth_forcepasswordchange','1'),(2144,2143,'auth_forcepasswordchange','1'),(2145,2144,'auth_forcepasswordchange','1'),(2146,2145,'auth_forcepasswordchange','1'),(2147,2146,'auth_forcepasswordchange','1'),(2148,2147,'auth_forcepasswordchange','1'),(2149,2148,'auth_forcepasswordchange','1'),(2150,2149,'auth_forcepasswordchange','1'),(2151,2150,'auth_forcepasswordchange','1'),(2152,2151,'auth_forcepasswordchange','1'),(2153,2152,'auth_forcepasswordchange','1'),(2154,2153,'auth_forcepasswordchange','1'),(2155,2154,'auth_forcepasswordchange','1'),(2156,2155,'auth_forcepasswordchange','1'),(2157,2156,'auth_forcepasswordchange','1'),(2158,2157,'auth_forcepasswordchange','1'),(2159,2158,'auth_forcepasswordchange','1'),(2160,2159,'auth_forcepasswordchange','1'),(2161,2160,'auth_forcepasswordchange','1'),(2162,2161,'auth_forcepasswordchange','1'),(2163,2162,'auth_forcepasswordchange','1'),(2164,2163,'auth_forcepasswordchange','1'),(2165,2164,'auth_forcepasswordchange','1'),(2166,2165,'auth_forcepasswordchange','1'),(2167,2166,'auth_forcepasswordchange','1'),(2168,2167,'auth_forcepasswordchange','1'),(2169,2168,'auth_forcepasswordchange','1'),(2170,2169,'auth_forcepasswordchange','1'),(2171,2170,'auth_forcepasswordchange','1'),(2172,2171,'auth_forcepasswordchange','1'),(2173,2172,'auth_forcepasswordchange','1'),(2174,2173,'auth_forcepasswordchange','1'),(2175,2174,'auth_forcepasswordchange','1'),(2176,2175,'auth_forcepasswordchange','1'),(2177,2176,'auth_forcepasswordchange','1'),(2178,2177,'auth_forcepasswordchange','1'),(2179,2178,'auth_forcepasswordchange','1'),(2180,2179,'auth_forcepasswordchange','1'),(2181,2180,'auth_forcepasswordchange','1'),(2182,2181,'auth_forcepasswordchange','1'),(2183,2182,'auth_forcepasswordchange','1'),(2184,2183,'auth_forcepasswordchange','1'),(2185,2184,'auth_forcepasswordchange','1'),(2186,2185,'auth_forcepasswordchange','1'),(2187,2186,'auth_forcepasswordchange','1'),(2188,2187,'auth_forcepasswordchange','1'),(2189,2188,'auth_forcepasswordchange','1'),(2190,2189,'auth_forcepasswordchange','1'),(2191,2190,'auth_forcepasswordchange','1'),(2192,2191,'auth_forcepasswordchange','1'),(2193,2192,'auth_forcepasswordchange','1'),(2194,2193,'auth_forcepasswordchange','1'),(2195,2194,'auth_forcepasswordchange','1'),(2196,2195,'auth_forcepasswordchange','1'),(2197,2196,'auth_forcepasswordchange','1'),(2198,2197,'auth_forcepasswordchange','1'),(2199,2198,'auth_forcepasswordchange','1'),(2200,2199,'auth_forcepasswordchange','1'),(2201,2200,'auth_forcepasswordchange','1'),(2202,2201,'auth_forcepasswordchange','1'),(2203,2202,'auth_forcepasswordchange','1'),(2204,2203,'auth_forcepasswordchange','1'),(2205,2204,'auth_forcepasswordchange','1'),(2206,2205,'auth_forcepasswordchange','1'),(2207,2206,'auth_forcepasswordchange','1'),(2208,2207,'auth_forcepasswordchange','1'),(2209,2208,'auth_forcepasswordchange','1'),(2210,2209,'auth_forcepasswordchange','1'),(2211,2210,'auth_forcepasswordchange','1'),(2212,2211,'auth_forcepasswordchange','1'),(2213,2212,'auth_forcepasswordchange','1'),(2214,2213,'auth_forcepasswordchange','1'),(2215,2214,'auth_forcepasswordchange','1'),(2216,2215,'auth_forcepasswordchange','1'),(2217,2216,'auth_forcepasswordchange','1'),(2218,2217,'auth_forcepasswordchange','1'),(2219,2218,'auth_forcepasswordchange','1'),(2220,2219,'auth_forcepasswordchange','1'),(2221,2220,'auth_forcepasswordchange','1'),(2222,2221,'auth_forcepasswordchange','1'),(2223,2222,'auth_forcepasswordchange','1'),(2224,2223,'auth_forcepasswordchange','1'),(2225,2224,'auth_forcepasswordchange','1'),(2226,2225,'auth_forcepasswordchange','1'),(2227,2226,'auth_forcepasswordchange','1'),(2228,2227,'auth_forcepasswordchange','1'),(2229,2228,'auth_forcepasswordchange','1'),(2230,2229,'auth_forcepasswordchange','1'),(2231,2230,'auth_forcepasswordchange','1'),(2232,2231,'auth_forcepasswordchange','1'),(2233,2232,'auth_forcepasswordchange','1'),(2234,2233,'auth_forcepasswordchange','1'),(2235,2234,'auth_forcepasswordchange','1'),(2236,2235,'auth_forcepasswordchange','1'),(2237,2236,'auth_forcepasswordchange','1'),(2238,2237,'auth_forcepasswordchange','1'),(2239,2238,'auth_forcepasswordchange','1'),(2240,2239,'auth_forcepasswordchange','1'),(2241,2240,'auth_forcepasswordchange','1'),(2242,2241,'auth_forcepasswordchange','1'),(2243,2242,'auth_forcepasswordchange','1'),(2244,2243,'auth_forcepasswordchange','1'),(2245,2244,'auth_forcepasswordchange','1'),(2246,2245,'auth_forcepasswordchange','1'),(2247,2246,'auth_forcepasswordchange','1'),(2248,2247,'auth_forcepasswordchange','1'),(2249,2248,'auth_forcepasswordchange','1'),(2250,2249,'auth_forcepasswordchange','1'),(2251,2250,'auth_forcepasswordchange','1'),(2252,2251,'auth_forcepasswordchange','1'),(2253,2252,'auth_forcepasswordchange','1'),(2254,2253,'auth_forcepasswordchange','1'),(2255,2254,'auth_forcepasswordchange','1'),(2256,2255,'auth_forcepasswordchange','1'),(2257,2256,'auth_forcepasswordchange','1'),(2258,2257,'auth_forcepasswordchange','1'),(2259,2258,'auth_forcepasswordchange','1'),(2260,2259,'auth_forcepasswordchange','1'),(2261,2260,'auth_forcepasswordchange','1'),(2262,2261,'auth_forcepasswordchange','1'),(2263,2262,'auth_forcepasswordchange','1'),(2264,2263,'auth_forcepasswordchange','1'),(2265,2264,'auth_forcepasswordchange','1'),(2266,2265,'auth_forcepasswordchange','1'),(2267,2266,'auth_forcepasswordchange','1'),(2268,2267,'auth_forcepasswordchange','1'),(2269,2268,'auth_forcepasswordchange','1'),(2270,2269,'auth_forcepasswordchange','1'),(2271,2270,'auth_forcepasswordchange','1'),(2272,2271,'auth_forcepasswordchange','1'),(2273,2272,'auth_forcepasswordchange','1'),(2274,2273,'auth_forcepasswordchange','1'),(2275,2274,'auth_forcepasswordchange','1'),(2276,2275,'auth_forcepasswordchange','1'),(2277,2276,'auth_forcepasswordchange','1'),(2278,2277,'auth_forcepasswordchange','1'),(2279,2278,'auth_forcepasswordchange','1'),(2280,2279,'auth_forcepasswordchange','1'),(2281,2280,'auth_forcepasswordchange','1'),(2282,2281,'auth_forcepasswordchange','1'),(2283,2282,'auth_forcepasswordchange','1'),(2284,2283,'auth_forcepasswordchange','1'),(2285,2284,'auth_forcepasswordchange','1'),(2286,2285,'auth_forcepasswordchange','1'),(2287,2286,'auth_forcepasswordchange','1'),(2288,2287,'auth_forcepasswordchange','1'),(2289,2288,'auth_forcepasswordchange','1'),(2290,2289,'auth_forcepasswordchange','1'),(2291,2290,'auth_forcepasswordchange','1'),(2292,2291,'auth_forcepasswordchange','1'),(2293,2292,'auth_forcepasswordchange','1'),(2294,2293,'auth_forcepasswordchange','1'),(2295,2294,'auth_forcepasswordchange','1'),(2296,2295,'auth_forcepasswordchange','1'),(2297,2296,'auth_forcepasswordchange','1'),(2298,2297,'auth_forcepasswordchange','1'),(2299,2298,'auth_forcepasswordchange','1'),(2300,2299,'auth_forcepasswordchange','1'),(2301,2300,'auth_forcepasswordchange','1'),(2302,2301,'auth_forcepasswordchange','1'),(2303,2302,'auth_forcepasswordchange','1'),(2304,2303,'auth_forcepasswordchange','1'),(2305,2304,'auth_forcepasswordchange','1'),(2306,2305,'auth_forcepasswordchange','1'),(2307,2306,'auth_forcepasswordchange','1'),(2308,2307,'auth_forcepasswordchange','1'),(2309,2308,'auth_forcepasswordchange','1'),(2310,2309,'auth_forcepasswordchange','1'),(2311,2310,'auth_forcepasswordchange','1'),(2312,2311,'auth_forcepasswordchange','1'),(2313,2312,'auth_forcepasswordchange','1'),(2314,2313,'auth_forcepasswordchange','1'),(2315,2314,'auth_forcepasswordchange','1'),(2316,2315,'auth_forcepasswordchange','1'),(2317,2316,'auth_forcepasswordchange','1'),(2318,2317,'auth_forcepasswordchange','1'),(2319,2318,'auth_forcepasswordchange','1'),(2320,2319,'auth_forcepasswordchange','1'),(2321,2320,'auth_forcepasswordchange','1'),(2322,2321,'auth_forcepasswordchange','1'),(2323,2322,'auth_forcepasswordchange','1'),(2324,2323,'auth_forcepasswordchange','1'),(2325,2324,'auth_forcepasswordchange','1'),(2326,2325,'auth_forcepasswordchange','1'),(2327,2326,'auth_forcepasswordchange','1'),(2328,2327,'auth_forcepasswordchange','1'),(2329,2328,'auth_forcepasswordchange','1'),(2330,2329,'auth_forcepasswordchange','1'),(2331,2330,'auth_forcepasswordchange','1'),(2332,2331,'auth_forcepasswordchange','1'),(2333,2332,'auth_forcepasswordchange','1'),(2334,2333,'auth_forcepasswordchange','1'),(2335,2334,'auth_forcepasswordchange','1'),(2336,2335,'auth_forcepasswordchange','1'),(2337,2336,'auth_forcepasswordchange','1'),(2338,2337,'auth_forcepasswordchange','1'),(2339,2338,'auth_forcepasswordchange','1'),(2340,2339,'auth_forcepasswordchange','1'),(2341,2340,'auth_forcepasswordchange','1'),(2342,2341,'auth_forcepasswordchange','1'),(2343,2342,'auth_forcepasswordchange','1'),(2344,2343,'auth_forcepasswordchange','1'),(2345,2344,'auth_forcepasswordchange','1'),(2346,2345,'auth_forcepasswordchange','1'),(2347,2346,'auth_forcepasswordchange','1'),(2348,2347,'auth_forcepasswordchange','1'),(2349,2348,'auth_forcepasswordchange','1'),(2350,2349,'auth_forcepasswordchange','1'),(2351,2350,'auth_forcepasswordchange','1'),(2352,2351,'auth_forcepasswordchange','1'),(2353,2352,'auth_forcepasswordchange','1'),(2354,2353,'auth_forcepasswordchange','1'),(2355,2354,'auth_forcepasswordchange','1'),(2356,2355,'auth_forcepasswordchange','1'),(2357,2356,'auth_forcepasswordchange','1'),(2358,2357,'auth_forcepasswordchange','1'),(2359,2358,'auth_forcepasswordchange','1'),(2360,2359,'auth_forcepasswordchange','1'),(2361,2360,'auth_forcepasswordchange','1'),(2362,2361,'auth_forcepasswordchange','1'),(2363,2362,'auth_forcepasswordchange','1'),(2364,2363,'auth_forcepasswordchange','1'),(2365,2364,'auth_forcepasswordchange','1'),(2366,2365,'auth_forcepasswordchange','1'),(2367,2366,'auth_forcepasswordchange','1'),(2368,2367,'auth_forcepasswordchange','1'),(2369,2368,'auth_forcepasswordchange','1'),(2370,2369,'auth_forcepasswordchange','1'),(2371,2370,'auth_forcepasswordchange','1'),(2372,2371,'auth_forcepasswordchange','1'),(2373,2372,'auth_forcepasswordchange','1'),(2374,2373,'auth_forcepasswordchange','1'),(2375,2374,'auth_forcepasswordchange','1'),(2376,2375,'auth_forcepasswordchange','1'),(2377,2376,'auth_forcepasswordchange','1'),(2378,2377,'auth_forcepasswordchange','1'),(2379,2378,'auth_forcepasswordchange','1'),(2380,2379,'auth_forcepasswordchange','1'),(2381,2380,'auth_forcepasswordchange','1'),(2382,2381,'auth_forcepasswordchange','1'),(2383,2382,'auth_forcepasswordchange','1'),(2384,2383,'auth_forcepasswordchange','1'),(2385,2384,'auth_forcepasswordchange','1'),(2386,2385,'auth_forcepasswordchange','1'),(2387,2386,'auth_forcepasswordchange','1'),(2388,2387,'auth_forcepasswordchange','1'),(2389,2388,'auth_forcepasswordchange','1'),(2390,2389,'auth_forcepasswordchange','1'),(2391,2390,'auth_forcepasswordchange','1'),(2392,2391,'auth_forcepasswordchange','1'),(2393,2392,'auth_forcepasswordchange','1'),(2394,2393,'auth_forcepasswordchange','1'),(2395,2394,'auth_forcepasswordchange','1'),(2396,2395,'auth_forcepasswordchange','1'),(2397,2396,'auth_forcepasswordchange','1'),(2398,2397,'auth_forcepasswordchange','1'),(2399,2398,'auth_forcepasswordchange','1'),(2400,2399,'auth_forcepasswordchange','1'),(2401,2400,'auth_forcepasswordchange','1'),(2402,2401,'auth_forcepasswordchange','1'),(2403,2402,'auth_forcepasswordchange','1'),(2404,2403,'auth_forcepasswordchange','1'),(2405,2404,'auth_forcepasswordchange','1'),(2406,2405,'auth_forcepasswordchange','1'),(2407,2406,'auth_forcepasswordchange','1'),(2408,2407,'auth_forcepasswordchange','1'),(2409,2408,'auth_forcepasswordchange','1'),(2410,2409,'auth_forcepasswordchange','1'),(2411,2410,'auth_forcepasswordchange','1'),(2412,2411,'auth_forcepasswordchange','1'),(2413,2412,'auth_forcepasswordchange','1'),(2414,2413,'auth_forcepasswordchange','1'),(2415,2414,'auth_forcepasswordchange','1'),(2416,2415,'auth_forcepasswordchange','1'),(2417,2416,'auth_forcepasswordchange','1'),(2418,2417,'auth_forcepasswordchange','1'),(2419,2418,'auth_forcepasswordchange','1'),(2420,2419,'auth_forcepasswordchange','1'),(2421,2420,'auth_forcepasswordchange','1'),(2422,2421,'auth_forcepasswordchange','1'),(2423,2422,'auth_forcepasswordchange','1'),(2424,2423,'auth_forcepasswordchange','1'),(2425,2424,'auth_forcepasswordchange','1'),(2426,2425,'auth_forcepasswordchange','1'),(2427,2426,'auth_forcepasswordchange','1'),(2428,2427,'auth_forcepasswordchange','1'),(2429,2428,'auth_forcepasswordchange','1'),(2430,2429,'auth_forcepasswordchange','1'),(2431,2430,'auth_forcepasswordchange','1'),(2432,2431,'auth_forcepasswordchange','1'),(2433,2432,'auth_forcepasswordchange','1'),(2434,2433,'auth_forcepasswordchange','1'),(2435,2434,'auth_forcepasswordchange','1'),(2436,2435,'auth_forcepasswordchange','1'),(2437,2436,'auth_forcepasswordchange','1'),(2438,2437,'auth_forcepasswordchange','1'),(2439,2438,'auth_forcepasswordchange','1'),(2440,2439,'auth_forcepasswordchange','1'),(2441,2440,'auth_forcepasswordchange','1'),(2442,2441,'auth_forcepasswordchange','1'),(2443,2442,'auth_forcepasswordchange','1'),(2444,2443,'auth_forcepasswordchange','1'),(2445,2444,'auth_forcepasswordchange','1'),(2446,2445,'auth_forcepasswordchange','1'),(2447,2446,'auth_forcepasswordchange','1'),(2448,2447,'auth_forcepasswordchange','1'),(2449,2448,'auth_forcepasswordchange','1'),(2450,2449,'auth_forcepasswordchange','1'),(2451,2450,'auth_forcepasswordchange','1'),(2452,2451,'auth_forcepasswordchange','1'),(2453,2452,'auth_forcepasswordchange','1'),(2454,2453,'auth_forcepasswordchange','1'),(2455,2454,'auth_forcepasswordchange','1'),(2456,2455,'auth_forcepasswordchange','1'),(2457,2456,'auth_forcepasswordchange','1'),(2458,2457,'auth_forcepasswordchange','1'),(2459,2458,'auth_forcepasswordchange','1'),(2460,2459,'auth_forcepasswordchange','1'),(2461,2460,'auth_forcepasswordchange','1'),(2462,2461,'auth_forcepasswordchange','1'),(2463,2462,'auth_forcepasswordchange','1'),(2464,2463,'auth_forcepasswordchange','1'),(2465,2464,'auth_forcepasswordchange','1'),(2466,2465,'auth_forcepasswordchange','1'),(2467,2466,'auth_forcepasswordchange','1'),(2468,2467,'auth_forcepasswordchange','1'),(2469,2468,'auth_forcepasswordchange','1'),(2470,2469,'auth_forcepasswordchange','1'),(2471,2470,'auth_forcepasswordchange','1'),(2472,2471,'auth_forcepasswordchange','1'),(2473,2472,'auth_forcepasswordchange','1'),(2474,2473,'auth_forcepasswordchange','1'),(2475,2474,'auth_forcepasswordchange','1'),(2476,2475,'auth_forcepasswordchange','1'),(2477,2476,'auth_forcepasswordchange','1'),(2478,2477,'auth_forcepasswordchange','1'),(2479,2478,'auth_forcepasswordchange','1'),(2480,2479,'auth_forcepasswordchange','1'),(2481,2480,'auth_forcepasswordchange','1'),(2482,2481,'auth_forcepasswordchange','1'),(2483,2482,'auth_forcepasswordchange','1'),(2484,2483,'auth_forcepasswordchange','1'),(2485,2484,'auth_forcepasswordchange','1'),(2486,2485,'auth_forcepasswordchange','1'),(2487,2486,'auth_forcepasswordchange','1'),(2488,2487,'auth_forcepasswordchange','1'),(2489,2488,'auth_forcepasswordchange','1'),(2490,2489,'auth_forcepasswordchange','1'),(2491,2490,'auth_forcepasswordchange','1'),(2492,2491,'auth_forcepasswordchange','1'),(2493,2492,'auth_forcepasswordchange','1'),(2494,2493,'auth_forcepasswordchange','1'),(2495,2494,'auth_forcepasswordchange','1'),(2496,2495,'auth_forcepasswordchange','1'),(2497,2496,'auth_forcepasswordchange','1'),(2498,2497,'auth_forcepasswordchange','1'),(2499,2498,'auth_forcepasswordchange','1'),(2500,2499,'auth_forcepasswordchange','1'),(2501,2500,'auth_forcepasswordchange','1'),(2502,2501,'auth_forcepasswordchange','1'),(2503,2502,'auth_forcepasswordchange','1'),(2504,2503,'auth_forcepasswordchange','1'),(2505,2504,'auth_forcepasswordchange','1'),(2506,2505,'auth_forcepasswordchange','1'),(2507,2506,'auth_forcepasswordchange','1'),(2508,2507,'auth_forcepasswordchange','1'),(2509,2508,'auth_forcepasswordchange','1'),(2510,2509,'auth_forcepasswordchange','1'),(2511,2510,'auth_forcepasswordchange','1'),(2512,2511,'auth_forcepasswordchange','1'),(2513,2512,'auth_forcepasswordchange','1'),(2514,2513,'auth_forcepasswordchange','1'),(2515,2514,'auth_forcepasswordchange','1'),(2516,2515,'auth_forcepasswordchange','1'),(2517,2516,'auth_forcepasswordchange','1'),(2518,2517,'auth_forcepasswordchange','1'),(2519,2518,'auth_forcepasswordchange','1'),(2520,2519,'auth_forcepasswordchange','1'),(2521,2520,'auth_forcepasswordchange','1'),(2522,2521,'auth_forcepasswordchange','1'),(2523,2522,'auth_forcepasswordchange','1'),(2524,2523,'auth_forcepasswordchange','1'),(2525,2524,'auth_forcepasswordchange','1'),(2526,2525,'auth_forcepasswordchange','1'),(2527,2526,'auth_forcepasswordchange','1'),(2528,2527,'auth_forcepasswordchange','1'),(2529,2528,'auth_forcepasswordchange','1'),(2530,2529,'auth_forcepasswordchange','1'),(2531,2530,'auth_forcepasswordchange','1'),(2532,2531,'auth_forcepasswordchange','1'),(2533,2532,'auth_forcepasswordchange','1'),(2534,2533,'auth_forcepasswordchange','1'),(2535,2534,'auth_forcepasswordchange','1'),(2536,2535,'auth_forcepasswordchange','1'),(2537,2536,'auth_forcepasswordchange','1'),(2538,2537,'auth_forcepasswordchange','1'),(2539,2538,'auth_forcepasswordchange','1'),(2540,2539,'auth_forcepasswordchange','1'),(2541,2540,'auth_forcepasswordchange','1'),(2542,2541,'auth_forcepasswordchange','1'),(2543,2542,'auth_forcepasswordchange','1'),(2544,2543,'auth_forcepasswordchange','1'),(2545,2544,'auth_forcepasswordchange','1'),(2546,2545,'auth_forcepasswordchange','1'),(2547,2546,'auth_forcepasswordchange','1'),(2548,2547,'auth_forcepasswordchange','1'),(2549,2548,'auth_forcepasswordchange','1'),(2550,2549,'auth_forcepasswordchange','1'),(2551,2550,'auth_forcepasswordchange','1'),(2552,2551,'auth_forcepasswordchange','1'),(2553,2552,'auth_forcepasswordchange','1'),(2554,2553,'auth_forcepasswordchange','1'),(2555,2554,'auth_forcepasswordchange','1'),(2556,2555,'auth_forcepasswordchange','1'),(2557,2556,'auth_forcepasswordchange','1'),(2558,2557,'auth_forcepasswordchange','1'),(2559,2558,'auth_forcepasswordchange','1'),(2560,2559,'auth_forcepasswordchange','1'),(2561,2560,'auth_forcepasswordchange','1'),(2562,2561,'auth_forcepasswordchange','1'),(2563,2562,'auth_forcepasswordchange','1'),(2564,2563,'auth_forcepasswordchange','1'),(2565,2564,'auth_forcepasswordchange','1'),(2566,2565,'auth_forcepasswordchange','1'),(2567,2566,'auth_forcepasswordchange','1'),(2568,2567,'auth_forcepasswordchange','1'),(2569,2568,'auth_forcepasswordchange','1'),(2570,2569,'auth_forcepasswordchange','1'),(2571,2570,'auth_forcepasswordchange','1'),(2572,2571,'auth_forcepasswordchange','1'),(2573,2572,'auth_forcepasswordchange','1'),(2574,2573,'auth_forcepasswordchange','1'),(2575,2574,'auth_forcepasswordchange','1'),(2576,2575,'auth_forcepasswordchange','1'),(2577,2576,'auth_forcepasswordchange','1'),(2578,2577,'auth_forcepasswordchange','1'),(2579,2578,'auth_forcepasswordchange','1'),(2580,2579,'auth_forcepasswordchange','1'),(2581,2580,'auth_forcepasswordchange','1'),(2582,2581,'auth_forcepasswordchange','1'),(2583,2582,'auth_forcepasswordchange','1'),(2584,2583,'auth_forcepasswordchange','1'),(2585,2584,'auth_forcepasswordchange','1'),(2586,2585,'auth_forcepasswordchange','1'),(2587,2586,'auth_forcepasswordchange','1'),(2588,2587,'auth_forcepasswordchange','1'),(2589,2588,'auth_forcepasswordchange','1'),(2590,2589,'auth_forcepasswordchange','1'),(2591,2590,'auth_forcepasswordchange','1'),(2592,2591,'auth_forcepasswordchange','1'),(2593,2592,'auth_forcepasswordchange','1'),(2594,2593,'auth_forcepasswordchange','1'),(2595,2594,'auth_forcepasswordchange','1'),(2596,2595,'auth_forcepasswordchange','1'),(2597,2596,'auth_forcepasswordchange','1'),(2598,2597,'auth_forcepasswordchange','1'),(2599,2598,'auth_forcepasswordchange','1'),(2600,2599,'auth_forcepasswordchange','1'),(2601,2600,'auth_forcepasswordchange','1'),(2602,2601,'auth_forcepasswordchange','1'),(2603,2602,'auth_forcepasswordchange','1'),(2604,2603,'auth_forcepasswordchange','1'),(2605,2604,'auth_forcepasswordchange','1'),(2606,2605,'auth_forcepasswordchange','1'),(2607,2606,'auth_forcepasswordchange','1'),(2608,2607,'auth_forcepasswordchange','1'),(2609,2608,'auth_forcepasswordchange','1'),(2610,2609,'auth_forcepasswordchange','1'),(2611,2610,'auth_forcepasswordchange','1'),(2612,2611,'auth_forcepasswordchange','1'),(2613,2612,'auth_forcepasswordchange','1'),(2614,2613,'auth_forcepasswordchange','1'),(2615,2614,'auth_forcepasswordchange','1'),(2616,2615,'auth_forcepasswordchange','1'),(2617,2616,'auth_forcepasswordchange','1'),(2618,2617,'auth_forcepasswordchange','1'),(2619,2618,'auth_forcepasswordchange','1'),(2620,2619,'auth_forcepasswordchange','1'),(2621,2620,'auth_forcepasswordchange','1'),(2622,2621,'auth_forcepasswordchange','1'),(2623,2622,'auth_forcepasswordchange','1'),(2624,2623,'auth_forcepasswordchange','1'),(2625,2624,'auth_forcepasswordchange','1'),(2626,2625,'auth_forcepasswordchange','1'),(2627,2626,'auth_forcepasswordchange','1'),(2628,2627,'auth_forcepasswordchange','1'),(2629,2628,'auth_forcepasswordchange','1'),(2630,2629,'auth_forcepasswordchange','1'),(2631,2630,'auth_forcepasswordchange','1'),(2632,2631,'auth_forcepasswordchange','1'),(2633,2632,'auth_forcepasswordchange','1'),(2634,2633,'auth_forcepasswordchange','1'),(2635,2634,'auth_forcepasswordchange','1'),(2636,2635,'auth_forcepasswordchange','1'),(2637,2636,'auth_forcepasswordchange','1'),(2638,2637,'auth_forcepasswordchange','1'),(2639,2638,'auth_forcepasswordchange','1'),(2640,2639,'auth_forcepasswordchange','1'),(2641,2640,'auth_forcepasswordchange','1'),(2642,2641,'auth_forcepasswordchange','1'),(2643,2642,'auth_forcepasswordchange','1'),(2644,2643,'auth_forcepasswordchange','1'),(2645,2644,'auth_forcepasswordchange','1'),(2646,2645,'auth_forcepasswordchange','1'),(2647,2646,'auth_forcepasswordchange','1'),(2648,2647,'auth_forcepasswordchange','1'),(2649,2648,'auth_forcepasswordchange','1'),(2650,2649,'auth_forcepasswordchange','1'),(2651,2650,'auth_forcepasswordchange','1'),(2652,2651,'auth_forcepasswordchange','1'),(2653,2652,'auth_forcepasswordchange','1'),(2654,2653,'auth_forcepasswordchange','1'),(2655,2654,'auth_forcepasswordchange','1'),(2656,2655,'auth_forcepasswordchange','1'),(2657,2656,'auth_forcepasswordchange','1'),(2658,2657,'auth_forcepasswordchange','1'),(2659,2658,'auth_forcepasswordchange','1'),(2660,2659,'auth_forcepasswordchange','1'),(2661,2660,'auth_forcepasswordchange','1'),(2662,2661,'auth_forcepasswordchange','1'),(2663,2662,'auth_forcepasswordchange','1'),(2664,2663,'auth_forcepasswordchange','1'),(2665,2664,'auth_forcepasswordchange','1'),(2666,2665,'auth_forcepasswordchange','1'),(2667,2666,'auth_forcepasswordchange','1'),(2668,2667,'auth_forcepasswordchange','1'),(2669,2668,'auth_forcepasswordchange','1'),(2670,2669,'auth_forcepasswordchange','1'),(2671,2670,'auth_forcepasswordchange','1'),(2672,2671,'auth_forcepasswordchange','1'),(2673,2672,'auth_forcepasswordchange','1'),(2674,2673,'auth_forcepasswordchange','1'),(2675,2674,'auth_forcepasswordchange','1'),(2676,2675,'auth_forcepasswordchange','1'),(2677,2676,'auth_forcepasswordchange','1'),(2678,2677,'auth_forcepasswordchange','1'),(2679,2678,'auth_forcepasswordchange','1'),(2680,2679,'auth_forcepasswordchange','1'),(2681,2680,'auth_forcepasswordchange','1'),(2682,2681,'auth_forcepasswordchange','1'),(2683,2682,'auth_forcepasswordchange','1'),(2684,2683,'auth_forcepasswordchange','1'),(2685,2684,'auth_forcepasswordchange','1'),(2686,2685,'auth_forcepasswordchange','1'),(2687,2686,'auth_forcepasswordchange','1'),(2688,2687,'auth_forcepasswordchange','1'),(2689,2688,'auth_forcepasswordchange','1'),(2690,2689,'auth_forcepasswordchange','1'),(2691,2690,'auth_forcepasswordchange','1'),(2692,2691,'auth_forcepasswordchange','1'),(2693,2692,'auth_forcepasswordchange','1'),(2694,2693,'auth_forcepasswordchange','1'),(2695,2694,'auth_forcepasswordchange','1'),(2696,2695,'auth_forcepasswordchange','1'),(2697,2696,'auth_forcepasswordchange','1'),(2698,2697,'auth_forcepasswordchange','1'),(2699,2698,'auth_forcepasswordchange','1'),(2700,2699,'auth_forcepasswordchange','1'),(2701,2700,'auth_forcepasswordchange','1'),(2702,2701,'auth_forcepasswordchange','1'),(2703,2702,'auth_forcepasswordchange','1'),(2704,2703,'auth_forcepasswordchange','1'),(2705,2704,'auth_forcepasswordchange','1'),(2706,2705,'auth_forcepasswordchange','1'),(2707,2706,'auth_forcepasswordchange','1'),(2708,2707,'auth_forcepasswordchange','1'),(2709,2708,'auth_forcepasswordchange','1'),(2710,2709,'auth_forcepasswordchange','1'),(2711,2710,'auth_forcepasswordchange','1'),(2712,2711,'auth_forcepasswordchange','1'),(2713,2712,'auth_forcepasswordchange','1'),(2714,2713,'auth_forcepasswordchange','1'),(2715,2714,'auth_forcepasswordchange','1'),(2716,2715,'auth_forcepasswordchange','1'),(2717,2716,'auth_forcepasswordchange','1'),(2718,2717,'auth_forcepasswordchange','1'),(2719,2718,'auth_forcepasswordchange','1'),(2720,2719,'auth_forcepasswordchange','1'),(2721,2720,'auth_forcepasswordchange','1'),(2722,2721,'auth_forcepasswordchange','1'),(2723,2722,'auth_forcepasswordchange','1'),(2724,2723,'auth_forcepasswordchange','1'),(2725,2724,'auth_forcepasswordchange','1'),(2726,2725,'auth_forcepasswordchange','1'),(2727,2726,'auth_forcepasswordchange','1'),(2728,2727,'auth_forcepasswordchange','1'),(2729,2728,'auth_forcepasswordchange','1'),(2730,2729,'auth_forcepasswordchange','1'),(2731,2730,'auth_forcepasswordchange','1'),(2732,2731,'auth_forcepasswordchange','1'),(2733,2732,'auth_forcepasswordchange','1'),(2734,2733,'auth_forcepasswordchange','1'),(2735,2734,'auth_forcepasswordchange','1'),(2736,2735,'auth_forcepasswordchange','1'),(2737,2736,'auth_forcepasswordchange','1'),(2738,2737,'auth_forcepasswordchange','1'),(2739,2738,'auth_forcepasswordchange','1'),(2740,2739,'auth_forcepasswordchange','1'),(2741,2740,'auth_forcepasswordchange','1'),(2742,2741,'auth_forcepasswordchange','1'),(2743,2742,'auth_forcepasswordchange','1'),(2744,2743,'auth_forcepasswordchange','1'),(2745,2744,'auth_forcepasswordchange','1'),(2746,2745,'auth_forcepasswordchange','1'),(2747,2746,'auth_forcepasswordchange','1'),(2748,2747,'auth_forcepasswordchange','1'),(2749,2748,'auth_forcepasswordchange','1'),(2750,2749,'auth_forcepasswordchange','1'),(2751,2750,'auth_forcepasswordchange','1'),(2752,2751,'auth_forcepasswordchange','1'),(2753,2752,'auth_forcepasswordchange','1'),(2754,2753,'auth_forcepasswordchange','1'),(2755,2754,'auth_forcepasswordchange','1'),(2756,2755,'auth_forcepasswordchange','1'),(2757,2756,'auth_forcepasswordchange','1'),(2758,2757,'auth_forcepasswordchange','1'),(2759,2758,'auth_forcepasswordchange','1'),(2760,2759,'auth_forcepasswordchange','1'),(2761,2760,'auth_forcepasswordchange','1'),(2762,2761,'auth_forcepasswordchange','1'),(2763,2762,'auth_forcepasswordchange','1'),(2764,2763,'auth_forcepasswordchange','1'),(2765,2764,'auth_forcepasswordchange','1'),(2766,2765,'auth_forcepasswordchange','1'),(2767,2766,'auth_forcepasswordchange','1'),(2768,2767,'auth_forcepasswordchange','1'),(2769,2768,'auth_forcepasswordchange','1'),(2770,2769,'auth_forcepasswordchange','1'),(2771,2770,'auth_forcepasswordchange','1'),(2772,2771,'auth_forcepasswordchange','1'),(2773,2772,'auth_forcepasswordchange','1'),(2774,2773,'auth_forcepasswordchange','1'),(2775,2774,'auth_forcepasswordchange','1'),(2776,2775,'auth_forcepasswordchange','1'),(2777,2776,'auth_forcepasswordchange','1'),(2778,2777,'auth_forcepasswordchange','1'),(2779,2778,'auth_forcepasswordchange','1'),(2780,2779,'auth_forcepasswordchange','1'),(2781,2780,'auth_forcepasswordchange','1'),(2782,2781,'auth_forcepasswordchange','1'),(2783,2782,'auth_forcepasswordchange','1'),(2784,2783,'auth_forcepasswordchange','1'),(2785,2784,'auth_forcepasswordchange','1'),(2786,2785,'auth_forcepasswordchange','1'),(2787,2786,'auth_forcepasswordchange','1'),(2788,2787,'auth_forcepasswordchange','1'),(2789,2788,'auth_forcepasswordchange','1'),(2790,2789,'auth_forcepasswordchange','1'),(2791,2790,'auth_forcepasswordchange','1'),(2792,2791,'auth_forcepasswordchange','1'),(2793,2792,'auth_forcepasswordchange','1'),(2794,2793,'auth_forcepasswordchange','1'),(2795,2794,'auth_forcepasswordchange','1'),(2796,2795,'auth_forcepasswordchange','1'),(2797,2796,'auth_forcepasswordchange','1'),(2798,2797,'auth_forcepasswordchange','1'),(2799,2798,'auth_forcepasswordchange','1'),(2800,2799,'auth_forcepasswordchange','1'),(2801,2800,'auth_forcepasswordchange','1'),(2802,2801,'auth_forcepasswordchange','1'),(2803,2802,'auth_forcepasswordchange','1'),(2804,2803,'auth_forcepasswordchange','1'),(2805,2804,'auth_forcepasswordchange','1'),(2806,2805,'auth_forcepasswordchange','1'),(2807,2806,'auth_forcepasswordchange','1'),(2808,2807,'auth_forcepasswordchange','1'),(2809,2808,'auth_forcepasswordchange','1'),(2810,2809,'auth_forcepasswordchange','1'),(2811,2810,'auth_forcepasswordchange','1'),(2812,2811,'auth_forcepasswordchange','1'),(2813,2812,'auth_forcepasswordchange','1'),(2814,2813,'auth_forcepasswordchange','1'),(2815,2814,'auth_forcepasswordchange','1'),(2816,2815,'auth_forcepasswordchange','1'),(2817,2816,'auth_forcepasswordchange','1'),(2818,2817,'auth_forcepasswordchange','1'),(2819,2818,'auth_forcepasswordchange','1'),(2820,2819,'auth_forcepasswordchange','1'),(2821,2820,'auth_forcepasswordchange','1'),(2822,2821,'auth_forcepasswordchange','1'),(2823,2822,'auth_forcepasswordchange','1'),(2824,2823,'auth_forcepasswordchange','1'),(2825,2824,'auth_forcepasswordchange','1'),(2826,2825,'auth_forcepasswordchange','1'),(2827,2826,'auth_forcepasswordchange','1'),(2828,2827,'auth_forcepasswordchange','1'),(2829,2828,'auth_forcepasswordchange','1'),(2830,2829,'auth_forcepasswordchange','1'),(2831,2830,'auth_forcepasswordchange','1'),(2832,2831,'auth_forcepasswordchange','1'),(2833,2832,'auth_forcepasswordchange','1'),(2834,2833,'auth_forcepasswordchange','1'),(2835,2834,'auth_forcepasswordchange','1'),(2836,2835,'auth_forcepasswordchange','1'),(2837,2836,'auth_forcepasswordchange','1'),(2838,2837,'auth_forcepasswordchange','1'),(2839,2838,'auth_forcepasswordchange','1'),(2840,2839,'auth_forcepasswordchange','1'),(2841,2840,'auth_forcepasswordchange','1'),(2842,2841,'auth_forcepasswordchange','1'),(2843,2842,'auth_forcepasswordchange','1'),(2844,2843,'auth_forcepasswordchange','1'),(2845,2844,'auth_forcepasswordchange','1'),(2846,2845,'auth_forcepasswordchange','1'),(2847,2846,'auth_forcepasswordchange','1'),(2848,2847,'auth_forcepasswordchange','1'),(2849,2848,'auth_forcepasswordchange','1'),(2850,2849,'auth_forcepasswordchange','1'),(2851,2850,'auth_forcepasswordchange','1'),(2852,2851,'auth_forcepasswordchange','1'),(2853,2852,'auth_forcepasswordchange','1'),(2854,2853,'auth_forcepasswordchange','1'),(2855,2854,'auth_forcepasswordchange','1'),(2856,2855,'auth_forcepasswordchange','1'),(2857,2856,'auth_forcepasswordchange','1'),(2858,2857,'auth_forcepasswordchange','1'),(2859,2858,'auth_forcepasswordchange','1'),(2860,2859,'auth_forcepasswordchange','1'),(2861,2860,'auth_forcepasswordchange','1'),(2862,2861,'auth_forcepasswordchange','1'),(2863,2862,'auth_forcepasswordchange','1'),(2864,2863,'auth_forcepasswordchange','1'),(2865,2864,'auth_forcepasswordchange','1'),(2866,2865,'auth_forcepasswordchange','1'),(2867,2866,'auth_forcepasswordchange','1'),(2868,2867,'auth_forcepasswordchange','1'),(2869,2868,'auth_forcepasswordchange','1'),(2870,2869,'auth_forcepasswordchange','1'),(2871,2870,'auth_forcepasswordchange','1'),(2872,2871,'auth_forcepasswordchange','1'),(2873,2872,'auth_forcepasswordchange','1'),(2874,2873,'auth_forcepasswordchange','1'),(2875,2874,'auth_forcepasswordchange','1'),(2876,2875,'auth_forcepasswordchange','1'),(2877,2876,'auth_forcepasswordchange','1'),(2878,2877,'auth_forcepasswordchange','1'),(2879,2878,'auth_forcepasswordchange','1'),(2880,2879,'auth_forcepasswordchange','1'),(2881,2880,'auth_forcepasswordchange','1'),(2882,2881,'auth_forcepasswordchange','1'),(2883,2882,'auth_forcepasswordchange','1'),(2884,2883,'auth_forcepasswordchange','1'),(2885,2884,'auth_forcepasswordchange','1'),(2886,2885,'auth_forcepasswordchange','1'),(2887,2886,'auth_forcepasswordchange','1'),(2888,2887,'auth_forcepasswordchange','1'),(2889,2888,'auth_forcepasswordchange','1'),(2890,2889,'auth_forcepasswordchange','1'),(2891,2890,'auth_forcepasswordchange','1'),(2892,2891,'auth_forcepasswordchange','1'),(2893,2892,'auth_forcepasswordchange','1'),(2894,2893,'auth_forcepasswordchange','1'),(2895,2894,'auth_forcepasswordchange','1'),(2896,2895,'auth_forcepasswordchange','1'),(2897,2896,'auth_forcepasswordchange','1'),(2898,2897,'auth_forcepasswordchange','1'),(2899,2898,'auth_forcepasswordchange','1'),(2900,2899,'auth_forcepasswordchange','1'),(2901,2900,'auth_forcepasswordchange','1'),(2902,2901,'auth_forcepasswordchange','1'),(2903,2902,'auth_forcepasswordchange','1'),(2904,2903,'auth_forcepasswordchange','1'),(2905,2904,'auth_forcepasswordchange','1'),(2906,2905,'auth_forcepasswordchange','1'),(2907,2906,'auth_forcepasswordchange','1'),(2908,2907,'auth_forcepasswordchange','1'),(2909,2908,'auth_forcepasswordchange','1'),(2910,2909,'auth_forcepasswordchange','1'),(2911,2910,'auth_forcepasswordchange','1'),(2912,2911,'auth_forcepasswordchange','1'),(2913,2912,'auth_forcepasswordchange','1'),(2914,2913,'auth_forcepasswordchange','1'),(2915,2914,'auth_forcepasswordchange','1'),(2916,2915,'auth_forcepasswordchange','1'),(2917,2916,'auth_forcepasswordchange','1'),(2918,2917,'auth_forcepasswordchange','1'),(2919,2918,'auth_forcepasswordchange','1'),(2920,2919,'auth_forcepasswordchange','1'),(2921,2920,'auth_forcepasswordchange','1'),(2922,2921,'auth_forcepasswordchange','1'),(2923,2922,'auth_forcepasswordchange','1'),(2924,2923,'auth_forcepasswordchange','1'),(2925,2924,'auth_forcepasswordchange','1'),(2926,2925,'auth_forcepasswordchange','1'),(2927,2926,'auth_forcepasswordchange','1'),(2928,2927,'auth_forcepasswordchange','1'),(2929,2928,'auth_forcepasswordchange','1'),(2930,2929,'auth_forcepasswordchange','1'),(2931,2930,'auth_forcepasswordchange','1'),(2932,2931,'auth_forcepasswordchange','1'),(2933,2932,'auth_forcepasswordchange','1'),(2934,2933,'auth_forcepasswordchange','1'),(2935,2934,'auth_forcepasswordchange','1'),(2936,2935,'auth_forcepasswordchange','1'),(2937,2936,'auth_forcepasswordchange','1'),(2938,2937,'auth_forcepasswordchange','1'),(2939,2938,'auth_forcepasswordchange','1'),(2940,2939,'auth_forcepasswordchange','1'),(2941,2940,'auth_forcepasswordchange','1'),(2942,2941,'auth_forcepasswordchange','1'),(2943,2942,'auth_forcepasswordchange','1'),(2944,2943,'auth_forcepasswordchange','1'),(2945,2944,'auth_forcepasswordchange','1'),(2946,2945,'auth_forcepasswordchange','1'),(2947,2946,'auth_forcepasswordchange','1'),(2948,2947,'auth_forcepasswordchange','1'),(2949,2948,'auth_forcepasswordchange','1'),(2950,2949,'auth_forcepasswordchange','1'),(2951,2950,'auth_forcepasswordchange','1'),(2952,2951,'auth_forcepasswordchange','1'),(2953,2952,'auth_forcepasswordchange','1'),(2954,2953,'auth_forcepasswordchange','1'),(2955,2954,'auth_forcepasswordchange','1'),(2956,2955,'auth_forcepasswordchange','1'),(2957,2956,'auth_forcepasswordchange','1'),(2958,2957,'auth_forcepasswordchange','1'),(2959,2958,'auth_forcepasswordchange','1'),(2960,2959,'auth_forcepasswordchange','1'),(2961,2960,'auth_forcepasswordchange','1'),(2962,2961,'auth_forcepasswordchange','1'),(2963,2962,'auth_forcepasswordchange','1'),(2964,2963,'auth_forcepasswordchange','1'),(2965,2964,'auth_forcepasswordchange','1'),(2966,2965,'auth_forcepasswordchange','1'),(2967,2966,'auth_forcepasswordchange','1'),(2968,2967,'auth_forcepasswordchange','1'),(2969,2968,'auth_forcepasswordchange','1'),(2970,2969,'auth_forcepasswordchange','1'),(2971,2970,'auth_forcepasswordchange','1'),(2972,2971,'auth_forcepasswordchange','1'),(2973,2972,'auth_forcepasswordchange','1'),(2974,2973,'auth_forcepasswordchange','1'),(2975,2974,'auth_forcepasswordchange','1'),(2976,2975,'auth_forcepasswordchange','1'),(2977,2976,'auth_forcepasswordchange','1'),(2978,2977,'auth_forcepasswordchange','1'),(2979,2978,'auth_forcepasswordchange','1'),(2980,2979,'auth_forcepasswordchange','1'),(2981,2980,'auth_forcepasswordchange','1'),(2982,2981,'auth_forcepasswordchange','1'),(2983,2982,'auth_forcepasswordchange','1'),(2984,2983,'auth_forcepasswordchange','1'),(2985,2984,'auth_forcepasswordchange','1'),(2986,2985,'auth_forcepasswordchange','1'),(2987,2986,'auth_forcepasswordchange','1'),(2988,2987,'auth_forcepasswordchange','1'),(2989,2988,'auth_forcepasswordchange','1'),(2990,2989,'auth_forcepasswordchange','1'),(2991,2990,'auth_forcepasswordchange','1'),(2992,2991,'auth_forcepasswordchange','1'),(2993,2992,'auth_forcepasswordchange','1'),(2994,2993,'auth_forcepasswordchange','1'),(2995,2994,'auth_forcepasswordchange','1'),(2996,2995,'auth_forcepasswordchange','1'),(2997,2996,'auth_forcepasswordchange','1'),(2998,2997,'auth_forcepasswordchange','1'),(2999,2998,'auth_forcepasswordchange','1'),(3000,2999,'auth_forcepasswordchange','1'),(3001,3000,'auth_forcepasswordchange','1'),(3002,3001,'auth_forcepasswordchange','1'),(3003,3002,'auth_forcepasswordchange','1'),(3004,3003,'auth_forcepasswordchange','1'),(3005,3004,'auth_forcepasswordchange','1'),(3006,3005,'auth_forcepasswordchange','1'),(3007,3006,'auth_forcepasswordchange','1'),(3008,3007,'auth_forcepasswordchange','1'),(3009,3008,'auth_forcepasswordchange','1'),(3010,3009,'auth_forcepasswordchange','1'),(3011,3010,'auth_forcepasswordchange','1'),(3012,3011,'auth_forcepasswordchange','1'),(3013,3012,'auth_forcepasswordchange','1'),(3014,3013,'auth_forcepasswordchange','1'),(3015,3014,'auth_forcepasswordchange','1'),(3016,3015,'auth_forcepasswordchange','1'),(3017,3016,'auth_forcepasswordchange','1'),(3018,3017,'auth_forcepasswordchange','1'),(3019,3018,'auth_forcepasswordchange','1'),(3020,3019,'auth_forcepasswordchange','1'),(3021,3020,'auth_forcepasswordchange','1'),(3022,3021,'auth_forcepasswordchange','1'),(3023,3022,'auth_forcepasswordchange','1'),(3024,3023,'auth_forcepasswordchange','1'),(3025,3024,'auth_forcepasswordchange','1'),(3026,3025,'auth_forcepasswordchange','1'),(3027,3026,'auth_forcepasswordchange','1'),(3028,3027,'auth_forcepasswordchange','1'),(3029,3028,'auth_forcepasswordchange','1'),(3030,3029,'auth_forcepasswordchange','1'),(3031,3030,'auth_forcepasswordchange','1'),(3032,3031,'auth_forcepasswordchange','1'),(3033,3032,'auth_forcepasswordchange','1'),(3034,3033,'auth_forcepasswordchange','1'),(3035,3034,'auth_forcepasswordchange','1'),(3036,3035,'auth_forcepasswordchange','1'),(3037,3036,'auth_forcepasswordchange','1'),(3038,3037,'auth_forcepasswordchange','1'),(3039,3038,'auth_forcepasswordchange','1'),(3040,3039,'auth_forcepasswordchange','1'),(3041,3040,'auth_forcepasswordchange','1'),(3042,3041,'auth_forcepasswordchange','1'),(3043,3042,'auth_forcepasswordchange','1'),(3044,3043,'auth_forcepasswordchange','1'),(3045,3044,'auth_forcepasswordchange','1'),(3046,3045,'auth_forcepasswordchange','1'),(3047,3046,'auth_forcepasswordchange','1'),(3048,3047,'auth_forcepasswordchange','1'),(3049,3048,'auth_forcepasswordchange','1'),(3050,3049,'auth_forcepasswordchange','1'),(3051,3050,'auth_forcepasswordchange','1'),(3052,3051,'auth_forcepasswordchange','1'),(3053,3052,'auth_forcepasswordchange','1'),(3054,3053,'auth_forcepasswordchange','1'),(3055,3054,'auth_forcepasswordchange','1'),(3056,3055,'auth_forcepasswordchange','1'),(3057,3056,'auth_forcepasswordchange','1'),(3058,3057,'auth_forcepasswordchange','1'),(3059,3058,'auth_forcepasswordchange','1'),(3060,3059,'auth_forcepasswordchange','1'),(3061,3060,'auth_forcepasswordchange','1'),(3062,3061,'auth_forcepasswordchange','1'),(3063,3062,'auth_forcepasswordchange','1'),(3064,3063,'auth_forcepasswordchange','1'),(3065,3064,'auth_forcepasswordchange','1'),(3066,3065,'auth_forcepasswordchange','1'),(3067,3066,'auth_forcepasswordchange','1'),(3068,3067,'auth_forcepasswordchange','1'),(3069,3068,'auth_forcepasswordchange','1'),(3070,3069,'auth_forcepasswordchange','1'),(3071,3070,'auth_forcepasswordchange','1'),(3072,3071,'auth_forcepasswordchange','1'),(3073,3072,'auth_forcepasswordchange','1'),(3074,3073,'auth_forcepasswordchange','1'),(3075,3074,'auth_forcepasswordchange','1'),(3076,3075,'auth_forcepasswordchange','1'),(3077,3076,'auth_forcepasswordchange','1'),(3078,3077,'auth_forcepasswordchange','1'),(3079,3078,'auth_forcepasswordchange','1'),(3080,3079,'auth_forcepasswordchange','1'),(3081,3080,'auth_forcepasswordchange','1'),(3082,3081,'auth_forcepasswordchange','1'),(3083,3082,'auth_forcepasswordchange','1'),(3084,3083,'auth_forcepasswordchange','1'),(3085,3084,'auth_forcepasswordchange','1'),(3086,3085,'auth_forcepasswordchange','1'),(3087,3086,'auth_forcepasswordchange','1'),(3088,3087,'auth_forcepasswordchange','1'),(3089,3088,'auth_forcepasswordchange','1'),(3090,3089,'auth_forcepasswordchange','1'),(3091,3090,'auth_forcepasswordchange','1'),(3092,3091,'auth_forcepasswordchange','1'),(3093,3092,'auth_forcepasswordchange','1'),(3094,3093,'auth_forcepasswordchange','1'),(3095,3094,'auth_forcepasswordchange','1'),(3096,3095,'auth_forcepasswordchange','1'),(3097,3096,'auth_forcepasswordchange','1'),(3098,3097,'auth_forcepasswordchange','1'),(3099,3098,'auth_forcepasswordchange','1'),(3100,3099,'auth_forcepasswordchange','1'),(3101,3100,'auth_forcepasswordchange','1'),(3102,3101,'auth_forcepasswordchange','1'),(3103,3102,'auth_forcepasswordchange','1'),(3104,3103,'auth_forcepasswordchange','1'),(3105,3104,'auth_forcepasswordchange','1'),(3106,3105,'auth_forcepasswordchange','1'),(3107,3106,'auth_forcepasswordchange','1'),(3108,3107,'auth_forcepasswordchange','1'),(3109,3108,'auth_forcepasswordchange','1'),(3110,3109,'auth_forcepasswordchange','1'),(3111,3110,'auth_forcepasswordchange','1'),(3112,3111,'auth_forcepasswordchange','1'),(3113,3112,'auth_forcepasswordchange','1'),(3114,3113,'auth_forcepasswordchange','1'),(3115,3114,'auth_forcepasswordchange','1'),(3116,3115,'auth_forcepasswordchange','1'),(3117,3116,'auth_forcepasswordchange','1'),(3118,3117,'auth_forcepasswordchange','1'),(3119,3118,'auth_forcepasswordchange','1'),(3120,3119,'auth_forcepasswordchange','1'),(3121,3120,'auth_forcepasswordchange','1'),(3122,3121,'auth_forcepasswordchange','1'),(3123,3122,'auth_forcepasswordchange','1'),(3124,3123,'auth_forcepasswordchange','1'),(3125,3124,'auth_forcepasswordchange','1'),(3126,3125,'auth_forcepasswordchange','1'),(3127,3126,'auth_forcepasswordchange','1'),(3128,3127,'auth_forcepasswordchange','1'),(3129,3128,'auth_forcepasswordchange','1'),(3130,3129,'auth_forcepasswordchange','1'),(3131,3130,'auth_forcepasswordchange','1'),(3132,3131,'auth_forcepasswordchange','1'),(3133,3132,'auth_forcepasswordchange','1'),(3134,3133,'auth_forcepasswordchange','1'),(3135,3134,'auth_forcepasswordchange','1'),(3136,3135,'auth_forcepasswordchange','1'),(3137,3136,'auth_forcepasswordchange','1'),(3138,3137,'auth_forcepasswordchange','1'),(3139,3138,'auth_forcepasswordchange','1'),(3140,3139,'auth_forcepasswordchange','1'),(3141,3140,'auth_forcepasswordchange','1'),(3142,3141,'auth_forcepasswordchange','1'),(3143,3142,'auth_forcepasswordchange','1'),(3144,3143,'auth_forcepasswordchange','1'),(3145,3144,'auth_forcepasswordchange','1'),(3146,3145,'auth_forcepasswordchange','1'),(3147,3146,'auth_forcepasswordchange','1'),(3148,3147,'auth_forcepasswordchange','1'),(3149,3148,'auth_forcepasswordchange','1'),(3150,3149,'auth_forcepasswordchange','1'),(3151,3150,'auth_forcepasswordchange','1'),(3152,3151,'auth_forcepasswordchange','1'),(3153,3152,'auth_forcepasswordchange','1'),(3154,3153,'auth_forcepasswordchange','1'),(3155,3154,'auth_forcepasswordchange','1'),(3156,3155,'auth_forcepasswordchange','1'),(3157,3156,'auth_forcepasswordchange','1'),(3158,3157,'auth_forcepasswordchange','1'),(3159,3158,'auth_forcepasswordchange','1'),(3160,3159,'auth_forcepasswordchange','1'),(3161,3160,'auth_forcepasswordchange','1'),(3162,3161,'auth_forcepasswordchange','1'),(3163,3162,'auth_forcepasswordchange','1'),(3164,3163,'auth_forcepasswordchange','1'),(3165,3164,'auth_forcepasswordchange','1'),(3166,3165,'auth_forcepasswordchange','1'),(3167,3166,'auth_forcepasswordchange','1'),(3168,3167,'auth_forcepasswordchange','1'),(3169,3168,'auth_forcepasswordchange','1'),(3170,3169,'auth_forcepasswordchange','1'),(3171,3170,'auth_forcepasswordchange','1'),(3172,3171,'auth_forcepasswordchange','1'),(3173,3172,'auth_forcepasswordchange','1'),(3174,3173,'auth_forcepasswordchange','1'),(3175,3174,'auth_forcepasswordchange','1'),(3176,3175,'auth_forcepasswordchange','1'),(3177,3176,'auth_forcepasswordchange','1'),(3178,3177,'auth_forcepasswordchange','1'),(3179,3178,'auth_forcepasswordchange','1'),(3180,3179,'auth_forcepasswordchange','1'),(3181,3180,'auth_forcepasswordchange','1'),(3182,3181,'auth_forcepasswordchange','1'),(3183,3182,'auth_forcepasswordchange','1'),(3184,3183,'auth_forcepasswordchange','1'),(3185,3184,'auth_forcepasswordchange','1'),(3186,3185,'auth_forcepasswordchange','1'),(3187,3186,'auth_forcepasswordchange','1'),(3188,3187,'auth_forcepasswordchange','1'),(3189,3188,'auth_forcepasswordchange','1'),(3190,3189,'auth_forcepasswordchange','1'),(3191,3190,'auth_forcepasswordchange','1'),(3192,3191,'auth_forcepasswordchange','1'),(3193,3192,'auth_forcepasswordchange','1'),(3194,3193,'auth_forcepasswordchange','1'),(3195,3194,'auth_forcepasswordchange','1'),(3196,3195,'auth_forcepasswordchange','1'),(3197,3196,'auth_forcepasswordchange','1'),(3198,3197,'auth_forcepasswordchange','1'),(3199,3198,'auth_forcepasswordchange','1'),(3200,3199,'auth_forcepasswordchange','1'),(3201,3200,'auth_forcepasswordchange','1'),(3202,3201,'auth_forcepasswordchange','1'),(3203,3202,'auth_forcepasswordchange','1'),(3204,3203,'auth_forcepasswordchange','1'),(3205,3204,'auth_forcepasswordchange','1'),(3206,3205,'auth_forcepasswordchange','1'),(3207,3206,'auth_forcepasswordchange','1'),(3208,3207,'auth_forcepasswordchange','1'),(3209,3208,'auth_forcepasswordchange','1'),(3210,3209,'auth_forcepasswordchange','1'),(3211,3210,'auth_forcepasswordchange','1'),(3212,3211,'auth_forcepasswordchange','1'),(3213,3212,'auth_forcepasswordchange','1'),(3214,3213,'auth_forcepasswordchange','1'),(3215,3214,'auth_forcepasswordchange','1'),(3216,3215,'auth_forcepasswordchange','1'),(3217,3216,'auth_forcepasswordchange','1'),(3218,3217,'auth_forcepasswordchange','1'),(3219,3218,'auth_forcepasswordchange','1'),(3220,3219,'auth_forcepasswordchange','1'),(3221,3220,'auth_forcepasswordchange','1'),(3222,3221,'auth_forcepasswordchange','1'),(3223,3222,'auth_forcepasswordchange','1'),(3224,3223,'auth_forcepasswordchange','1'),(3225,3224,'auth_forcepasswordchange','1'),(3226,3225,'auth_forcepasswordchange','1'),(3227,3226,'auth_forcepasswordchange','1'),(3228,3227,'auth_forcepasswordchange','1'),(3229,3228,'auth_forcepasswordchange','1'),(3230,3229,'auth_forcepasswordchange','1'),(3231,3230,'auth_forcepasswordchange','1'),(3232,3231,'auth_forcepasswordchange','1'),(3233,3232,'auth_forcepasswordchange','1'),(3234,3233,'auth_forcepasswordchange','1'),(3235,3234,'auth_forcepasswordchange','1'),(3236,3235,'auth_forcepasswordchange','1'),(3237,3236,'auth_forcepasswordchange','1'),(3238,3237,'auth_forcepasswordchange','1'),(3239,3238,'auth_forcepasswordchange','1'),(3240,3239,'auth_forcepasswordchange','1'),(3241,3240,'auth_forcepasswordchange','1'),(3242,3241,'auth_forcepasswordchange','1'),(3243,3242,'auth_forcepasswordchange','1'),(3244,3243,'auth_forcepasswordchange','1'),(3245,3244,'auth_forcepasswordchange','1'),(3246,3245,'auth_forcepasswordchange','1'),(3247,3246,'auth_forcepasswordchange','1'),(3248,3247,'auth_forcepasswordchange','1'),(3249,3248,'auth_forcepasswordchange','1'),(3250,3249,'auth_forcepasswordchange','1'),(3251,3250,'auth_forcepasswordchange','1'),(3252,3251,'auth_forcepasswordchange','1'),(3253,3252,'auth_forcepasswordchange','1'),(3254,3253,'auth_forcepasswordchange','1'),(3255,3254,'auth_forcepasswordchange','1'),(3256,3255,'auth_forcepasswordchange','1'),(3257,3256,'auth_forcepasswordchange','1'),(3258,3257,'auth_forcepasswordchange','1'),(3259,3258,'auth_forcepasswordchange','1'),(3260,3259,'auth_forcepasswordchange','1'),(3261,3260,'auth_forcepasswordchange','1'),(3262,3261,'auth_forcepasswordchange','1'),(3263,3262,'auth_forcepasswordchange','1'),(3264,3263,'auth_forcepasswordchange','1'),(3265,3264,'auth_forcepasswordchange','1'),(3266,3265,'auth_forcepasswordchange','1'),(3267,3266,'auth_forcepasswordchange','1'),(3268,3267,'auth_forcepasswordchange','1'),(3269,3268,'auth_forcepasswordchange','1'),(3270,3269,'auth_forcepasswordchange','1'),(3271,3270,'auth_forcepasswordchange','1'),(3272,3271,'auth_forcepasswordchange','1'),(3273,3272,'auth_forcepasswordchange','1'),(3274,3273,'auth_forcepasswordchange','1'),(3275,3274,'auth_forcepasswordchange','1'),(3276,3275,'auth_forcepasswordchange','1'),(3277,3276,'auth_forcepasswordchange','1'),(3278,3277,'auth_forcepasswordchange','1'),(3279,3278,'auth_forcepasswordchange','1'),(3280,3279,'auth_forcepasswordchange','1'),(3281,3280,'auth_forcepasswordchange','1'),(3282,3281,'auth_forcepasswordchange','1'),(3283,3282,'auth_forcepasswordchange','1'),(3284,3283,'auth_forcepasswordchange','1'),(3285,3284,'auth_forcepasswordchange','1'),(3286,3285,'auth_forcepasswordchange','1'),(3287,3286,'auth_forcepasswordchange','1'),(3288,3287,'auth_forcepasswordchange','1'),(3289,3288,'auth_forcepasswordchange','1'),(3290,3289,'auth_forcepasswordchange','1'),(3291,3290,'auth_forcepasswordchange','1'),(3292,3291,'auth_forcepasswordchange','1'),(3293,3292,'auth_forcepasswordchange','1'),(3294,3293,'auth_forcepasswordchange','1'),(3295,3294,'auth_forcepasswordchange','1'),(3296,3295,'auth_forcepasswordchange','1'),(3297,3296,'auth_forcepasswordchange','1'),(3298,3297,'auth_forcepasswordchange','1'),(3299,3298,'auth_forcepasswordchange','1'),(3300,3299,'auth_forcepasswordchange','1'),(3301,3300,'auth_forcepasswordchange','1'),(3302,3301,'auth_forcepasswordchange','1'),(3303,3302,'auth_forcepasswordchange','1'),(3304,3303,'auth_forcepasswordchange','1'),(3305,3304,'auth_forcepasswordchange','1'),(3306,3305,'auth_forcepasswordchange','1'),(3307,3306,'auth_forcepasswordchange','1'),(3308,3307,'auth_forcepasswordchange','1'),(3309,3308,'auth_forcepasswordchange','1'),(3310,3309,'auth_forcepasswordchange','1'),(3311,3310,'auth_forcepasswordchange','1'),(3312,3311,'auth_forcepasswordchange','1'),(3313,3312,'auth_forcepasswordchange','1'),(3314,3313,'auth_forcepasswordchange','1'),(3315,3314,'auth_forcepasswordchange','1'),(3316,3315,'auth_forcepasswordchange','1'),(3317,3316,'auth_forcepasswordchange','1'),(3318,3317,'auth_forcepasswordchange','1'),(3319,3318,'auth_forcepasswordchange','1'),(3320,3319,'auth_forcepasswordchange','1'),(3321,3320,'auth_forcepasswordchange','1'),(3322,3321,'auth_forcepasswordchange','1'),(3323,3322,'auth_forcepasswordchange','1'),(3324,3323,'auth_forcepasswordchange','1'),(3325,3324,'auth_forcepasswordchange','1'),(3326,3325,'auth_forcepasswordchange','1'),(3327,3326,'auth_forcepasswordchange','1'),(3328,3327,'auth_forcepasswordchange','1'),(3329,3328,'auth_forcepasswordchange','1'),(3330,3329,'auth_forcepasswordchange','1'),(3331,3330,'auth_forcepasswordchange','1'),(3332,3331,'auth_forcepasswordchange','1'),(3333,3332,'auth_forcepasswordchange','1'),(3334,3333,'auth_forcepasswordchange','1'),(3335,3334,'auth_forcepasswordchange','1'),(3336,3335,'auth_forcepasswordchange','1'),(3337,3336,'auth_forcepasswordchange','1'),(3338,3337,'auth_forcepasswordchange','1'),(3339,3338,'auth_forcepasswordchange','1'),(3340,3339,'auth_forcepasswordchange','1'),(3341,3340,'auth_forcepasswordchange','1'),(3342,3341,'auth_forcepasswordchange','1'),(3343,3342,'auth_forcepasswordchange','1'),(3344,3343,'auth_forcepasswordchange','1'),(3345,3344,'auth_forcepasswordchange','1'),(3346,3345,'auth_forcepasswordchange','1'),(3347,3346,'auth_forcepasswordchange','1'),(3348,3347,'auth_forcepasswordchange','1'),(3349,3348,'auth_forcepasswordchange','1'),(3350,3349,'auth_forcepasswordchange','1'),(3351,3350,'auth_forcepasswordchange','1'),(3352,3351,'auth_forcepasswordchange','1'),(3353,3352,'auth_forcepasswordchange','1'),(3354,3353,'auth_forcepasswordchange','1'),(3355,3354,'auth_forcepasswordchange','1'),(3356,3355,'auth_forcepasswordchange','1'),(3357,3356,'auth_forcepasswordchange','1'),(3358,3357,'auth_forcepasswordchange','1'),(3359,3358,'auth_forcepasswordchange','1'),(3360,3359,'auth_forcepasswordchange','1'),(3361,3360,'auth_forcepasswordchange','1'),(3362,3361,'auth_forcepasswordchange','1'),(3363,3362,'auth_forcepasswordchange','1'),(3364,3363,'auth_forcepasswordchange','1'),(3365,3364,'auth_forcepasswordchange','1'),(3366,3365,'auth_forcepasswordchange','1'),(3367,3366,'auth_forcepasswordchange','1'),(3368,3367,'auth_forcepasswordchange','1'),(3369,3368,'auth_forcepasswordchange','1'),(3370,3369,'auth_forcepasswordchange','1'),(3371,3370,'auth_forcepasswordchange','1'),(3372,3371,'auth_forcepasswordchange','1'),(3373,3372,'auth_forcepasswordchange','1'),(3374,3373,'auth_forcepasswordchange','1'),(3375,3374,'auth_forcepasswordchange','1'),(3376,3375,'auth_forcepasswordchange','1'),(3377,3376,'auth_forcepasswordchange','1'),(3378,3377,'auth_forcepasswordchange','1'),(3379,3378,'auth_forcepasswordchange','1'),(3380,3379,'auth_forcepasswordchange','1'),(3381,3380,'auth_forcepasswordchange','1'),(3382,3381,'auth_forcepasswordchange','1'),(3383,3382,'auth_forcepasswordchange','1'),(3384,3383,'auth_forcepasswordchange','1'),(3385,3384,'auth_forcepasswordchange','1'),(3386,3385,'auth_forcepasswordchange','1'),(3387,3386,'auth_forcepasswordchange','1'),(3388,3387,'auth_forcepasswordchange','1'),(3389,3388,'auth_forcepasswordchange','1'),(3390,3389,'auth_forcepasswordchange','1'),(3391,3390,'auth_forcepasswordchange','1'),(3392,3391,'auth_forcepasswordchange','1'),(3393,3392,'auth_forcepasswordchange','1'),(3394,3393,'auth_forcepasswordchange','1'),(3395,3394,'auth_forcepasswordchange','1'),(3396,3395,'auth_forcepasswordchange','1'),(3397,3396,'auth_forcepasswordchange','1'),(3398,3397,'auth_forcepasswordchange','1'),(3399,3398,'auth_forcepasswordchange','1'),(3400,3399,'auth_forcepasswordchange','1'),(3401,3400,'auth_forcepasswordchange','1'),(3402,3401,'auth_forcepasswordchange','1'),(3403,3402,'auth_forcepasswordchange','1'),(3404,3403,'auth_forcepasswordchange','1'),(3405,3404,'auth_forcepasswordchange','1'),(3406,3405,'auth_forcepasswordchange','1'),(3407,3406,'auth_forcepasswordchange','1'),(3408,3407,'auth_forcepasswordchange','1'),(3409,3408,'auth_forcepasswordchange','1'),(3410,3409,'auth_forcepasswordchange','1'),(3411,3410,'auth_forcepasswordchange','1'),(3412,3411,'auth_forcepasswordchange','1'),(3413,3412,'auth_forcepasswordchange','1'),(3414,3413,'auth_forcepasswordchange','1'),(3415,3414,'auth_forcepasswordchange','1'),(3416,3415,'auth_forcepasswordchange','1'),(3417,3416,'auth_forcepasswordchange','1'),(3418,3417,'auth_forcepasswordchange','1'),(3419,3418,'auth_forcepasswordchange','1'),(3420,3419,'auth_forcepasswordchange','1'),(3421,3420,'auth_forcepasswordchange','1'),(3422,3421,'auth_forcepasswordchange','1'),(3423,3422,'auth_forcepasswordchange','1'),(3424,3423,'auth_forcepasswordchange','1'),(3425,3424,'auth_forcepasswordchange','1'),(3426,3425,'auth_forcepasswordchange','1'),(3427,3426,'auth_forcepasswordchange','1'),(3428,3427,'auth_forcepasswordchange','1'),(3429,3428,'auth_forcepasswordchange','1'),(3430,3429,'auth_forcepasswordchange','1'),(3431,3430,'auth_forcepasswordchange','1'),(3432,3431,'auth_forcepasswordchange','1'),(3433,3432,'auth_forcepasswordchange','1'),(3434,3433,'auth_forcepasswordchange','1'),(3435,3434,'auth_forcepasswordchange','1'),(3436,3435,'auth_forcepasswordchange','1'),(3437,3436,'auth_forcepasswordchange','1'),(3438,3437,'auth_forcepasswordchange','1'),(3439,3438,'auth_forcepasswordchange','1'),(3440,3439,'auth_forcepasswordchange','1'),(3441,3440,'auth_forcepasswordchange','1'),(3442,3441,'auth_forcepasswordchange','1'),(3443,3442,'auth_forcepasswordchange','1'),(3444,3443,'auth_forcepasswordchange','1'),(3445,3444,'auth_forcepasswordchange','1'),(3446,3445,'auth_forcepasswordchange','1'),(3447,3446,'auth_forcepasswordchange','1'),(3448,3447,'auth_forcepasswordchange','1'),(3449,3448,'auth_forcepasswordchange','1'),(3450,3449,'auth_forcepasswordchange','1'),(3451,3450,'auth_forcepasswordchange','1'),(3452,3451,'auth_forcepasswordchange','1'),(3453,3452,'auth_forcepasswordchange','1'),(3454,3453,'auth_forcepasswordchange','1'),(3455,3454,'auth_forcepasswordchange','1'),(3456,3455,'auth_forcepasswordchange','1'),(3457,3456,'auth_forcepasswordchange','1'),(3458,3457,'auth_forcepasswordchange','1'),(3459,3458,'auth_forcepasswordchange','1'),(3460,3459,'auth_forcepasswordchange','1'),(3461,3460,'auth_forcepasswordchange','1'),(3462,3461,'auth_forcepasswordchange','1'),(3463,3462,'auth_forcepasswordchange','1'),(3464,3463,'auth_forcepasswordchange','1'),(3465,3464,'auth_forcepasswordchange','1'),(3466,3465,'auth_forcepasswordchange','1'),(3467,3466,'auth_forcepasswordchange','1'),(3468,3467,'auth_forcepasswordchange','1'),(3469,3468,'auth_forcepasswordchange','1'),(3470,3469,'auth_forcepasswordchange','1'),(3471,3470,'auth_forcepasswordchange','1'),(3472,3471,'auth_forcepasswordchange','1'),(3473,3472,'auth_forcepasswordchange','1'),(3474,3473,'auth_forcepasswordchange','1'),(3475,3474,'auth_forcepasswordchange','1'),(3476,3475,'auth_forcepasswordchange','1'),(3477,3476,'auth_forcepasswordchange','1'),(3478,3477,'auth_forcepasswordchange','1'),(3479,3478,'auth_forcepasswordchange','1'),(3480,3479,'auth_forcepasswordchange','1'),(3481,3480,'auth_forcepasswordchange','1'),(3482,3481,'auth_forcepasswordchange','1'),(3483,3482,'auth_forcepasswordchange','1'),(3484,3483,'auth_forcepasswordchange','1'),(3485,3484,'auth_forcepasswordchange','1'),(3486,3485,'auth_forcepasswordchange','1'),(3487,3486,'auth_forcepasswordchange','1'),(3488,3487,'auth_forcepasswordchange','1'),(3489,3488,'auth_forcepasswordchange','1'),(3490,3489,'auth_forcepasswordchange','1'),(3491,3490,'auth_forcepasswordchange','1'),(3492,3491,'auth_forcepasswordchange','1'),(3493,3492,'auth_forcepasswordchange','1'),(3494,3493,'auth_forcepasswordchange','1'),(3495,3494,'auth_forcepasswordchange','1'),(3496,3495,'auth_forcepasswordchange','1'),(3497,3496,'auth_forcepasswordchange','1'),(3498,3497,'auth_forcepasswordchange','1'),(3499,3498,'auth_forcepasswordchange','1'),(3500,3499,'auth_forcepasswordchange','1'),(3501,3500,'auth_forcepasswordchange','1'),(3502,3501,'auth_forcepasswordchange','1'),(3503,3502,'auth_forcepasswordchange','1'),(3504,3503,'auth_forcepasswordchange','1'),(3505,3504,'auth_forcepasswordchange','1'),(3506,3505,'auth_forcepasswordchange','1'),(3507,3506,'auth_forcepasswordchange','1'),(3508,3507,'auth_forcepasswordchange','1'),(3509,3508,'auth_forcepasswordchange','1'),(3510,3509,'auth_forcepasswordchange','1'),(3511,3510,'auth_forcepasswordchange','1'),(3512,3511,'auth_forcepasswordchange','1'),(3513,3512,'auth_forcepasswordchange','1'),(3514,3513,'auth_forcepasswordchange','1'),(3515,3514,'auth_forcepasswordchange','1'),(3516,3515,'auth_forcepasswordchange','1'),(3517,3516,'auth_forcepasswordchange','1'),(3518,3517,'auth_forcepasswordchange','1'),(3519,3518,'auth_forcepasswordchange','1'),(3520,3519,'auth_forcepasswordchange','1'),(3521,3520,'auth_forcepasswordchange','1'),(3522,3521,'auth_forcepasswordchange','1'),(3523,3522,'auth_forcepasswordchange','1'),(3524,3523,'auth_forcepasswordchange','1'),(3525,3524,'auth_forcepasswordchange','1'),(3526,3525,'auth_forcepasswordchange','1'),(3527,3526,'auth_forcepasswordchange','1'),(3528,3527,'auth_forcepasswordchange','1'),(3529,3528,'auth_forcepasswordchange','1'),(3530,3529,'auth_forcepasswordchange','1'),(3531,3530,'auth_forcepasswordchange','1'),(3532,3531,'auth_forcepasswordchange','1'),(3533,3532,'auth_forcepasswordchange','1'),(3534,3533,'auth_forcepasswordchange','1'),(3535,3534,'auth_forcepasswordchange','1'),(3536,3535,'auth_forcepasswordchange','1'),(3537,3536,'auth_forcepasswordchange','1'),(3538,3537,'auth_forcepasswordchange','1'),(3539,3538,'auth_forcepasswordchange','1'),(3540,3539,'auth_forcepasswordchange','1'),(3541,3540,'auth_forcepasswordchange','1'),(3542,3541,'auth_forcepasswordchange','1'),(3543,3542,'auth_forcepasswordchange','1'),(3544,3543,'auth_forcepasswordchange','1'),(3545,3544,'auth_forcepasswordchange','1'),(3546,3545,'auth_forcepasswordchange','1'),(3547,3546,'auth_forcepasswordchange','1'),(3548,3547,'auth_forcepasswordchange','1'),(3549,3548,'auth_forcepasswordchange','1'),(3550,3549,'auth_forcepasswordchange','1'),(3551,3550,'auth_forcepasswordchange','1'),(3552,3551,'auth_forcepasswordchange','1'),(3553,3552,'auth_forcepasswordchange','1'),(3554,3553,'auth_forcepasswordchange','1'),(3555,3554,'auth_forcepasswordchange','1'),(3556,3555,'auth_forcepasswordchange','1'),(3557,3556,'auth_forcepasswordchange','1'),(3558,3557,'auth_forcepasswordchange','1'),(3559,3558,'auth_forcepasswordchange','1'),(3560,3559,'auth_forcepasswordchange','1'),(3561,3560,'auth_forcepasswordchange','1'),(3562,3561,'auth_forcepasswordchange','1'),(3563,3562,'auth_forcepasswordchange','1'),(3564,3563,'auth_forcepasswordchange','1'),(3565,3564,'auth_forcepasswordchange','1'),(3566,3565,'auth_forcepasswordchange','1'),(3567,3566,'auth_forcepasswordchange','1'),(3568,3567,'auth_forcepasswordchange','1'),(3569,3568,'auth_forcepasswordchange','1'),(3570,3569,'auth_forcepasswordchange','1'),(3571,3570,'auth_forcepasswordchange','1'),(3572,3571,'auth_forcepasswordchange','1'),(3573,3572,'auth_forcepasswordchange','1'),(3574,3573,'auth_forcepasswordchange','1'),(3575,3574,'auth_forcepasswordchange','1'),(3576,3575,'auth_forcepasswordchange','1'),(3577,3576,'auth_forcepasswordchange','1'),(3578,3577,'auth_forcepasswordchange','1'),(3579,3578,'auth_forcepasswordchange','1'),(3580,3579,'auth_forcepasswordchange','1'),(3581,3580,'auth_forcepasswordchange','1'),(3582,3581,'auth_forcepasswordchange','1'),(3583,3582,'auth_forcepasswordchange','1'),(3584,3583,'auth_forcepasswordchange','1'),(3585,3584,'auth_forcepasswordchange','1'),(3586,3585,'auth_forcepasswordchange','1'),(3587,3586,'auth_forcepasswordchange','1'),(3588,3587,'auth_forcepasswordchange','1'),(3589,3588,'auth_forcepasswordchange','1'),(3590,3589,'auth_forcepasswordchange','1'),(3591,3590,'auth_forcepasswordchange','1'),(3592,3591,'auth_forcepasswordchange','1'),(3593,3592,'auth_forcepasswordchange','1'),(3594,3593,'auth_forcepasswordchange','1'),(3595,3594,'auth_forcepasswordchange','1'),(3596,3595,'auth_forcepasswordchange','1'),(3597,3596,'auth_forcepasswordchange','1'),(3598,3597,'auth_forcepasswordchange','1'),(3599,3598,'auth_forcepasswordchange','1'),(3600,3599,'auth_forcepasswordchange','1'),(3601,3600,'auth_forcepasswordchange','1'),(3602,3601,'auth_forcepasswordchange','1'),(3603,3602,'auth_forcepasswordchange','1'),(3604,3603,'auth_forcepasswordchange','1'),(3605,3604,'auth_forcepasswordchange','1'),(3606,3605,'auth_forcepasswordchange','1'),(3607,3606,'auth_forcepasswordchange','1'),(3608,3607,'auth_forcepasswordchange','1'),(3609,3608,'auth_forcepasswordchange','1'),(3610,3609,'auth_forcepasswordchange','1'),(3611,3610,'auth_forcepasswordchange','1'),(3612,3611,'auth_forcepasswordchange','1'),(3613,3612,'auth_forcepasswordchange','1'),(3614,3613,'auth_forcepasswordchange','1'),(3615,3614,'auth_forcepasswordchange','1'),(3616,3615,'auth_forcepasswordchange','1'),(3617,3616,'auth_forcepasswordchange','1'),(3618,3617,'auth_forcepasswordchange','1'),(3619,3618,'auth_forcepasswordchange','1'),(3620,3619,'auth_forcepasswordchange','1'),(3621,3620,'auth_forcepasswordchange','1'),(3622,3621,'auth_forcepasswordchange','1'),(3623,3622,'auth_forcepasswordchange','1'),(3624,3623,'auth_forcepasswordchange','1'),(3625,3624,'auth_forcepasswordchange','1'),(3626,3625,'auth_forcepasswordchange','1'),(3627,3626,'auth_forcepasswordchange','1'),(3628,3627,'auth_forcepasswordchange','1'),(3629,3628,'auth_forcepasswordchange','1'),(3630,3629,'auth_forcepasswordchange','1'),(3631,3630,'auth_forcepasswordchange','1'),(3632,3631,'auth_forcepasswordchange','1'),(3633,3632,'auth_forcepasswordchange','1'),(3634,3633,'auth_forcepasswordchange','1'),(3635,3634,'auth_forcepasswordchange','1'),(3636,3635,'auth_forcepasswordchange','1'),(3637,3636,'auth_forcepasswordchange','1'),(3638,3637,'auth_forcepasswordchange','1'),(3639,3638,'auth_forcepasswordchange','1'),(3640,3639,'auth_forcepasswordchange','1'),(3641,3640,'auth_forcepasswordchange','1'),(3642,3641,'auth_forcepasswordchange','1'),(3643,3642,'auth_forcepasswordchange','1'),(3644,3643,'auth_forcepasswordchange','1'),(3645,3644,'auth_forcepasswordchange','1'),(3646,3645,'auth_forcepasswordchange','1'),(3647,3646,'auth_forcepasswordchange','1'),(3648,3647,'auth_forcepasswordchange','1'),(3649,3648,'auth_forcepasswordchange','1'),(3650,3649,'auth_forcepasswordchange','1'),(3651,3650,'auth_forcepasswordchange','1'),(3652,3651,'auth_forcepasswordchange','1'),(3653,3652,'auth_forcepasswordchange','1'),(3654,3653,'auth_forcepasswordchange','1'),(3655,3654,'auth_forcepasswordchange','1'),(3656,3655,'auth_forcepasswordchange','1'),(3657,3656,'auth_forcepasswordchange','1'),(3658,3657,'auth_forcepasswordchange','1'),(3659,3658,'auth_forcepasswordchange','1'),(3660,3659,'auth_forcepasswordchange','1'),(3661,3660,'auth_forcepasswordchange','1'),(3662,3661,'auth_forcepasswordchange','1'),(3663,3662,'auth_forcepasswordchange','1'),(3664,3663,'auth_forcepasswordchange','1'),(3665,3664,'auth_forcepasswordchange','1'),(3666,3665,'auth_forcepasswordchange','1'),(3667,3666,'auth_forcepasswordchange','1'),(3668,3667,'auth_forcepasswordchange','1'),(3669,3668,'auth_forcepasswordchange','1'),(3670,3669,'auth_forcepasswordchange','1'),(3671,3670,'auth_forcepasswordchange','1'),(3672,3671,'auth_forcepasswordchange','1'),(3673,3672,'auth_forcepasswordchange','1'),(3674,3673,'auth_forcepasswordchange','1'),(3675,3674,'auth_forcepasswordchange','1'),(3676,3675,'auth_forcepasswordchange','1'),(3677,3676,'auth_forcepasswordchange','1'),(3678,3677,'auth_forcepasswordchange','1'),(3679,3678,'auth_forcepasswordchange','1'),(3680,3679,'auth_forcepasswordchange','1'),(3681,3680,'auth_forcepasswordchange','1'),(3682,3681,'auth_forcepasswordchange','1'),(3683,3682,'auth_forcepasswordchange','1'),(3684,3683,'auth_forcepasswordchange','1'),(3685,3684,'auth_forcepasswordchange','1'),(3686,3685,'auth_forcepasswordchange','1'),(3687,3686,'auth_forcepasswordchange','1'),(3688,3687,'auth_forcepasswordchange','1'),(3689,3688,'auth_forcepasswordchange','1'),(3690,3689,'auth_forcepasswordchange','1'),(3691,3690,'auth_forcepasswordchange','1'),(3692,3691,'auth_forcepasswordchange','1'),(3693,3692,'auth_forcepasswordchange','1'),(3694,3693,'auth_forcepasswordchange','1'),(3695,3694,'auth_forcepasswordchange','1'),(3696,3695,'auth_forcepasswordchange','1'),(3697,3696,'auth_forcepasswordchange','1'),(3698,3697,'auth_forcepasswordchange','1'),(3699,3698,'auth_forcepasswordchange','1'),(3700,3699,'auth_forcepasswordchange','1'),(3701,3700,'auth_forcepasswordchange','1'),(3702,3701,'auth_forcepasswordchange','1'),(3703,3702,'auth_forcepasswordchange','1'),(3704,3703,'auth_forcepasswordchange','1'),(3705,3704,'auth_forcepasswordchange','1'),(3706,3705,'auth_forcepasswordchange','1'),(3707,3706,'auth_forcepasswordchange','1'),(3708,3707,'auth_forcepasswordchange','1'),(3709,3708,'auth_forcepasswordchange','1'),(3710,3709,'auth_forcepasswordchange','1'),(3711,3710,'auth_forcepasswordchange','1'),(3712,3711,'auth_forcepasswordchange','1'),(3713,3712,'auth_forcepasswordchange','1'),(3714,3713,'auth_forcepasswordchange','1'),(3715,3714,'auth_forcepasswordchange','1'),(3716,3715,'auth_forcepasswordchange','1'),(3717,3716,'auth_forcepasswordchange','1'),(3718,3717,'auth_forcepasswordchange','1'),(3719,3718,'auth_forcepasswordchange','1'),(3720,3719,'auth_forcepasswordchange','1'),(3721,3720,'auth_forcepasswordchange','1'),(3722,3721,'auth_forcepasswordchange','1'),(3723,3722,'auth_forcepasswordchange','1'),(3724,3723,'auth_forcepasswordchange','1'),(3725,3724,'auth_forcepasswordchange','1'),(3726,3725,'auth_forcepasswordchange','1'),(3727,3726,'auth_forcepasswordchange','1'),(3728,3727,'auth_forcepasswordchange','1'),(3729,3728,'auth_forcepasswordchange','1'),(3730,3729,'auth_forcepasswordchange','1'),(3731,3730,'auth_forcepasswordchange','1'),(3732,3731,'auth_forcepasswordchange','1'),(3733,3732,'auth_forcepasswordchange','1'),(3734,3733,'auth_forcepasswordchange','1'),(3735,3734,'auth_forcepasswordchange','1'),(3736,3735,'auth_forcepasswordchange','1'),(3737,3736,'auth_forcepasswordchange','1'),(3738,3737,'auth_forcepasswordchange','1'),(3739,3738,'auth_forcepasswordchange','1'),(3740,3739,'auth_forcepasswordchange','1'),(3741,3740,'auth_forcepasswordchange','1'),(3742,3741,'auth_forcepasswordchange','1'),(3743,3742,'auth_forcepasswordchange','1'),(3744,3743,'auth_forcepasswordchange','1'),(3745,3744,'auth_forcepasswordchange','1'),(3746,3745,'auth_forcepasswordchange','1'),(3747,3746,'auth_forcepasswordchange','1'),(3748,3747,'auth_forcepasswordchange','1'),(3749,3748,'auth_forcepasswordchange','1'),(3750,3749,'auth_forcepasswordchange','1'),(3751,3750,'auth_forcepasswordchange','1'),(3752,3751,'auth_forcepasswordchange','1'),(3753,3752,'auth_forcepasswordchange','1'),(3754,3753,'auth_forcepasswordchange','1'),(3755,3754,'auth_forcepasswordchange','1'),(3756,3755,'auth_forcepasswordchange','1'),(3757,3756,'auth_forcepasswordchange','1'),(3758,3757,'auth_forcepasswordchange','1'),(3759,3758,'auth_forcepasswordchange','1'),(3760,3759,'auth_forcepasswordchange','1'),(3761,3760,'auth_forcepasswordchange','1'),(3762,3761,'auth_forcepasswordchange','1'),(3763,3762,'auth_forcepasswordchange','1'),(3764,3763,'auth_forcepasswordchange','1'),(3765,3764,'auth_forcepasswordchange','1'),(3766,3765,'auth_forcepasswordchange','1'),(3767,3766,'auth_forcepasswordchange','1'),(3768,3767,'auth_forcepasswordchange','1'),(3769,3768,'auth_forcepasswordchange','1'),(3770,3769,'auth_forcepasswordchange','1'),(3771,3770,'auth_forcepasswordchange','1'),(3772,3771,'auth_forcepasswordchange','1'),(3773,3772,'auth_forcepasswordchange','1'),(3774,3773,'auth_forcepasswordchange','1'),(3775,3774,'auth_forcepasswordchange','1'),(3776,3775,'auth_forcepasswordchange','1'),(3777,3776,'auth_forcepasswordchange','1'),(3778,3777,'auth_forcepasswordchange','1'),(3779,3778,'auth_forcepasswordchange','1'),(3780,3779,'auth_forcepasswordchange','1'),(3781,3780,'auth_forcepasswordchange','1'),(3782,3781,'auth_forcepasswordchange','1'),(3783,3782,'auth_forcepasswordchange','1'),(3784,3783,'auth_forcepasswordchange','1'),(3785,3784,'auth_forcepasswordchange','1'),(3786,3785,'auth_forcepasswordchange','1'),(3787,3786,'auth_forcepasswordchange','1'),(3788,3787,'auth_forcepasswordchange','1'),(3789,3788,'auth_forcepasswordchange','1'),(3790,3789,'auth_forcepasswordchange','1'),(3791,3790,'auth_forcepasswordchange','1'),(3792,3791,'auth_forcepasswordchange','1'),(3793,3792,'auth_forcepasswordchange','1'),(3794,3793,'auth_forcepasswordchange','1'),(3795,3794,'auth_forcepasswordchange','1'),(3796,3795,'auth_forcepasswordchange','1'),(3797,3796,'auth_forcepasswordchange','1'),(3798,3797,'auth_forcepasswordchange','1'),(3799,3798,'auth_forcepasswordchange','1'),(3800,3799,'auth_forcepasswordchange','1'),(3801,3800,'auth_forcepasswordchange','1'),(3802,3801,'auth_forcepasswordchange','1'),(3803,3802,'auth_forcepasswordchange','1'),(3804,3803,'auth_forcepasswordchange','1'),(3805,3804,'auth_forcepasswordchange','1'),(3806,3805,'auth_forcepasswordchange','1'),(3807,3806,'auth_forcepasswordchange','1'),(3808,3807,'auth_forcepasswordchange','1'),(3809,3808,'auth_forcepasswordchange','1'),(3810,3809,'auth_forcepasswordchange','1'),(3811,3810,'auth_forcepasswordchange','1'),(3812,3811,'auth_forcepasswordchange','1'),(3813,3812,'auth_forcepasswordchange','1'),(3814,3813,'auth_forcepasswordchange','1'),(3815,3814,'auth_forcepasswordchange','1'),(3816,3815,'auth_forcepasswordchange','1'),(3817,3816,'auth_forcepasswordchange','1'),(3818,3817,'auth_forcepasswordchange','1'),(3819,3818,'auth_forcepasswordchange','1'),(3820,3819,'auth_forcepasswordchange','1'),(3821,3820,'auth_forcepasswordchange','1'),(3822,3821,'auth_forcepasswordchange','1'),(3823,3822,'auth_forcepasswordchange','1'),(3824,3823,'auth_forcepasswordchange','1'),(3825,3824,'auth_forcepasswordchange','1'),(3826,3825,'auth_forcepasswordchange','1'),(3827,3826,'auth_forcepasswordchange','1'),(3828,3827,'auth_forcepasswordchange','1'),(3829,3828,'auth_forcepasswordchange','1'),(3830,3829,'auth_forcepasswordchange','1'),(3831,3830,'auth_forcepasswordchange','1'),(3832,3831,'auth_forcepasswordchange','1'),(3833,3832,'auth_forcepasswordchange','1'),(3834,3833,'auth_forcepasswordchange','1'),(3835,3834,'auth_forcepasswordchange','1'),(3836,3835,'auth_forcepasswordchange','1'),(3837,3836,'auth_forcepasswordchange','1'),(3838,3837,'auth_forcepasswordchange','1'),(3839,3838,'auth_forcepasswordchange','1'),(3840,3839,'auth_forcepasswordchange','1'),(3841,3840,'auth_forcepasswordchange','1'),(3842,3841,'auth_forcepasswordchange','1'),(3843,3842,'auth_forcepasswordchange','1'),(3844,3843,'auth_forcepasswordchange','1'),(3845,3844,'auth_forcepasswordchange','1'),(3846,3845,'auth_forcepasswordchange','1'),(3847,3846,'auth_forcepasswordchange','1'),(3848,3847,'auth_forcepasswordchange','1'),(3849,3848,'auth_forcepasswordchange','1'),(3850,3849,'auth_forcepasswordchange','1'),(3851,3850,'auth_forcepasswordchange','1'),(3852,3851,'auth_forcepasswordchange','1'),(3853,3852,'auth_forcepasswordchange','1'),(3854,3853,'auth_forcepasswordchange','1'),(3855,3854,'auth_forcepasswordchange','1'),(3856,3855,'auth_forcepasswordchange','1'),(3857,3856,'auth_forcepasswordchange','1'),(3858,3857,'auth_forcepasswordchange','1'),(3859,3858,'auth_forcepasswordchange','1'),(3860,3859,'auth_forcepasswordchange','1'),(3861,3860,'auth_forcepasswordchange','1'),(3862,3861,'auth_forcepasswordchange','1'),(3863,3862,'auth_forcepasswordchange','1'),(3864,3863,'auth_forcepasswordchange','1'),(3865,3864,'auth_forcepasswordchange','1'),(3866,3865,'auth_forcepasswordchange','1'),(3867,3866,'auth_forcepasswordchange','1'),(3868,3867,'auth_forcepasswordchange','1'),(3869,3868,'auth_forcepasswordchange','1'),(3870,3869,'auth_forcepasswordchange','1'),(3871,3870,'auth_forcepasswordchange','1'),(3872,3871,'auth_forcepasswordchange','1'),(3873,3872,'auth_forcepasswordchange','1'),(3874,3873,'auth_forcepasswordchange','1'),(3875,3874,'auth_forcepasswordchange','1'),(3876,3875,'auth_forcepasswordchange','1'),(3877,3876,'auth_forcepasswordchange','1'),(3878,3877,'auth_forcepasswordchange','1'),(3879,3878,'auth_forcepasswordchange','1'),(3880,3879,'auth_forcepasswordchange','1'),(3881,3880,'auth_forcepasswordchange','1'),(3882,3881,'auth_forcepasswordchange','1'),(3883,3882,'auth_forcepasswordchange','1'),(3884,3883,'auth_forcepasswordchange','1'),(3885,3884,'auth_forcepasswordchange','1'),(3886,3885,'auth_forcepasswordchange','1'),(3887,3886,'auth_forcepasswordchange','1'),(3888,3887,'auth_forcepasswordchange','1'),(3889,3888,'auth_forcepasswordchange','1'),(3890,3889,'auth_forcepasswordchange','1'),(3891,3890,'auth_forcepasswordchange','1'),(3892,3891,'auth_forcepasswordchange','1'),(3893,3892,'auth_forcepasswordchange','1'),(3894,3893,'auth_forcepasswordchange','1'),(3895,3894,'auth_forcepasswordchange','1'),(3896,3895,'auth_forcepasswordchange','1'),(3897,3896,'auth_forcepasswordchange','1'),(3898,3897,'auth_forcepasswordchange','1'),(3899,3898,'auth_forcepasswordchange','1'),(3900,3899,'auth_forcepasswordchange','1'),(3901,3900,'auth_forcepasswordchange','1'),(3902,3901,'auth_forcepasswordchange','1'),(3903,3902,'auth_forcepasswordchange','1'),(3904,3903,'auth_forcepasswordchange','1'),(3905,3904,'auth_forcepasswordchange','1'),(3906,3905,'auth_forcepasswordchange','1'),(3907,3906,'auth_forcepasswordchange','1'),(3908,3907,'auth_forcepasswordchange','1'),(3909,3908,'auth_forcepasswordchange','1'),(3910,3909,'auth_forcepasswordchange','1'),(3911,3910,'auth_forcepasswordchange','1'),(3912,3911,'auth_forcepasswordchange','1'),(3913,3912,'auth_forcepasswordchange','1'),(3914,3913,'auth_forcepasswordchange','1'),(3915,3914,'auth_forcepasswordchange','1'),(3916,3915,'auth_forcepasswordchange','1'),(3917,3916,'auth_forcepasswordchange','1'),(3918,3917,'auth_forcepasswordchange','1'),(3919,3918,'auth_forcepasswordchange','1'),(3920,3919,'auth_forcepasswordchange','1'),(3921,3920,'auth_forcepasswordchange','1'),(3922,3921,'auth_forcepasswordchange','1'),(3923,3922,'auth_forcepasswordchange','1'),(3924,3923,'auth_forcepasswordchange','1'),(3925,3924,'auth_forcepasswordchange','1'),(3926,3925,'auth_forcepasswordchange','1'),(3927,3926,'auth_forcepasswordchange','1'),(3928,3927,'auth_forcepasswordchange','1'),(3929,3928,'auth_forcepasswordchange','1'),(3930,3929,'auth_forcepasswordchange','1'),(3931,3930,'auth_forcepasswordchange','1'),(3932,3931,'auth_forcepasswordchange','1'),(3933,3932,'auth_forcepasswordchange','1'),(3934,3933,'auth_forcepasswordchange','1'),(3935,3934,'auth_forcepasswordchange','1'),(3936,3935,'auth_forcepasswordchange','1'),(3937,3936,'auth_forcepasswordchange','1'),(3938,3937,'auth_forcepasswordchange','1'),(3939,3938,'auth_forcepasswordchange','1'),(3940,3939,'auth_forcepasswordchange','1'),(3941,3940,'auth_forcepasswordchange','1'),(3942,3941,'auth_forcepasswordchange','1'),(3943,3942,'auth_forcepasswordchange','1'),(3944,3943,'auth_forcepasswordchange','1'),(3945,3944,'auth_forcepasswordchange','1'),(3946,3945,'auth_forcepasswordchange','1'),(3947,3946,'auth_forcepasswordchange','1'),(3948,3947,'auth_forcepasswordchange','1'),(3949,3948,'auth_forcepasswordchange','1'),(3950,3949,'auth_forcepasswordchange','1'),(3951,3950,'auth_forcepasswordchange','1'),(3952,3951,'auth_forcepasswordchange','1'),(3953,3952,'auth_forcepasswordchange','1'),(3954,3953,'auth_forcepasswordchange','1'),(3955,3954,'auth_forcepasswordchange','1'),(3956,3955,'auth_forcepasswordchange','1'),(3957,3956,'auth_forcepasswordchange','1'),(3958,3957,'auth_forcepasswordchange','1'),(3959,3958,'auth_forcepasswordchange','1'),(3960,3959,'auth_forcepasswordchange','1'),(3961,3960,'auth_forcepasswordchange','1'),(3962,3961,'auth_forcepasswordchange','1'),(3963,3962,'auth_forcepasswordchange','1'),(3964,3963,'auth_forcepasswordchange','1'),(3965,3964,'auth_forcepasswordchange','1'),(3966,3965,'auth_forcepasswordchange','1'),(3967,3966,'auth_forcepasswordchange','1'),(3968,3967,'auth_forcepasswordchange','1'),(3969,3968,'auth_forcepasswordchange','1'),(3970,3969,'auth_forcepasswordchange','1'),(3971,3970,'auth_forcepasswordchange','1'),(3972,3971,'auth_forcepasswordchange','1'),(3973,3972,'auth_forcepasswordchange','1'),(3974,3973,'auth_forcepasswordchange','1'),(3975,3974,'auth_forcepasswordchange','1'),(3976,3975,'auth_forcepasswordchange','1'),(3977,3976,'auth_forcepasswordchange','1'),(3978,3977,'auth_forcepasswordchange','1'),(3979,3978,'auth_forcepasswordchange','1'),(3980,3979,'auth_forcepasswordchange','1'),(3981,3980,'auth_forcepasswordchange','1'),(3982,3981,'auth_forcepasswordchange','1'),(3983,3982,'auth_forcepasswordchange','1'),(3984,3983,'auth_forcepasswordchange','1'),(3985,3984,'auth_forcepasswordchange','1'),(3986,3985,'auth_forcepasswordchange','1'),(3987,3986,'auth_forcepasswordchange','1'),(3988,3987,'auth_forcepasswordchange','1'),(3989,3988,'auth_forcepasswordchange','1'),(3990,3989,'auth_forcepasswordchange','1'),(3991,3990,'auth_forcepasswordchange','1'),(3992,3991,'auth_forcepasswordchange','1'),(3993,3992,'auth_forcepasswordchange','1'),(3994,3993,'auth_forcepasswordchange','1'),(3995,3994,'auth_forcepasswordchange','1'),(3996,3995,'auth_forcepasswordchange','1'),(3997,3996,'auth_forcepasswordchange','1'),(3998,3997,'auth_forcepasswordchange','1'),(3999,3998,'auth_forcepasswordchange','1'),(4000,3999,'auth_forcepasswordchange','1'),(4001,4000,'auth_forcepasswordchange','1'),(4002,4001,'auth_forcepasswordchange','1'),(4003,4002,'auth_forcepasswordchange','1'),(4004,4003,'auth_forcepasswordchange','1'),(4005,4004,'auth_forcepasswordchange','1'),(4006,4005,'auth_forcepasswordchange','1'),(4007,4006,'auth_forcepasswordchange','1'),(4008,4007,'auth_forcepasswordchange','1'),(4009,4008,'auth_forcepasswordchange','1'),(4010,4009,'auth_forcepasswordchange','1'),(4011,4010,'auth_forcepasswordchange','1'),(4012,4011,'auth_forcepasswordchange','1'),(4013,4012,'auth_forcepasswordchange','1'),(4014,4013,'auth_forcepasswordchange','1'),(4015,4014,'auth_forcepasswordchange','1'),(4016,4015,'auth_forcepasswordchange','1'),(4017,4016,'auth_forcepasswordchange','1'),(4018,4017,'auth_forcepasswordchange','1'),(4019,4018,'auth_forcepasswordchange','1'),(4020,4019,'auth_forcepasswordchange','1'),(4021,4020,'auth_forcepasswordchange','1'),(4022,4021,'auth_forcepasswordchange','1'),(4023,4022,'auth_forcepasswordchange','1'),(4024,4023,'auth_forcepasswordchange','1'),(4025,4024,'auth_forcepasswordchange','1'),(4026,4025,'auth_forcepasswordchange','1'),(4027,4026,'auth_forcepasswordchange','1'),(4028,4027,'auth_forcepasswordchange','1'),(4029,4028,'auth_forcepasswordchange','1'),(4030,4029,'auth_forcepasswordchange','1'),(4031,4030,'auth_forcepasswordchange','1'),(4032,4031,'auth_forcepasswordchange','1'),(4033,4032,'auth_forcepasswordchange','1'),(4034,4033,'auth_forcepasswordchange','1'),(4035,4034,'auth_forcepasswordchange','1'),(4036,4035,'auth_forcepasswordchange','1'),(4037,4036,'auth_forcepasswordchange','1'),(4038,4037,'auth_forcepasswordchange','1'),(4039,4038,'auth_forcepasswordchange','1'),(4040,4039,'auth_forcepasswordchange','1'),(4041,4040,'auth_forcepasswordchange','1'),(4042,4041,'auth_forcepasswordchange','1'),(4043,4042,'auth_forcepasswordchange','1'),(4044,4043,'auth_forcepasswordchange','1'),(4045,4044,'auth_forcepasswordchange','1'),(4046,4045,'auth_forcepasswordchange','1'),(4047,4046,'auth_forcepasswordchange','1'),(4048,4047,'auth_forcepasswordchange','1'),(4049,4048,'auth_forcepasswordchange','1'),(4050,4049,'auth_forcepasswordchange','1'),(4051,4050,'auth_forcepasswordchange','1'),(4052,4051,'auth_forcepasswordchange','1'),(4053,4052,'auth_forcepasswordchange','1'),(4054,4053,'auth_forcepasswordchange','1'),(4055,4054,'auth_forcepasswordchange','1'),(4056,4055,'auth_forcepasswordchange','1'),(4057,4056,'auth_forcepasswordchange','1'),(4058,4057,'auth_forcepasswordchange','1'),(4059,4058,'auth_forcepasswordchange','1'),(4060,4059,'auth_forcepasswordchange','1'),(4061,4060,'auth_forcepasswordchange','1'),(4062,4061,'auth_forcepasswordchange','1'),(4063,4062,'auth_forcepasswordchange','1'),(4064,4063,'auth_forcepasswordchange','1'),(4065,4064,'auth_forcepasswordchange','1'),(4066,4065,'auth_forcepasswordchange','1'),(4067,4066,'auth_forcepasswordchange','1'),(4068,4067,'auth_forcepasswordchange','1'),(4069,4068,'auth_forcepasswordchange','1'),(4070,4069,'auth_forcepasswordchange','1'),(4071,4070,'auth_forcepasswordchange','1'),(4072,4071,'auth_forcepasswordchange','1'),(4073,4072,'auth_forcepasswordchange','1'),(4074,4073,'auth_forcepasswordchange','1'),(4075,4074,'auth_forcepasswordchange','1'),(4076,4075,'auth_forcepasswordchange','1'),(4077,4076,'auth_forcepasswordchange','1'),(4078,4077,'auth_forcepasswordchange','1'),(4079,4078,'auth_forcepasswordchange','1'),(4080,4079,'auth_forcepasswordchange','1'),(4081,4080,'auth_forcepasswordchange','1'),(4082,4081,'auth_forcepasswordchange','1'),(4083,4082,'auth_forcepasswordchange','1'),(4084,4083,'auth_forcepasswordchange','1'),(4085,4084,'auth_forcepasswordchange','1'),(4086,4085,'auth_forcepasswordchange','1'),(4087,4086,'auth_forcepasswordchange','1'),(4088,4087,'auth_forcepasswordchange','1'),(4089,4088,'auth_forcepasswordchange','1'),(4090,4089,'auth_forcepasswordchange','1'),(4091,4090,'auth_forcepasswordchange','1'),(4092,4091,'auth_forcepasswordchange','1'),(4093,4092,'auth_forcepasswordchange','1'),(4094,4093,'auth_forcepasswordchange','1'),(4095,4094,'auth_forcepasswordchange','1'),(4096,4095,'auth_forcepasswordchange','1'),(4097,4096,'auth_forcepasswordchange','1'),(4098,4097,'auth_forcepasswordchange','1'),(4099,4098,'auth_forcepasswordchange','1'),(4100,4099,'auth_forcepasswordchange','1'),(4101,4100,'auth_forcepasswordchange','1'),(4102,4101,'auth_forcepasswordchange','1'),(4103,4102,'auth_forcepasswordchange','1'),(4104,4103,'auth_forcepasswordchange','1'),(4105,4104,'auth_forcepasswordchange','1'),(4106,4105,'auth_forcepasswordchange','1'),(4107,4106,'auth_forcepasswordchange','1'),(4108,4107,'auth_forcepasswordchange','1'),(4109,4108,'auth_forcepasswordchange','1'),(4110,4109,'auth_forcepasswordchange','1'),(4111,4110,'auth_forcepasswordchange','1'),(4112,4111,'auth_forcepasswordchange','1'),(4113,4112,'auth_forcepasswordchange','1'),(4114,4113,'auth_forcepasswordchange','1'),(4115,4114,'auth_forcepasswordchange','1'),(4116,4115,'auth_forcepasswordchange','1'),(4117,4116,'auth_forcepasswordchange','1'),(4118,4117,'auth_forcepasswordchange','1'),(4119,4118,'auth_forcepasswordchange','1'),(4120,4119,'auth_forcepasswordchange','1'),(4121,4120,'auth_forcepasswordchange','1'),(4122,4121,'auth_forcepasswordchange','1'),(4123,4122,'auth_forcepasswordchange','1'),(4124,4123,'auth_forcepasswordchange','1'),(4125,4124,'auth_forcepasswordchange','1'),(4126,4125,'auth_forcepasswordchange','1'),(4127,4126,'auth_forcepasswordchange','1'),(4128,4127,'auth_forcepasswordchange','1'),(4129,4128,'auth_forcepasswordchange','1'),(4130,4129,'auth_forcepasswordchange','1'),(4131,4130,'auth_forcepasswordchange','1'),(4132,4131,'auth_forcepasswordchange','1'),(4133,4132,'auth_forcepasswordchange','1'),(4134,4133,'auth_forcepasswordchange','1'),(4135,4134,'auth_forcepasswordchange','1'),(4136,4135,'auth_forcepasswordchange','1'),(4137,4136,'auth_forcepasswordchange','1'),(4138,4137,'auth_forcepasswordchange','1'),(4139,4138,'auth_forcepasswordchange','1'),(4140,2,'cleo_mis_uploaduser_form_showadvanced','0'),(4141,4139,'auth_forcepasswordchange','1'),(4142,4140,'auth_forcepasswordchange','1'),(4143,4141,'auth_forcepasswordchange','1'),(4144,4142,'auth_forcepasswordchange','1'),(4145,4143,'auth_forcepasswordchange','1'),(4146,4144,'auth_forcepasswordchange','1'),(4147,4145,'auth_forcepasswordchange','1'),(4148,4146,'auth_forcepasswordchange','1'),(4149,4147,'auth_forcepasswordchange','1'),(4150,4148,'auth_forcepasswordchange','1'),(4151,4149,'auth_forcepasswordchange','1'),(4152,4150,'auth_forcepasswordchange','1'),(4153,4151,'auth_forcepasswordchange','1'),(4154,4152,'auth_forcepasswordchange','1'),(4155,4153,'auth_forcepasswordchange','1'),(4156,4154,'auth_forcepasswordchange','1'),(4157,4155,'auth_forcepasswordchange','1'),(4158,4156,'auth_forcepasswordchange','1'),(4159,4157,'auth_forcepasswordchange','1'),(4160,4158,'auth_forcepasswordchange','1'),(4161,4159,'auth_forcepasswordchange','1'),(4162,4160,'auth_forcepasswordchange','1'),(4163,4161,'auth_forcepasswordchange','1'),(4164,4162,'auth_forcepasswordchange','1'),(4165,4163,'auth_forcepasswordchange','1'),(4166,4164,'auth_forcepasswordchange','1'),(4167,4165,'auth_forcepasswordchange','1'),(4168,4166,'auth_forcepasswordchange','1'),(4169,4167,'auth_forcepasswordchange','1'),(4170,4168,'auth_forcepasswordchange','1'),(4171,4169,'auth_forcepasswordchange','1'),(4172,4170,'auth_forcepasswordchange','1'),(4173,4171,'auth_forcepasswordchange','1'),(4174,4172,'auth_forcepasswordchange','1'),(4175,4173,'auth_forcepasswordchange','1'),(4176,4174,'auth_forcepasswordchange','1'),(4177,4175,'auth_forcepasswordchange','1'),(4178,4176,'auth_forcepasswordchange','1'),(4179,4177,'auth_forcepasswordchange','1'),(4180,4178,'auth_forcepasswordchange','1'),(4181,4179,'auth_forcepasswordchange','1'),(4182,4180,'auth_forcepasswordchange','1'),(4183,4181,'auth_forcepasswordchange','1'),(4184,4182,'auth_forcepasswordchange','1'),(4185,4183,'auth_forcepasswordchange','1'),(4186,4184,'auth_forcepasswordchange','1'),(4187,4185,'auth_forcepasswordchange','1'),(4188,4186,'auth_forcepasswordchange','1'),(4189,4187,'auth_forcepasswordchange','1'),(4190,4188,'auth_forcepasswordchange','1'),(4191,4189,'auth_forcepasswordchange','1'),(4192,4190,'auth_forcepasswordchange','1'),(4193,4191,'auth_forcepasswordchange','1'),(4194,4192,'auth_forcepasswordchange','1'),(4195,4193,'auth_forcepasswordchange','1'),(4196,4194,'auth_forcepasswordchange','1'),(4197,4195,'auth_forcepasswordchange','1'),(4198,4196,'auth_forcepasswordchange','1'),(4199,4197,'auth_forcepasswordchange','1'),(4200,4198,'auth_forcepasswordchange','1'),(4201,4199,'auth_forcepasswordchange','1'),(4202,4200,'auth_forcepasswordchange','1'),(4203,4201,'auth_forcepasswordchange','1'),(4204,4202,'auth_forcepasswordchange','1'),(4205,4203,'auth_forcepasswordchange','1'),(4206,4204,'auth_forcepasswordchange','1'),(4207,4205,'auth_forcepasswordchange','1'),(4208,4206,'auth_forcepasswordchange','1'),(4209,4207,'auth_forcepasswordchange','1'),(4210,4208,'auth_forcepasswordchange','1'),(4211,4209,'auth_forcepasswordchange','1'),(4212,4210,'auth_forcepasswordchange','1'),(4213,4211,'auth_forcepasswordchange','1'),(4214,4212,'auth_forcepasswordchange','1'),(4215,4213,'auth_forcepasswordchange','1'),(4216,4214,'auth_forcepasswordchange','1'),(4217,4215,'auth_forcepasswordchange','1'),(4218,4216,'auth_forcepasswordchange','1'),(4219,4217,'auth_forcepasswordchange','1'),(4220,4218,'auth_forcepasswordchange','1'),(4221,4219,'auth_forcepasswordchange','1'),(4222,4220,'auth_forcepasswordchange','1'),(4223,4221,'auth_forcepasswordchange','1'),(4224,4222,'auth_forcepasswordchange','1'),(4225,4223,'auth_forcepasswordchange','1'),(4226,4224,'auth_forcepasswordchange','1'),(4227,4225,'auth_forcepasswordchange','1'),(4228,4226,'auth_forcepasswordchange','1'),(4229,4227,'auth_forcepasswordchange','1'),(4230,4228,'auth_forcepasswordchange','1'),(4231,4229,'auth_forcepasswordchange','1'),(4232,4230,'auth_forcepasswordchange','1'),(4233,4231,'auth_forcepasswordchange','1'),(4234,4232,'auth_forcepasswordchange','1'),(4235,4233,'auth_forcepasswordchange','1'),(4236,4234,'auth_forcepasswordchange','1'),(4237,4235,'auth_forcepasswordchange','1'),(4238,4236,'auth_forcepasswordchange','1'),(4239,4237,'auth_forcepasswordchange','1'),(4240,4238,'auth_forcepasswordchange','1'),(4241,4239,'auth_forcepasswordchange','1'),(4242,4240,'auth_forcepasswordchange','1'),(4243,4241,'auth_forcepasswordchange','1'),(4244,4242,'auth_forcepasswordchange','1'),(4245,4243,'auth_forcepasswordchange','1'),(4246,4244,'auth_forcepasswordchange','1'),(4247,4245,'auth_forcepasswordchange','1'),(4248,4246,'auth_forcepasswordchange','1'),(4249,4247,'auth_forcepasswordchange','1'),(4250,4248,'auth_forcepasswordchange','1'),(4251,4249,'auth_forcepasswordchange','1'),(4252,4250,'auth_forcepasswordchange','1'),(4253,4251,'auth_forcepasswordchange','1'),(4254,4252,'auth_forcepasswordchange','1'),(4255,4253,'auth_forcepasswordchange','1'),(4256,4254,'auth_forcepasswordchange','1'),(4257,4255,'auth_forcepasswordchange','1'),(4258,4256,'auth_forcepasswordchange','1'),(4259,4257,'auth_forcepasswordchange','1'),(4260,4258,'auth_forcepasswordchange','1'),(4261,4259,'auth_forcepasswordchange','1'),(4262,4260,'auth_forcepasswordchange','1'),(4263,4261,'auth_forcepasswordchange','1'),(4264,4262,'auth_forcepasswordchange','1'),(4265,4263,'auth_forcepasswordchange','1'),(4266,4264,'auth_forcepasswordchange','1'),(4267,4265,'auth_forcepasswordchange','1'),(4268,4266,'auth_forcepasswordchange','1'),(4269,4267,'auth_forcepasswordchange','1'),(4270,4268,'auth_forcepasswordchange','1'),(4271,4269,'auth_forcepasswordchange','1'),(4272,4270,'auth_forcepasswordchange','1'),(4273,4271,'auth_forcepasswordchange','1'),(4274,4272,'auth_forcepasswordchange','1'),(4275,4273,'auth_forcepasswordchange','1'),(4276,4274,'auth_forcepasswordchange','1'),(4277,4275,'auth_forcepasswordchange','1'),(4278,4276,'auth_forcepasswordchange','1'),(4279,4277,'auth_forcepasswordchange','1'),(4280,4278,'auth_forcepasswordchange','1'),(4281,4279,'auth_forcepasswordchange','1'),(4282,4280,'auth_forcepasswordchange','1'),(4283,4281,'auth_forcepasswordchange','1'),(4284,4282,'auth_forcepasswordchange','1'),(4285,4283,'auth_forcepasswordchange','1'),(4286,4284,'auth_forcepasswordchange','1'),(4287,4285,'auth_forcepasswordchange','1'),(4288,4286,'auth_forcepasswordchange','1'),(4289,4287,'auth_forcepasswordchange','1'),(4290,4288,'auth_forcepasswordchange','1'),(4291,4289,'auth_forcepasswordchange','1'),(4292,4290,'auth_forcepasswordchange','1'),(4293,4291,'auth_forcepasswordchange','1'),(4294,4292,'auth_forcepasswordchange','1'),(4295,4293,'auth_forcepasswordchange','1'),(4296,4294,'auth_forcepasswordchange','1'),(4297,4295,'auth_forcepasswordchange','1'),(4298,4296,'auth_forcepasswordchange','1'),(4299,4297,'auth_forcepasswordchange','1'),(4300,4298,'auth_forcepasswordchange','1'),(4301,4299,'auth_forcepasswordchange','1'),(4302,4300,'auth_forcepasswordchange','1'),(4303,4301,'auth_forcepasswordchange','1'),(4304,4302,'auth_forcepasswordchange','1'),(4305,4303,'auth_forcepasswordchange','1'),(4306,4304,'auth_forcepasswordchange','1'),(4307,4305,'auth_forcepasswordchange','1'),(4308,4306,'auth_forcepasswordchange','1'),(4309,4307,'auth_forcepasswordchange','1'),(4310,4308,'auth_forcepasswordchange','1'),(4311,4309,'auth_forcepasswordchange','1'),(4312,4310,'auth_forcepasswordchange','1'),(4313,4311,'auth_forcepasswordchange','1'),(4314,4312,'auth_forcepasswordchange','1'),(4315,4313,'auth_forcepasswordchange','1'),(4316,4314,'auth_forcepasswordchange','1'),(4317,4315,'auth_forcepasswordchange','1'),(4318,4316,'auth_forcepasswordchange','1'),(4319,4317,'auth_forcepasswordchange','1'),(4320,4318,'auth_forcepasswordchange','1'),(4321,4319,'auth_forcepasswordchange','1'),(4322,4320,'auth_forcepasswordchange','1'),(4323,4321,'auth_forcepasswordchange','1'),(4324,4322,'auth_forcepasswordchange','1'),(4325,4323,'auth_forcepasswordchange','1'),(4326,4324,'auth_forcepasswordchange','1'),(4327,4325,'auth_forcepasswordchange','1'),(4328,4326,'auth_forcepasswordchange','1'),(4329,4327,'auth_forcepasswordchange','1'),(4330,4328,'auth_forcepasswordchange','1'),(4331,4329,'auth_forcepasswordchange','1'),(4332,4330,'auth_forcepasswordchange','1'),(4333,4331,'auth_forcepasswordchange','1'),(4334,4332,'auth_forcepasswordchange','1'),(4335,4333,'auth_forcepasswordchange','1'),(4336,4334,'auth_forcepasswordchange','1'),(4337,4335,'auth_forcepasswordchange','1'),(4338,4336,'auth_forcepasswordchange','1'),(4339,4337,'auth_forcepasswordchange','1'),(4340,4338,'auth_forcepasswordchange','1'),(4341,4339,'auth_forcepasswordchange','1'),(4342,4340,'auth_forcepasswordchange','1'),(4343,4341,'auth_forcepasswordchange','1'),(4344,4342,'auth_forcepasswordchange','1'),(4345,4343,'auth_forcepasswordchange','1'),(4346,4344,'auth_forcepasswordchange','1'),(4347,4345,'auth_forcepasswordchange','1'),(4348,4346,'auth_forcepasswordchange','1'),(4349,4347,'auth_forcepasswordchange','1'),(4350,4348,'auth_forcepasswordchange','1'),(4351,4349,'auth_forcepasswordchange','1'),(4352,4350,'auth_forcepasswordchange','1'),(4353,4351,'auth_forcepasswordchange','1'),(4354,4352,'auth_forcepasswordchange','1'),(4355,4353,'auth_forcepasswordchange','1'),(4356,4354,'auth_forcepasswordchange','1'),(4357,4355,'auth_forcepasswordchange','1'),(4358,4356,'auth_forcepasswordchange','1'),(4359,4357,'auth_forcepasswordchange','1'),(4360,4358,'auth_forcepasswordchange','1'),(4361,4359,'auth_forcepasswordchange','1'),(4362,4360,'auth_forcepasswordchange','1'),(4363,4361,'auth_forcepasswordchange','1'),(4364,4362,'auth_forcepasswordchange','1'),(4365,4363,'auth_forcepasswordchange','1'),(4366,4364,'auth_forcepasswordchange','1'),(4367,4365,'auth_forcepasswordchange','1'),(4368,4366,'auth_forcepasswordchange','1'),(4369,4367,'auth_forcepasswordchange','1'),(4370,4368,'auth_forcepasswordchange','1'),(4371,4369,'auth_forcepasswordchange','1'),(4372,4370,'auth_forcepasswordchange','1'),(4373,4371,'auth_forcepasswordchange','1'),(4374,4372,'auth_forcepasswordchange','1'),(4375,4373,'auth_forcepasswordchange','1'),(4376,4374,'auth_forcepasswordchange','1'),(4377,4375,'auth_forcepasswordchange','1'),(4378,4376,'auth_forcepasswordchange','1'),(4379,4377,'auth_forcepasswordchange','1'),(4380,4378,'auth_forcepasswordchange','1'),(4381,4379,'auth_forcepasswordchange','1'),(4382,4380,'auth_forcepasswordchange','1'),(4383,4381,'auth_forcepasswordchange','1'),(4384,4382,'auth_forcepasswordchange','1'),(4385,4383,'auth_forcepasswordchange','1'),(4386,4384,'auth_forcepasswordchange','1'),(4387,4385,'auth_forcepasswordchange','1'),(4388,4386,'auth_forcepasswordchange','1'),(4389,4387,'auth_forcepasswordchange','1'),(4390,4388,'auth_forcepasswordchange','1'),(4391,4389,'auth_forcepasswordchange','1'),(4392,4390,'auth_forcepasswordchange','1'),(4393,4391,'auth_forcepasswordchange','1'),(4394,4392,'auth_forcepasswordchange','1'),(4395,4393,'auth_forcepasswordchange','1'),(4396,4394,'auth_forcepasswordchange','1'),(4397,4395,'auth_forcepasswordchange','1'),(4398,4396,'auth_forcepasswordchange','1'),(4399,4397,'auth_forcepasswordchange','1'),(4400,4398,'auth_forcepasswordchange','1'),(4401,4399,'auth_forcepasswordchange','1'),(4402,4400,'auth_forcepasswordchange','1'),(4403,4401,'auth_forcepasswordchange','1'),(4404,4402,'auth_forcepasswordchange','1'),(4405,4403,'auth_forcepasswordchange','1'),(4406,4404,'auth_forcepasswordchange','1'),(4407,4405,'auth_forcepasswordchange','1'),(4408,4406,'auth_forcepasswordchange','1'),(4409,4407,'auth_forcepasswordchange','1'),(4410,4408,'auth_forcepasswordchange','1'),(4411,4409,'auth_forcepasswordchange','1'),(4412,4410,'auth_forcepasswordchange','1'),(4413,4411,'auth_forcepasswordchange','1'),(4414,4412,'auth_forcepasswordchange','1'),(4415,4413,'auth_forcepasswordchange','1'),(4416,4414,'auth_forcepasswordchange','1'),(4417,4415,'auth_forcepasswordchange','1'),(4418,4416,'auth_forcepasswordchange','1'),(4419,4417,'auth_forcepasswordchange','1'),(4420,4418,'auth_forcepasswordchange','1'),(4421,4419,'auth_forcepasswordchange','1'),(4422,4420,'auth_forcepasswordchange','1'),(4423,4421,'auth_forcepasswordchange','1'),(4424,4422,'auth_forcepasswordchange','1'),(4425,4423,'auth_forcepasswordchange','1'),(4426,4424,'auth_forcepasswordchange','1'),(4427,4425,'auth_forcepasswordchange','1'),(4428,4426,'auth_forcepasswordchange','1'),(4429,4427,'auth_forcepasswordchange','1'),(4430,4428,'auth_forcepasswordchange','1'),(4431,4429,'auth_forcepasswordchange','1'),(4432,4430,'auth_forcepasswordchange','1'),(4433,4431,'auth_forcepasswordchange','1'),(4434,4432,'auth_forcepasswordchange','1'),(4435,4433,'auth_forcepasswordchange','1'),(4436,4434,'auth_forcepasswordchange','1'),(4437,4435,'auth_forcepasswordchange','1'),(4438,4436,'auth_forcepasswordchange','1'),(4439,4437,'auth_forcepasswordchange','1'),(4440,4438,'auth_forcepasswordchange','1'),(4441,4439,'auth_forcepasswordchange','1'),(4442,4440,'auth_forcepasswordchange','1'),(4443,4441,'auth_forcepasswordchange','1'),(4444,4442,'auth_forcepasswordchange','1'),(4445,4443,'auth_forcepasswordchange','1'),(4446,4444,'auth_forcepasswordchange','1'),(4447,4445,'auth_forcepasswordchange','1'),(4448,4446,'auth_forcepasswordchange','1'),(4449,4447,'auth_forcepasswordchange','1'),(4450,4448,'auth_forcepasswordchange','1'),(4451,4449,'auth_forcepasswordchange','1'),(4452,4450,'auth_forcepasswordchange','1'),(4453,4451,'auth_forcepasswordchange','1'),(4454,4452,'auth_forcepasswordchange','1'),(4455,4453,'auth_forcepasswordchange','1'),(4456,4454,'auth_forcepasswordchange','1'),(4457,4455,'auth_forcepasswordchange','1'),(4458,4456,'auth_forcepasswordchange','1'),(4459,4457,'auth_forcepasswordchange','1'),(4460,4458,'auth_forcepasswordchange','1'),(4461,4459,'auth_forcepasswordchange','1'),(4462,4460,'auth_forcepasswordchange','1'),(4463,4461,'auth_forcepasswordchange','1'),(4464,4462,'auth_forcepasswordchange','1'),(4465,4463,'auth_forcepasswordchange','1'),(4466,4464,'auth_forcepasswordchange','1'),(4467,4465,'auth_forcepasswordchange','1'),(4468,4466,'auth_forcepasswordchange','1'),(4469,4467,'auth_forcepasswordchange','1'),(4470,4468,'auth_forcepasswordchange','1'),(4471,4469,'auth_forcepasswordchange','1'),(4472,4470,'auth_forcepasswordchange','1'),(4473,4471,'auth_forcepasswordchange','1'),(4474,4472,'auth_forcepasswordchange','1'),(4475,4473,'auth_forcepasswordchange','1'),(4476,4474,'auth_forcepasswordchange','1'),(4477,4475,'auth_forcepasswordchange','1'),(4478,4476,'auth_forcepasswordchange','1'),(4479,4477,'auth_forcepasswordchange','1'),(4480,4478,'auth_forcepasswordchange','1'),(4481,4479,'auth_forcepasswordchange','1'),(4482,4480,'auth_forcepasswordchange','1'),(4483,4481,'auth_forcepasswordchange','1'),(4484,4482,'auth_forcepasswordchange','1'),(4485,4483,'auth_forcepasswordchange','1'),(4486,4484,'auth_forcepasswordchange','1'),(4487,4485,'auth_forcepasswordchange','1'),(4488,4486,'auth_forcepasswordchange','1'),(4489,4487,'auth_forcepasswordchange','1'),(4490,4488,'auth_forcepasswordchange','1'),(4491,4489,'auth_forcepasswordchange','1'),(4492,4490,'auth_forcepasswordchange','1'),(4493,4491,'auth_forcepasswordchange','1'),(4494,4492,'auth_forcepasswordchange','1'),(4495,4493,'auth_forcepasswordchange','1'),(4496,4494,'auth_forcepasswordchange','1'),(4497,4495,'auth_forcepasswordchange','1'),(4498,4496,'auth_forcepasswordchange','1'),(4499,4497,'auth_forcepasswordchange','1'),(4500,4498,'auth_forcepasswordchange','1'),(4501,4499,'auth_forcepasswordchange','1'),(4502,4500,'auth_forcepasswordchange','1'),(4503,4501,'auth_forcepasswordchange','1'),(4504,4502,'auth_forcepasswordchange','1'),(4505,4503,'auth_forcepasswordchange','1'),(4506,4504,'auth_forcepasswordchange','1'),(4507,4505,'auth_forcepasswordchange','1'),(4508,4506,'auth_forcepasswordchange','1'),(4509,4507,'auth_forcepasswordchange','1'),(4510,4508,'auth_forcepasswordchange','1'),(4511,4509,'auth_forcepasswordchange','1'),(4512,4510,'auth_forcepasswordchange','1'),(4513,4511,'auth_forcepasswordchange','1'),(4514,4512,'auth_forcepasswordchange','1'),(4515,4513,'auth_forcepasswordchange','1'),(4516,4514,'auth_forcepasswordchange','1'),(4517,4515,'auth_forcepasswordchange','1'),(4518,4516,'auth_forcepasswordchange','1'),(4519,4517,'auth_forcepasswordchange','1'),(4520,4518,'auth_forcepasswordchange','1'),(4521,4519,'auth_forcepasswordchange','1'),(4522,4520,'auth_forcepasswordchange','1'),(4523,4521,'auth_forcepasswordchange','1'),(4524,4522,'auth_forcepasswordchange','1'),(4525,4523,'auth_forcepasswordchange','1'),(4526,4524,'auth_forcepasswordchange','1'),(4527,4525,'auth_forcepasswordchange','1'),(4528,4526,'auth_forcepasswordchange','1'),(4529,4527,'auth_forcepasswordchange','1'),(4530,4528,'auth_forcepasswordchange','1'),(4531,4529,'auth_forcepasswordchange','1'),(4532,4530,'auth_forcepasswordchange','1'),(4533,4531,'auth_forcepasswordchange','1'),(4534,4532,'auth_forcepasswordchange','1'),(4535,4533,'auth_forcepasswordchange','1'),(4536,4534,'auth_forcepasswordchange','1'),(4537,4535,'auth_forcepasswordchange','1'),(4538,4536,'auth_forcepasswordchange','1'),(4539,4537,'auth_forcepasswordchange','1'),(4540,4538,'auth_forcepasswordchange','1'),(4541,4539,'auth_forcepasswordchange','1'),(4542,4540,'auth_forcepasswordchange','1'),(4543,4541,'auth_forcepasswordchange','1'),(4544,4542,'auth_forcepasswordchange','1'),(4545,4543,'auth_forcepasswordchange','1'),(4546,4544,'auth_forcepasswordchange','1'),(4547,4545,'auth_forcepasswordchange','1'),(4548,4546,'auth_forcepasswordchange','1'),(4549,4547,'auth_forcepasswordchange','1'),(4550,4548,'auth_forcepasswordchange','1'),(4551,4549,'auth_forcepasswordchange','1'),(4552,4550,'auth_forcepasswordchange','1'),(4553,4551,'auth_forcepasswordchange','1'),(4554,4552,'auth_forcepasswordchange','1'),(4555,4553,'auth_forcepasswordchange','1'),(4556,4554,'auth_forcepasswordchange','1'),(4557,4555,'auth_forcepasswordchange','1'),(4558,4556,'auth_forcepasswordchange','1'),(4559,4557,'auth_forcepasswordchange','1'),(4560,4558,'auth_forcepasswordchange','1'),(4561,4559,'auth_forcepasswordchange','1'),(4562,4560,'auth_forcepasswordchange','1'),(4563,4561,'auth_forcepasswordchange','1'),(4564,4562,'auth_forcepasswordchange','1'),(4565,4563,'auth_forcepasswordchange','1'),(4566,4564,'auth_forcepasswordchange','1'),(4567,4565,'auth_forcepasswordchange','1'),(4568,4566,'auth_forcepasswordchange','1'),(4569,4567,'auth_forcepasswordchange','1'),(4570,4568,'auth_forcepasswordchange','1'),(4571,4569,'auth_forcepasswordchange','1'),(4572,4570,'auth_forcepasswordchange','1'),(4573,4571,'auth_forcepasswordchange','1'),(4574,4572,'auth_forcepasswordchange','1'),(4575,4573,'auth_forcepasswordchange','1'),(4576,4574,'auth_forcepasswordchange','1'),(4577,4575,'auth_forcepasswordchange','1'),(4578,4576,'auth_forcepasswordchange','1'),(4579,4577,'auth_forcepasswordchange','1'),(4580,4578,'auth_forcepasswordchange','1'),(4581,4579,'auth_forcepasswordchange','1'),(4582,4580,'auth_forcepasswordchange','1'),(4583,4581,'auth_forcepasswordchange','1'),(4584,4582,'auth_forcepasswordchange','1'),(4585,4583,'auth_forcepasswordchange','1'),(4586,4584,'auth_forcepasswordchange','1'),(4587,4585,'auth_forcepasswordchange','1'),(4588,4586,'auth_forcepasswordchange','1'),(4589,4587,'auth_forcepasswordchange','1'),(4590,4588,'auth_forcepasswordchange','1'),(4591,4589,'auth_forcepasswordchange','1'),(4592,4590,'auth_forcepasswordchange','1'),(4593,4591,'auth_forcepasswordchange','1'),(4594,4592,'auth_forcepasswordchange','1'),(4595,4593,'auth_forcepasswordchange','1'),(4596,4594,'auth_forcepasswordchange','1'),(4597,4595,'auth_forcepasswordchange','1'),(4598,4596,'auth_forcepasswordchange','1'),(4599,4597,'auth_forcepasswordchange','1'),(4600,4598,'auth_forcepasswordchange','1'),(4601,4599,'auth_forcepasswordchange','1'),(4602,4600,'auth_forcepasswordchange','1'),(4603,4601,'auth_forcepasswordchange','1'),(4604,4602,'auth_forcepasswordchange','1'),(4605,4603,'auth_forcepasswordchange','1'),(4606,4604,'auth_forcepasswordchange','1'),(4607,4605,'auth_forcepasswordchange','1'),(4608,4606,'auth_forcepasswordchange','1'),(4609,4607,'auth_forcepasswordchange','1'),(4610,4608,'auth_forcepasswordchange','1'),(4611,4609,'auth_forcepasswordchange','1'),(4612,4610,'auth_forcepasswordchange','1'),(4613,4611,'auth_forcepasswordchange','1'),(4614,4612,'auth_forcepasswordchange','1'),(4615,4613,'auth_forcepasswordchange','1'),(4616,4614,'auth_forcepasswordchange','1'),(4617,4615,'auth_forcepasswordchange','1'),(4618,4616,'auth_forcepasswordchange','1'),(4619,4617,'auth_forcepasswordchange','1'),(4620,4618,'auth_forcepasswordchange','1'),(4621,4619,'auth_forcepasswordchange','1'),(4622,4620,'auth_forcepasswordchange','1'),(4623,4621,'auth_forcepasswordchange','1'),(4624,4622,'auth_forcepasswordchange','1'),(4625,4623,'auth_forcepasswordchange','1'),(4626,4624,'auth_forcepasswordchange','1'),(4627,4625,'auth_forcepasswordchange','1'),(4628,4626,'auth_forcepasswordchange','1'),(4629,4627,'auth_forcepasswordchange','1'),(4630,4628,'auth_forcepasswordchange','1'),(4631,4629,'auth_forcepasswordchange','1'),(4632,4630,'auth_forcepasswordchange','1'),(4633,4631,'auth_forcepasswordchange','1'),(4634,4632,'auth_forcepasswordchange','1'),(4635,4633,'auth_forcepasswordchange','1'),(4636,4634,'auth_forcepasswordchange','1'),(4637,4635,'auth_forcepasswordchange','1'),(4638,4636,'auth_forcepasswordchange','1'),(4639,4637,'auth_forcepasswordchange','1'),(4640,4638,'auth_forcepasswordchange','1'),(4641,4639,'auth_forcepasswordchange','1'),(4642,4640,'auth_forcepasswordchange','1'),(4643,4641,'auth_forcepasswordchange','1'),(4644,4642,'auth_forcepasswordchange','1'),(4645,4643,'auth_forcepasswordchange','1'),(4646,4644,'auth_forcepasswordchange','1'),(4647,4645,'auth_forcepasswordchange','1'),(4648,4646,'auth_forcepasswordchange','1'),(4649,4647,'auth_forcepasswordchange','1'),(4650,4648,'auth_forcepasswordchange','1'),(4651,4649,'auth_forcepasswordchange','1'),(4652,4650,'auth_forcepasswordchange','1'),(4653,4651,'auth_forcepasswordchange','1'),(4654,4652,'auth_forcepasswordchange','1'),(4655,4653,'auth_forcepasswordchange','1'),(4656,4654,'auth_forcepasswordchange','1'),(4657,4655,'auth_forcepasswordchange','1'),(4658,4656,'auth_forcepasswordchange','1'),(4659,4657,'auth_forcepasswordchange','1'),(4660,4658,'auth_forcepasswordchange','1'),(4661,4659,'auth_forcepasswordchange','1'),(4662,4660,'auth_forcepasswordchange','1'),(4663,4661,'auth_forcepasswordchange','1'),(4664,4662,'auth_forcepasswordchange','1'),(4665,4663,'auth_forcepasswordchange','1'),(4666,4664,'auth_forcepasswordchange','1'),(4667,4665,'auth_forcepasswordchange','1'),(4668,4666,'auth_forcepasswordchange','1'),(4669,4667,'auth_forcepasswordchange','1'),(4670,4668,'auth_forcepasswordchange','1'),(4671,4669,'auth_forcepasswordchange','1'),(4672,4670,'auth_forcepasswordchange','1'),(4673,4671,'auth_forcepasswordchange','1'),(4674,4672,'auth_forcepasswordchange','1'),(4675,4673,'auth_forcepasswordchange','1'),(4676,4674,'auth_forcepasswordchange','1'),(4677,4675,'auth_forcepasswordchange','1'),(4678,4676,'auth_forcepasswordchange','1'),(4679,4677,'auth_forcepasswordchange','1'),(4680,4678,'auth_forcepasswordchange','1'),(4681,4679,'auth_forcepasswordchange','1'),(4682,4680,'auth_forcepasswordchange','1'),(4683,4681,'auth_forcepasswordchange','1'),(4684,4682,'auth_forcepasswordchange','1'),(4685,4683,'auth_forcepasswordchange','1'),(4686,4684,'auth_forcepasswordchange','1'),(4687,4685,'auth_forcepasswordchange','1'),(4688,4686,'auth_forcepasswordchange','1'),(4689,4687,'auth_forcepasswordchange','1'),(4690,4688,'auth_forcepasswordchange','1'),(4691,4689,'auth_forcepasswordchange','1'),(4692,4690,'auth_forcepasswordchange','1'),(4693,4691,'auth_forcepasswordchange','1'),(4694,4692,'auth_forcepasswordchange','1'),(4695,4693,'auth_forcepasswordchange','1'),(4696,4694,'auth_forcepasswordchange','1'),(4697,4695,'auth_forcepasswordchange','1'),(4698,4696,'auth_forcepasswordchange','1'),(4699,4697,'auth_forcepasswordchange','1'),(4700,4698,'auth_forcepasswordchange','1'),(4701,4699,'auth_forcepasswordchange','1'),(4702,4700,'auth_forcepasswordchange','1'),(4703,4701,'auth_forcepasswordchange','1'),(4704,4702,'auth_forcepasswordchange','1'),(4705,4703,'auth_forcepasswordchange','1'),(4706,4704,'auth_forcepasswordchange','1'),(4707,4705,'auth_forcepasswordchange','1'),(4708,4706,'auth_forcepasswordchange','1'),(4709,4707,'auth_forcepasswordchange','1'),(4710,4708,'auth_forcepasswordchange','1'),(4711,4709,'auth_forcepasswordchange','1'),(4712,4710,'auth_forcepasswordchange','1'),(4713,4711,'auth_forcepasswordchange','1'),(4714,4712,'auth_forcepasswordchange','1'),(4715,4713,'auth_forcepasswordchange','1'),(4716,4714,'auth_forcepasswordchange','1'),(4717,4715,'auth_forcepasswordchange','1'),(4718,4716,'auth_forcepasswordchange','1'),(4719,4717,'auth_forcepasswordchange','1'),(4720,4718,'auth_forcepasswordchange','1'),(4721,4719,'auth_forcepasswordchange','1'),(4722,4720,'auth_forcepasswordchange','1'),(4723,4721,'auth_forcepasswordchange','1'),(4724,4722,'auth_forcepasswordchange','1'),(4725,4723,'auth_forcepasswordchange','1'),(4726,4724,'auth_forcepasswordchange','1'),(4727,4725,'auth_forcepasswordchange','1'),(4728,4726,'auth_forcepasswordchange','1'),(4729,4727,'auth_forcepasswordchange','1'),(4730,4728,'auth_forcepasswordchange','1'),(4731,4729,'auth_forcepasswordchange','1'),(4732,4730,'auth_forcepasswordchange','1'),(4733,4731,'auth_forcepasswordchange','1'),(4734,4732,'auth_forcepasswordchange','1'),(4735,4733,'auth_forcepasswordchange','1'),(4736,4734,'auth_forcepasswordchange','1'),(4737,4735,'auth_forcepasswordchange','1'),(4738,4736,'auth_forcepasswordchange','1'),(4739,4737,'auth_forcepasswordchange','1'),(4740,4738,'auth_forcepasswordchange','1'),(4741,4739,'auth_forcepasswordchange','1'),(4742,4740,'auth_forcepasswordchange','1'),(4743,4741,'auth_forcepasswordchange','1'),(4744,4742,'auth_forcepasswordchange','1'),(4745,4743,'auth_forcepasswordchange','1'),(4746,4744,'auth_forcepasswordchange','1'),(4747,4745,'auth_forcepasswordchange','1'),(4748,4746,'auth_forcepasswordchange','1'),(4749,4747,'auth_forcepasswordchange','1'),(4750,4748,'auth_forcepasswordchange','1'),(4751,4749,'auth_forcepasswordchange','1'),(4752,4750,'auth_forcepasswordchange','1'),(4753,4751,'auth_forcepasswordchange','1'),(4754,4752,'auth_forcepasswordchange','1'),(4755,4753,'auth_forcepasswordchange','1'),(4756,4754,'auth_forcepasswordchange','1'),(4757,4755,'auth_forcepasswordchange','1'),(4758,4756,'auth_forcepasswordchange','1'),(4759,4757,'auth_forcepasswordchange','1'),(4760,4758,'auth_forcepasswordchange','1'),(4761,4759,'auth_forcepasswordchange','1'),(4762,4760,'auth_forcepasswordchange','1'),(4763,4761,'auth_forcepasswordchange','1'),(4764,4762,'auth_forcepasswordchange','1'),(4765,4763,'auth_forcepasswordchange','1'),(4766,4764,'auth_forcepasswordchange','1'),(4767,4765,'auth_forcepasswordchange','1'),(4768,4766,'auth_forcepasswordchange','1'),(4769,4767,'auth_forcepasswordchange','1'),(4770,4768,'auth_forcepasswordchange','1'),(4771,4769,'auth_forcepasswordchange','1'),(4772,4770,'auth_forcepasswordchange','1'),(4773,4771,'auth_forcepasswordchange','1'),(4774,4772,'auth_forcepasswordchange','1'),(4775,4773,'auth_forcepasswordchange','1'),(4776,4774,'auth_forcepasswordchange','1'),(4777,4775,'auth_forcepasswordchange','1'),(4778,4776,'auth_forcepasswordchange','1'),(4779,4777,'auth_forcepasswordchange','1'),(4780,4778,'auth_forcepasswordchange','1'),(4781,4779,'auth_forcepasswordchange','1'),(4782,4780,'auth_forcepasswordchange','1'),(4783,4781,'auth_forcepasswordchange','1'),(4784,4782,'auth_forcepasswordchange','1'),(4785,4783,'auth_forcepasswordchange','1'),(4786,4784,'auth_forcepasswordchange','1'),(4787,4785,'auth_forcepasswordchange','1'),(4788,4786,'auth_forcepasswordchange','1'),(4789,4787,'auth_forcepasswordchange','1'),(4790,4788,'auth_forcepasswordchange','1'),(4791,4789,'auth_forcepasswordchange','1'),(4792,4790,'auth_forcepasswordchange','1'),(4793,4791,'auth_forcepasswordchange','1'),(4794,4792,'auth_forcepasswordchange','1'),(4795,4793,'auth_forcepasswordchange','1'),(4796,4794,'auth_forcepasswordchange','1'),(4797,4795,'auth_forcepasswordchange','1'),(4798,4796,'auth_forcepasswordchange','1'),(4799,4797,'auth_forcepasswordchange','1'),(4800,4798,'auth_forcepasswordchange','1'),(4801,4799,'auth_forcepasswordchange','1'),(4802,4800,'auth_forcepasswordchange','1'),(4803,4801,'auth_forcepasswordchange','1'),(4804,4802,'auth_forcepasswordchange','1'),(4805,4803,'auth_forcepasswordchange','1'),(4806,4804,'auth_forcepasswordchange','1'),(4807,4805,'auth_forcepasswordchange','1'),(4808,4806,'auth_forcepasswordchange','1'),(4809,4807,'auth_forcepasswordchange','1'),(4810,4808,'auth_forcepasswordchange','1'),(4811,4809,'auth_forcepasswordchange','1'),(4812,4810,'auth_forcepasswordchange','1'),(4813,4811,'auth_forcepasswordchange','1'),(4814,4812,'auth_forcepasswordchange','1'),(4815,4813,'auth_forcepasswordchange','1'),(4816,4814,'auth_forcepasswordchange','1'),(4817,4815,'auth_forcepasswordchange','1'),(4818,4816,'auth_forcepasswordchange','1'),(4819,4817,'auth_forcepasswordchange','1'),(4820,4818,'auth_forcepasswordchange','1'),(4821,4819,'auth_forcepasswordchange','1'),(4822,4820,'auth_forcepasswordchange','1'),(4823,4821,'auth_forcepasswordchange','1'),(4824,4822,'auth_forcepasswordchange','1'),(4825,4823,'auth_forcepasswordchange','1'),(4826,4824,'auth_forcepasswordchange','1'),(4827,4825,'auth_forcepasswordchange','1'),(4828,4826,'auth_forcepasswordchange','1'),(4829,4827,'auth_forcepasswordchange','1'),(4830,4828,'auth_forcepasswordchange','1'),(4831,4829,'auth_forcepasswordchange','1'),(4832,4830,'auth_forcepasswordchange','1'),(4833,4831,'auth_forcepasswordchange','1'),(4834,4832,'auth_forcepasswordchange','1'),(4835,4833,'auth_forcepasswordchange','1'),(4836,4834,'auth_forcepasswordchange','1'),(4837,4835,'auth_forcepasswordchange','1'),(4838,4836,'auth_forcepasswordchange','1'),(4839,4837,'auth_forcepasswordchange','1'),(4840,4838,'auth_forcepasswordchange','1'),(4841,4839,'auth_forcepasswordchange','1'),(4842,4840,'auth_forcepasswordchange','1'),(4843,4841,'auth_forcepasswordchange','1'),(4844,4842,'auth_forcepasswordchange','1'),(4845,4843,'auth_forcepasswordchange','1'),(4846,4844,'auth_forcepasswordchange','1'),(4847,4845,'auth_forcepasswordchange','1'),(4848,4846,'auth_forcepasswordchange','1'),(4849,4847,'auth_forcepasswordchange','1'),(4850,4848,'auth_forcepasswordchange','1'),(4851,4849,'auth_forcepasswordchange','1'),(4852,4850,'auth_forcepasswordchange','1'),(4853,4851,'auth_forcepasswordchange','1'),(4854,4852,'auth_forcepasswordchange','1'),(4855,4853,'auth_forcepasswordchange','1'),(4856,4854,'auth_forcepasswordchange','1'),(4857,4855,'auth_forcepasswordchange','1'),(4858,4856,'auth_forcepasswordchange','1'),(4859,4857,'auth_forcepasswordchange','1'),(4860,4858,'auth_forcepasswordchange','1'),(4861,4859,'auth_forcepasswordchange','1'),(4862,4860,'auth_forcepasswordchange','1'),(4863,4861,'auth_forcepasswordchange','1'),(4864,4862,'auth_forcepasswordchange','1'),(4865,4863,'auth_forcepasswordchange','1'),(4866,4864,'auth_forcepasswordchange','1'),(4867,4865,'auth_forcepasswordchange','1'),(4868,4866,'auth_forcepasswordchange','1'),(4869,4867,'auth_forcepasswordchange','1'),(4870,4868,'auth_forcepasswordchange','1'),(4871,4869,'auth_forcepasswordchange','1'),(4872,4870,'auth_forcepasswordchange','1'),(4873,4871,'auth_forcepasswordchange','1'),(4874,4872,'auth_forcepasswordchange','1'),(4875,4873,'auth_forcepasswordchange','1'),(4876,4874,'auth_forcepasswordchange','1'),(4877,4875,'auth_forcepasswordchange','1'),(4878,4876,'auth_forcepasswordchange','1'),(4879,4877,'auth_forcepasswordchange','1'),(4880,4878,'auth_forcepasswordchange','1'),(4881,4879,'auth_forcepasswordchange','1'),(4882,4880,'auth_forcepasswordchange','1'),(4883,4881,'auth_forcepasswordchange','1'),(4884,4882,'auth_forcepasswordchange','1'),(4885,4883,'auth_forcepasswordchange','1'),(4886,4884,'auth_forcepasswordchange','1'),(4887,4885,'auth_forcepasswordchange','1'),(4888,4886,'auth_forcepasswordchange','1'),(4889,4887,'auth_forcepasswordchange','1'),(4890,4888,'auth_forcepasswordchange','1'),(4891,4889,'auth_forcepasswordchange','1'),(4892,4890,'auth_forcepasswordchange','1'),(4893,4891,'auth_forcepasswordchange','1'),(4894,4892,'auth_forcepasswordchange','1'),(4895,4893,'auth_forcepasswordchange','1'),(4896,4894,'auth_forcepasswordchange','1'),(4897,4895,'auth_forcepasswordchange','1'),(4898,4896,'auth_forcepasswordchange','1'),(4899,4897,'auth_forcepasswordchange','1'),(4900,4898,'auth_forcepasswordchange','1'),(4901,4899,'auth_forcepasswordchange','1'),(4902,4900,'auth_forcepasswordchange','1'),(4903,4901,'auth_forcepasswordchange','1'),(4904,4902,'auth_forcepasswordchange','1'),(4905,4903,'auth_forcepasswordchange','1'),(4906,4904,'auth_forcepasswordchange','1'),(4907,4905,'auth_forcepasswordchange','1'),(4908,4906,'auth_forcepasswordchange','1'),(4909,4907,'auth_forcepasswordchange','1'),(4910,4908,'auth_forcepasswordchange','1'),(4911,4909,'auth_forcepasswordchange','1'),(4912,4910,'auth_forcepasswordchange','1'),(4913,4911,'auth_forcepasswordchange','1'),(4914,4912,'auth_forcepasswordchange','1'),(4915,4913,'auth_forcepasswordchange','1'),(4916,4914,'auth_forcepasswordchange','1'),(4917,4915,'auth_forcepasswordchange','1'),(4918,4916,'auth_forcepasswordchange','1'),(4919,4917,'auth_forcepasswordchange','1'),(4920,4918,'auth_forcepasswordchange','1'),(4921,4919,'auth_forcepasswordchange','1'),(4922,4920,'auth_forcepasswordchange','1'),(4923,4921,'auth_forcepasswordchange','1'),(4924,4922,'auth_forcepasswordchange','1'),(4925,4923,'auth_forcepasswordchange','1'),(4926,4924,'auth_forcepasswordchange','1'),(4927,4925,'auth_forcepasswordchange','1'),(4928,4926,'auth_forcepasswordchange','1'),(4929,4927,'auth_forcepasswordchange','1'),(4930,4928,'auth_forcepasswordchange','1'),(4931,4929,'auth_forcepasswordchange','1'),(4932,4930,'auth_forcepasswordchange','1'),(4933,4931,'auth_forcepasswordchange','1'),(4934,4932,'auth_forcepasswordchange','1'),(4935,4933,'auth_forcepasswordchange','1'),(4936,4934,'auth_forcepasswordchange','1'),(4937,4935,'auth_forcepasswordchange','1'),(4938,4936,'auth_forcepasswordchange','1'),(4939,4937,'auth_forcepasswordchange','1'),(4940,4938,'auth_forcepasswordchange','1'),(4941,4939,'auth_forcepasswordchange','1'),(4942,4940,'auth_forcepasswordchange','1'),(4943,4941,'auth_forcepasswordchange','1'),(4944,4942,'auth_forcepasswordchange','1'),(4945,4943,'auth_forcepasswordchange','1'),(4946,4944,'auth_forcepasswordchange','1'),(4947,4945,'auth_forcepasswordchange','1'),(4948,4946,'auth_forcepasswordchange','1'),(4949,4947,'auth_forcepasswordchange','1'),(4950,4948,'auth_forcepasswordchange','1'),(4951,4949,'auth_forcepasswordchange','1'),(4952,4950,'auth_forcepasswordchange','1'),(4953,4951,'auth_forcepasswordchange','1'),(4954,4952,'auth_forcepasswordchange','1'),(4955,4953,'auth_forcepasswordchange','1'),(4956,4954,'auth_forcepasswordchange','1'),(4957,4955,'auth_forcepasswordchange','1'),(4958,4956,'auth_forcepasswordchange','1'),(4959,4957,'auth_forcepasswordchange','1'),(4960,4958,'auth_forcepasswordchange','1'),(4961,4959,'auth_forcepasswordchange','1'),(4962,4960,'auth_forcepasswordchange','1'),(4963,4961,'auth_forcepasswordchange','1'),(4964,4962,'auth_forcepasswordchange','1'),(4965,4963,'auth_forcepasswordchange','1'),(4966,4964,'auth_forcepasswordchange','1'),(4967,4965,'auth_forcepasswordchange','1'),(4968,4966,'auth_forcepasswordchange','1'),(4969,4967,'auth_forcepasswordchange','1'),(4970,4968,'auth_forcepasswordchange','1'),(4971,4969,'auth_forcepasswordchange','1'),(4972,4970,'auth_forcepasswordchange','1'),(4973,4971,'auth_forcepasswordchange','1'),(4974,4972,'auth_forcepasswordchange','1'),(4975,4973,'auth_forcepasswordchange','1'),(4976,4974,'auth_forcepasswordchange','1'),(4977,4975,'auth_forcepasswordchange','1'),(4978,4976,'auth_forcepasswordchange','1'),(4979,4977,'auth_forcepasswordchange','1'),(4980,4978,'auth_forcepasswordchange','1'),(4981,4979,'auth_forcepasswordchange','1'),(4982,4980,'auth_forcepasswordchange','1'),(4983,4981,'auth_forcepasswordchange','1'),(4984,4982,'auth_forcepasswordchange','1'),(4985,4983,'auth_forcepasswordchange','1'),(4986,4984,'auth_forcepasswordchange','1'),(4987,4985,'auth_forcepasswordchange','1'),(4988,4986,'auth_forcepasswordchange','1'),(4989,4987,'auth_forcepasswordchange','1'),(4990,4988,'auth_forcepasswordchange','1'),(4991,4989,'auth_forcepasswordchange','1'),(4992,4990,'auth_forcepasswordchange','1'),(4993,4991,'auth_forcepasswordchange','1'),(4994,4992,'auth_forcepasswordchange','1'),(4995,4993,'auth_forcepasswordchange','1'),(4996,4994,'auth_forcepasswordchange','1'),(4997,4995,'auth_forcepasswordchange','1'),(4998,4996,'auth_forcepasswordchange','1'),(4999,4997,'auth_forcepasswordchange','1'),(5000,4998,'auth_forcepasswordchange','1'),(5001,4999,'auth_forcepasswordchange','1'),(5002,5000,'auth_forcepasswordchange','1'),(5003,5001,'auth_forcepasswordchange','1'),(5004,5002,'auth_forcepasswordchange','1'),(5005,5003,'auth_forcepasswordchange','1'),(5006,5004,'auth_forcepasswordchange','1'),(5007,5005,'auth_forcepasswordchange','1'),(5008,5006,'auth_forcepasswordchange','1'),(5009,5007,'auth_forcepasswordchange','1'),(5010,5008,'auth_forcepasswordchange','1'),(5011,5009,'auth_forcepasswordchange','1'),(5012,5010,'auth_forcepasswordchange','1'),(5013,5011,'auth_forcepasswordchange','1'),(5014,5012,'auth_forcepasswordchange','1'),(5015,5013,'auth_forcepasswordchange','1'),(5016,5014,'auth_forcepasswordchange','1'),(5017,5015,'auth_forcepasswordchange','1'),(5018,5016,'auth_forcepasswordchange','1'),(5019,5017,'auth_forcepasswordchange','1'),(5020,5018,'auth_forcepasswordchange','1'),(5021,5019,'auth_forcepasswordchange','1'),(5022,5020,'auth_forcepasswordchange','1'),(5023,5021,'auth_forcepasswordchange','1'),(5024,5022,'auth_forcepasswordchange','1'),(5025,5023,'auth_forcepasswordchange','1'),(5026,5024,'auth_forcepasswordchange','1'),(5027,5025,'auth_forcepasswordchange','1'),(5028,5026,'auth_forcepasswordchange','1'),(5029,5027,'auth_forcepasswordchange','1'),(5030,5028,'auth_forcepasswordchange','1'),(5031,5029,'auth_forcepasswordchange','1'),(5032,5030,'auth_forcepasswordchange','1'),(5033,5031,'auth_forcepasswordchange','1'),(5034,5032,'auth_forcepasswordchange','1'),(5035,5033,'auth_forcepasswordchange','1'),(5036,5034,'auth_forcepasswordchange','1'),(5037,5035,'auth_forcepasswordchange','1'),(5038,5036,'auth_forcepasswordchange','1'),(5039,5037,'auth_forcepasswordchange','1'),(5040,5038,'auth_forcepasswordchange','1'),(5041,5039,'auth_forcepasswordchange','1'),(5042,5040,'auth_forcepasswordchange','1'),(5043,5041,'auth_forcepasswordchange','1'),(5044,5042,'auth_forcepasswordchange','1'),(5045,5043,'auth_forcepasswordchange','1'),(5046,5044,'auth_forcepasswordchange','1'),(5047,5045,'auth_forcepasswordchange','1'),(5048,5046,'auth_forcepasswordchange','1'),(5049,5047,'auth_forcepasswordchange','1'),(5050,5048,'auth_forcepasswordchange','1'),(5051,5049,'auth_forcepasswordchange','1'),(5052,5050,'auth_forcepasswordchange','1'),(5053,5051,'auth_forcepasswordchange','1'),(5054,5052,'auth_forcepasswordchange','1'),(5055,5053,'auth_forcepasswordchange','1'),(5056,5054,'auth_forcepasswordchange','1'),(5057,5055,'auth_forcepasswordchange','1'),(5058,5056,'auth_forcepasswordchange','1'),(5059,5057,'auth_forcepasswordchange','1'),(5060,5058,'auth_forcepasswordchange','1'),(5061,5059,'auth_forcepasswordchange','1'),(5062,5060,'auth_forcepasswordchange','1'),(5063,5061,'auth_forcepasswordchange','1'),(5064,5062,'auth_forcepasswordchange','1'),(5065,5063,'auth_forcepasswordchange','1'),(5066,5064,'auth_forcepasswordchange','1'),(5067,5065,'auth_forcepasswordchange','1'),(5068,5066,'auth_forcepasswordchange','1'),(5069,5067,'auth_forcepasswordchange','1'),(5070,5068,'auth_forcepasswordchange','1'),(5071,5069,'auth_forcepasswordchange','1'),(5072,5070,'auth_forcepasswordchange','1'),(5073,5071,'auth_forcepasswordchange','1'),(5074,5072,'auth_forcepasswordchange','1'),(5075,5073,'auth_forcepasswordchange','1'),(5076,5074,'auth_forcepasswordchange','1'),(5077,5075,'auth_forcepasswordchange','1'),(5078,5076,'auth_forcepasswordchange','1'),(5079,5077,'auth_forcepasswordchange','1'),(5080,5078,'auth_forcepasswordchange','1'),(5081,5079,'auth_forcepasswordchange','1'),(5082,5080,'auth_forcepasswordchange','1'),(5083,5081,'auth_forcepasswordchange','1'),(5084,5082,'auth_forcepasswordchange','1'),(5085,5083,'auth_forcepasswordchange','1'),(5086,5084,'auth_forcepasswordchange','1'),(5087,5085,'auth_forcepasswordchange','1'),(5088,5086,'auth_forcepasswordchange','1'),(5089,5087,'auth_forcepasswordchange','1'),(5090,5088,'auth_forcepasswordchange','1'),(5091,5089,'auth_forcepasswordchange','1'),(5092,5090,'auth_forcepasswordchange','1'),(5093,5091,'auth_forcepasswordchange','1'),(5094,5092,'auth_forcepasswordchange','1'),(5095,5093,'auth_forcepasswordchange','1'),(5096,5094,'auth_forcepasswordchange','1'),(5097,5095,'auth_forcepasswordchange','1'),(5098,5096,'auth_forcepasswordchange','1'),(5099,5097,'auth_forcepasswordchange','1'),(5100,5098,'auth_forcepasswordchange','1'),(5101,5099,'auth_forcepasswordchange','1'),(5102,5100,'auth_forcepasswordchange','1'),(5103,5101,'auth_forcepasswordchange','1'),(5104,5102,'auth_forcepasswordchange','1'),(5105,5103,'auth_forcepasswordchange','1'),(5106,5104,'auth_forcepasswordchange','1'),(5107,5105,'auth_forcepasswordchange','1'),(5108,5106,'auth_forcepasswordchange','1'),(5109,5107,'auth_forcepasswordchange','1'),(5110,5108,'auth_forcepasswordchange','1'),(5111,5109,'auth_forcepasswordchange','1'),(5112,5110,'auth_forcepasswordchange','1'),(5113,5111,'auth_forcepasswordchange','1'),(5114,5112,'auth_forcepasswordchange','1'),(5115,5113,'auth_forcepasswordchange','1'),(5116,5114,'auth_forcepasswordchange','1'),(5117,5115,'auth_forcepasswordchange','1'),(5118,5116,'auth_forcepasswordchange','1'),(5119,5117,'auth_forcepasswordchange','1'),(5120,5118,'auth_forcepasswordchange','1'),(5121,5119,'auth_forcepasswordchange','1'),(5122,5120,'auth_forcepasswordchange','1'),(5123,5121,'auth_forcepasswordchange','1'),(5124,5122,'auth_forcepasswordchange','1'),(5125,5123,'auth_forcepasswordchange','1'),(5126,5124,'auth_forcepasswordchange','1'),(5127,5125,'auth_forcepasswordchange','1'),(5128,5126,'auth_forcepasswordchange','1'),(5129,5127,'auth_forcepasswordchange','1'),(5130,5128,'auth_forcepasswordchange','1'),(5131,5129,'auth_forcepasswordchange','1'),(5132,5130,'auth_forcepasswordchange','1'),(5133,5131,'auth_forcepasswordchange','1'),(5134,5132,'auth_forcepasswordchange','1'),(5135,5133,'auth_forcepasswordchange','1'),(5136,5134,'auth_forcepasswordchange','1'),(5137,5135,'auth_forcepasswordchange','1'),(5138,5136,'auth_forcepasswordchange','1'),(5139,5137,'auth_forcepasswordchange','1'),(5140,5138,'auth_forcepasswordchange','1'),(5141,5139,'auth_forcepasswordchange','1'),(5142,5140,'auth_forcepasswordchange','1'),(5143,5141,'auth_forcepasswordchange','1'),(5144,5142,'auth_forcepasswordchange','1'),(5145,5143,'auth_forcepasswordchange','1'),(5146,5144,'auth_forcepasswordchange','1'),(5147,5145,'auth_forcepasswordchange','1'),(5148,5146,'auth_forcepasswordchange','1'),(5149,5147,'auth_forcepasswordchange','1'),(5150,5148,'auth_forcepasswordchange','1'),(5151,5149,'auth_forcepasswordchange','1'),(5152,5150,'auth_forcepasswordchange','1'),(5153,5151,'auth_forcepasswordchange','1'),(5154,5152,'auth_forcepasswordchange','1'),(5155,5153,'auth_forcepasswordchange','1'),(5156,5154,'auth_forcepasswordchange','1'),(5157,5155,'auth_forcepasswordchange','1'),(5158,5156,'auth_forcepasswordchange','1'),(5159,5157,'auth_forcepasswordchange','1'),(5160,5158,'auth_forcepasswordchange','1'),(5161,5159,'auth_forcepasswordchange','1'),(5162,5160,'auth_forcepasswordchange','1'),(5163,5161,'auth_forcepasswordchange','1'),(5164,5162,'auth_forcepasswordchange','1'),(5165,5163,'auth_forcepasswordchange','1'),(5166,5164,'auth_forcepasswordchange','1'),(5167,5165,'auth_forcepasswordchange','1'),(5168,5166,'auth_forcepasswordchange','1'),(5169,5167,'auth_forcepasswordchange','1'),(5170,5168,'auth_forcepasswordchange','1'),(5171,5169,'auth_forcepasswordchange','1'),(5172,5170,'auth_forcepasswordchange','1'),(5173,5171,'auth_forcepasswordchange','1'),(5174,5172,'auth_forcepasswordchange','1'),(5175,5173,'auth_forcepasswordchange','1'),(5176,5174,'auth_forcepasswordchange','1'),(5177,5175,'auth_forcepasswordchange','1'),(5178,5176,'auth_forcepasswordchange','1'),(5179,5177,'auth_forcepasswordchange','1'),(5180,5178,'auth_forcepasswordchange','1'),(5181,5179,'auth_forcepasswordchange','1'),(5182,5180,'auth_forcepasswordchange','1'),(5183,5181,'auth_forcepasswordchange','1'),(5184,5182,'auth_forcepasswordchange','1'),(5185,5183,'auth_forcepasswordchange','1'),(5186,5184,'auth_forcepasswordchange','1'),(5187,5185,'auth_forcepasswordchange','1'),(5188,5186,'auth_forcepasswordchange','1'),(5189,5187,'auth_forcepasswordchange','1'),(5190,5188,'auth_forcepasswordchange','1'),(5191,5189,'auth_forcepasswordchange','1'),(5192,5190,'auth_forcepasswordchange','1'),(5193,5191,'auth_forcepasswordchange','1'),(5194,5192,'auth_forcepasswordchange','1'),(5195,5193,'auth_forcepasswordchange','1'),(5196,5194,'auth_forcepasswordchange','1'),(5197,5195,'auth_forcepasswordchange','1'),(5198,5196,'auth_forcepasswordchange','1'),(5199,5197,'auth_forcepasswordchange','1'),(5200,5198,'auth_forcepasswordchange','1'),(5201,5199,'auth_forcepasswordchange','1'),(5202,5200,'auth_forcepasswordchange','1'),(5203,5201,'auth_forcepasswordchange','1'),(5204,5202,'auth_forcepasswordchange','1'),(5205,5203,'auth_forcepasswordchange','1'),(5206,5204,'auth_forcepasswordchange','1'),(5207,5205,'auth_forcepasswordchange','1'),(5208,5206,'auth_forcepasswordchange','1'),(5209,5207,'auth_forcepasswordchange','1'),(5210,5208,'auth_forcepasswordchange','1'),(5211,5209,'auth_forcepasswordchange','1'),(5212,5210,'auth_forcepasswordchange','1'),(5213,5211,'auth_forcepasswordchange','1'),(5214,5212,'auth_forcepasswordchange','1'),(5215,5213,'auth_forcepasswordchange','1'),(5216,5214,'auth_forcepasswordchange','1'),(5217,5215,'auth_forcepasswordchange','1'),(5218,5216,'auth_forcepasswordchange','1'),(5219,5217,'auth_forcepasswordchange','1'),(5220,5218,'auth_forcepasswordchange','1'),(5221,5219,'auth_forcepasswordchange','1'),(5222,5220,'auth_forcepasswordchange','1'),(5223,5221,'auth_forcepasswordchange','1'),(5224,5222,'auth_forcepasswordchange','1'),(5225,5223,'auth_forcepasswordchange','1'),(5226,5224,'auth_forcepasswordchange','1'),(5227,5225,'auth_forcepasswordchange','1'),(5228,5226,'auth_forcepasswordchange','1'),(5229,5227,'auth_forcepasswordchange','1'),(5230,5228,'auth_forcepasswordchange','1'),(5231,5229,'auth_forcepasswordchange','1'),(5232,5230,'auth_forcepasswordchange','1'),(5233,5231,'auth_forcepasswordchange','1'),(5234,5232,'auth_forcepasswordchange','1'),(5235,5233,'auth_forcepasswordchange','1'),(5236,5234,'auth_forcepasswordchange','1'),(5237,5235,'auth_forcepasswordchange','1'),(5238,5236,'auth_forcepasswordchange','1'),(5239,5237,'auth_forcepasswordchange','1'),(5240,5238,'auth_forcepasswordchange','1'),(5241,5239,'auth_forcepasswordchange','1'),(5242,5240,'auth_forcepasswordchange','1'),(5243,5241,'auth_forcepasswordchange','1'),(5244,5242,'auth_forcepasswordchange','1'),(5245,5243,'auth_forcepasswordchange','1'),(5246,5244,'auth_forcepasswordchange','1'),(5247,5245,'auth_forcepasswordchange','1'),(5248,5246,'auth_forcepasswordchange','1'),(5249,5247,'auth_forcepasswordchange','1'),(5250,5248,'auth_forcepasswordchange','1'),(5251,5249,'auth_forcepasswordchange','1'),(5252,5250,'auth_forcepasswordchange','1'),(5253,5251,'auth_forcepasswordchange','1'),(5254,5252,'auth_forcepasswordchange','1'),(5255,5253,'auth_forcepasswordchange','1'),(5256,5254,'auth_forcepasswordchange','1'),(5257,5255,'auth_forcepasswordchange','1'),(5258,5256,'auth_forcepasswordchange','1'),(5259,5257,'auth_forcepasswordchange','1'),(5260,5258,'auth_forcepasswordchange','1'),(5261,5259,'auth_forcepasswordchange','1'),(5262,5260,'auth_forcepasswordchange','1'),(5263,5261,'auth_forcepasswordchange','1'),(5264,5262,'auth_forcepasswordchange','1'),(5265,5263,'auth_forcepasswordchange','1'),(5266,5264,'auth_forcepasswordchange','1'),(5267,5265,'auth_forcepasswordchange','1'),(5268,5266,'auth_forcepasswordchange','1'),(5269,5267,'auth_forcepasswordchange','1'),(5270,5268,'auth_forcepasswordchange','1'),(5271,5269,'auth_forcepasswordchange','1'),(5272,5270,'auth_forcepasswordchange','1'),(5273,5271,'auth_forcepasswordchange','1'),(5274,5272,'auth_forcepasswordchange','1'),(5275,5273,'auth_forcepasswordchange','1'),(5276,5274,'auth_forcepasswordchange','1'),(5277,5275,'auth_forcepasswordchange','1'),(5278,5276,'auth_forcepasswordchange','1'),(5279,5277,'auth_forcepasswordchange','1'),(5280,5278,'auth_forcepasswordchange','1'),(5281,5279,'auth_forcepasswordchange','1'),(5282,5280,'auth_forcepasswordchange','1'),(5283,5281,'auth_forcepasswordchange','1'),(5284,5282,'auth_forcepasswordchange','1'),(5285,5283,'auth_forcepasswordchange','1'),(5286,5284,'auth_forcepasswordchange','1'),(5287,5285,'auth_forcepasswordchange','1'),(5288,5286,'auth_forcepasswordchange','1'),(5289,5287,'auth_forcepasswordchange','1'),(5290,5288,'auth_forcepasswordchange','1'),(5291,5289,'auth_forcepasswordchange','1'),(5292,5290,'auth_forcepasswordchange','1'),(5293,5291,'auth_forcepasswordchange','1'),(5294,5292,'auth_forcepasswordchange','1'),(5295,5293,'auth_forcepasswordchange','1'),(5296,5294,'auth_forcepasswordchange','1'),(5297,5295,'auth_forcepasswordchange','1'),(5298,5296,'auth_forcepasswordchange','1'),(5299,5297,'auth_forcepasswordchange','1'),(5300,5298,'auth_forcepasswordchange','1'),(5301,5299,'auth_forcepasswordchange','1'),(5302,5300,'auth_forcepasswordchange','1'),(5303,5301,'auth_forcepasswordchange','1'),(5304,5302,'auth_forcepasswordchange','1'),(5305,5303,'auth_forcepasswordchange','1'),(5306,5304,'auth_forcepasswordchange','1'),(5307,5305,'auth_forcepasswordchange','1'),(5308,5306,'auth_forcepasswordchange','1'),(5309,5307,'auth_forcepasswordchange','1'),(5310,5308,'auth_forcepasswordchange','1'),(5311,5309,'auth_forcepasswordchange','1'),(5312,5310,'auth_forcepasswordchange','1'),(5313,5311,'auth_forcepasswordchange','1'),(5314,5312,'auth_forcepasswordchange','1'),(5315,5313,'auth_forcepasswordchange','1'),(5316,5314,'auth_forcepasswordchange','1'),(5317,5315,'auth_forcepasswordchange','1'),(5318,5316,'auth_forcepasswordchange','1'),(5319,5317,'auth_forcepasswordchange','1'),(5320,5318,'auth_forcepasswordchange','1'),(5321,5319,'auth_forcepasswordchange','1'),(5322,5320,'auth_forcepasswordchange','1'),(5323,5321,'auth_forcepasswordchange','1'),(5324,5322,'auth_forcepasswordchange','1'),(5325,5323,'auth_forcepasswordchange','1'),(5326,5324,'auth_forcepasswordchange','1'),(5327,5325,'auth_forcepasswordchange','1'),(5328,5326,'auth_forcepasswordchange','1'),(5329,5327,'auth_forcepasswordchange','1'),(5330,5328,'auth_forcepasswordchange','1'),(5331,5329,'auth_forcepasswordchange','1'),(5332,5330,'auth_forcepasswordchange','1'),(5333,5331,'auth_forcepasswordchange','1'),(5334,5332,'auth_forcepasswordchange','1'),(5335,5333,'auth_forcepasswordchange','1'),(5336,5334,'auth_forcepasswordchange','1'),(5337,5335,'auth_forcepasswordchange','1'),(5338,5336,'auth_forcepasswordchange','1'),(5339,5337,'auth_forcepasswordchange','1'),(5340,5338,'auth_forcepasswordchange','1'),(5341,5339,'auth_forcepasswordchange','1'),(5342,5340,'auth_forcepasswordchange','1'),(5343,5341,'auth_forcepasswordchange','1'),(5344,5342,'auth_forcepasswordchange','1'),(5345,5343,'auth_forcepasswordchange','1'),(5346,5344,'auth_forcepasswordchange','1'),(5347,5345,'auth_forcepasswordchange','1'),(5348,5346,'auth_forcepasswordchange','1'),(5349,5347,'auth_forcepasswordchange','1'),(5350,5348,'auth_forcepasswordchange','1'),(5351,5349,'auth_forcepasswordchange','1'),(5352,5350,'auth_forcepasswordchange','1'),(5353,5351,'auth_forcepasswordchange','1'),(5354,5352,'auth_forcepasswordchange','1'),(5355,5353,'auth_forcepasswordchange','1'),(5356,5354,'auth_forcepasswordchange','1'),(5357,5355,'auth_forcepasswordchange','1'),(5358,5356,'auth_forcepasswordchange','1'),(5359,5357,'auth_forcepasswordchange','1'),(5360,5358,'auth_forcepasswordchange','1'),(5361,5359,'auth_forcepasswordchange','1'),(5362,5360,'auth_forcepasswordchange','1'),(5363,5361,'auth_forcepasswordchange','1'),(5364,5362,'auth_forcepasswordchange','1'),(5365,5363,'auth_forcepasswordchange','1'),(5366,5364,'auth_forcepasswordchange','1'),(5367,5365,'auth_forcepasswordchange','1'),(5368,5366,'auth_forcepasswordchange','1'),(5369,5367,'auth_forcepasswordchange','1'),(5370,5368,'auth_forcepasswordchange','1'),(5371,5369,'auth_forcepasswordchange','1'),(5372,5370,'auth_forcepasswordchange','1'),(5373,5371,'auth_forcepasswordchange','1'),(5374,5372,'auth_forcepasswordchange','1'),(5375,5373,'auth_forcepasswordchange','1'),(5376,5374,'auth_forcepasswordchange','1'),(5377,5375,'auth_forcepasswordchange','1'),(5378,5376,'auth_forcepasswordchange','1'),(5379,5377,'auth_forcepasswordchange','1'),(5380,5378,'auth_forcepasswordchange','1'),(5381,5379,'auth_forcepasswordchange','1'),(5382,5380,'auth_forcepasswordchange','1'),(5383,5381,'auth_forcepasswordchange','1'),(5384,5382,'auth_forcepasswordchange','1'),(5385,5383,'auth_forcepasswordchange','1'),(5386,5384,'auth_forcepasswordchange','1'),(5387,5385,'auth_forcepasswordchange','1'),(5388,5386,'auth_forcepasswordchange','1'),(5389,5387,'auth_forcepasswordchange','1'),(5390,5388,'auth_forcepasswordchange','1'),(5391,5389,'auth_forcepasswordchange','1'),(5392,5390,'auth_forcepasswordchange','1'),(5393,5391,'auth_forcepasswordchange','1'),(5394,5392,'auth_forcepasswordchange','1'),(5395,5393,'auth_forcepasswordchange','1'),(5396,5394,'auth_forcepasswordchange','1'),(5397,5395,'auth_forcepasswordchange','1'),(5398,5396,'auth_forcepasswordchange','1'),(5399,5397,'auth_forcepasswordchange','1'),(5400,5398,'auth_forcepasswordchange','1'),(5401,5399,'auth_forcepasswordchange','1'),(5402,5400,'auth_forcepasswordchange','1'),(5403,5401,'auth_forcepasswordchange','1'),(5404,5402,'auth_forcepasswordchange','1'),(5405,5403,'auth_forcepasswordchange','1'),(5406,5404,'auth_forcepasswordchange','1'),(5407,5405,'auth_forcepasswordchange','1'),(5408,5406,'auth_forcepasswordchange','1'),(5409,5407,'auth_forcepasswordchange','1'),(5410,5408,'auth_forcepasswordchange','1'),(5411,5409,'auth_forcepasswordchange','1'),(5412,5410,'auth_forcepasswordchange','1'),(5413,5411,'auth_forcepasswordchange','1'),(5414,5412,'auth_forcepasswordchange','1'),(5415,5413,'auth_forcepasswordchange','1'),(5416,5414,'auth_forcepasswordchange','1'),(5417,5415,'auth_forcepasswordchange','1'),(5418,5416,'auth_forcepasswordchange','1'),(5419,5417,'auth_forcepasswordchange','1'),(5420,5418,'auth_forcepasswordchange','1'),(5421,5419,'auth_forcepasswordchange','1'),(5422,5420,'auth_forcepasswordchange','1'),(5423,5421,'auth_forcepasswordchange','1'),(5424,5422,'auth_forcepasswordchange','1'),(5425,5423,'auth_forcepasswordchange','1'),(5426,5424,'auth_forcepasswordchange','1'),(5427,5425,'auth_forcepasswordchange','1'),(5428,5426,'auth_forcepasswordchange','1'),(5429,5427,'auth_forcepasswordchange','1'),(5430,5428,'auth_forcepasswordchange','1'),(5431,5429,'auth_forcepasswordchange','1'),(5432,5430,'auth_forcepasswordchange','1'),(5433,5431,'auth_forcepasswordchange','1'),(5434,5432,'auth_forcepasswordchange','1'),(5435,5433,'auth_forcepasswordchange','1'),(5436,5434,'auth_forcepasswordchange','1'),(5437,5435,'auth_forcepasswordchange','1'),(5438,5436,'auth_forcepasswordchange','1'),(5439,5437,'auth_forcepasswordchange','1'),(5440,5438,'auth_forcepasswordchange','1'),(5441,5439,'auth_forcepasswordchange','1'),(5442,5440,'auth_forcepasswordchange','1'),(5443,5441,'auth_forcepasswordchange','1'),(5444,5442,'auth_forcepasswordchange','1'),(5445,5443,'auth_forcepasswordchange','1'),(5446,5444,'auth_forcepasswordchange','1'),(5447,5445,'auth_forcepasswordchange','1'),(5448,5446,'auth_forcepasswordchange','1'),(5449,5447,'auth_forcepasswordchange','1'),(5450,5448,'auth_forcepasswordchange','1'),(5451,5449,'auth_forcepasswordchange','1'),(5452,5450,'auth_forcepasswordchange','1'),(5453,5451,'auth_forcepasswordchange','1'),(5454,5452,'auth_forcepasswordchange','1'),(5455,5453,'auth_forcepasswordchange','1'),(5456,5454,'auth_forcepasswordchange','1'),(5457,5455,'auth_forcepasswordchange','1'),(5458,5456,'auth_forcepasswordchange','1'),(5459,5457,'auth_forcepasswordchange','1'),(5460,5458,'auth_forcepasswordchange','1'),(5461,5459,'auth_forcepasswordchange','1'),(5462,5460,'auth_forcepasswordchange','1'),(5463,5461,'auth_forcepasswordchange','1'),(5464,5462,'auth_forcepasswordchange','1'),(5465,5463,'auth_forcepasswordchange','1'),(5466,5464,'auth_forcepasswordchange','1'),(5467,5465,'auth_forcepasswordchange','1'),(5468,5466,'auth_forcepasswordchange','1'),(5469,5467,'auth_forcepasswordchange','1'),(5470,5468,'auth_forcepasswordchange','1'),(5471,5469,'auth_forcepasswordchange','1'),(5472,5470,'auth_forcepasswordchange','1'),(5473,5471,'auth_forcepasswordchange','1'),(5474,5472,'auth_forcepasswordchange','1'),(5475,5473,'auth_forcepasswordchange','1'),(5476,5474,'auth_forcepasswordchange','1'),(5477,5475,'auth_forcepasswordchange','1'),(5478,5476,'auth_forcepasswordchange','1'),(5479,5477,'auth_forcepasswordchange','1'),(5480,5478,'auth_forcepasswordchange','1'),(5481,5479,'auth_forcepasswordchange','1'),(5482,5480,'auth_forcepasswordchange','1'),(5483,5481,'auth_forcepasswordchange','1'),(5484,5482,'auth_forcepasswordchange','1'),(5485,5483,'auth_forcepasswordchange','1'),(5486,5484,'auth_forcepasswordchange','1'),(5487,5485,'auth_forcepasswordchange','1'),(5488,5486,'auth_forcepasswordchange','1'),(5489,5487,'auth_forcepasswordchange','1'),(5490,5488,'auth_forcepasswordchange','1'),(5491,5489,'auth_forcepasswordchange','1'),(5492,5490,'auth_forcepasswordchange','1'),(5493,5491,'auth_forcepasswordchange','1'),(5494,5492,'auth_forcepasswordchange','1'),(5495,5493,'auth_forcepasswordchange','1'),(5496,5494,'auth_forcepasswordchange','1'),(5497,5495,'auth_forcepasswordchange','1'),(5498,5496,'auth_forcepasswordchange','1'),(5499,5497,'auth_forcepasswordchange','1'),(5500,5498,'auth_forcepasswordchange','1'),(5501,5499,'auth_forcepasswordchange','1'),(5502,5500,'auth_forcepasswordchange','1'),(5503,5501,'auth_forcepasswordchange','1'),(5504,5502,'auth_forcepasswordchange','1'),(5505,5503,'auth_forcepasswordchange','1'),(5506,5504,'auth_forcepasswordchange','1'),(5507,5505,'auth_forcepasswordchange','1'),(5508,5506,'auth_forcepasswordchange','1'),(5509,5507,'auth_forcepasswordchange','1'),(5510,5508,'auth_forcepasswordchange','1'),(5511,5509,'auth_forcepasswordchange','1'),(5512,5510,'auth_forcepasswordchange','1'),(5513,5511,'auth_forcepasswordchange','1'),(5514,5512,'auth_forcepasswordchange','1'),(5515,5513,'auth_forcepasswordchange','1'),(5516,5514,'auth_forcepasswordchange','1'),(5517,5515,'auth_forcepasswordchange','1'),(5518,5516,'auth_forcepasswordchange','1'),(5519,5517,'auth_forcepasswordchange','1'),(5520,5518,'auth_forcepasswordchange','1'),(5521,5519,'auth_forcepasswordchange','1'),(5522,5520,'auth_forcepasswordchange','1'),(5523,5521,'auth_forcepasswordchange','1'),(5524,5522,'auth_forcepasswordchange','1'),(5525,5523,'auth_forcepasswordchange','1'),(5526,5524,'auth_forcepasswordchange','1'),(5527,5525,'auth_forcepasswordchange','1'),(5528,5526,'auth_forcepasswordchange','1'),(5529,5527,'auth_forcepasswordchange','1'),(5530,5528,'auth_forcepasswordchange','1'),(5531,5529,'auth_forcepasswordchange','1'),(5532,5530,'auth_forcepasswordchange','1'),(5533,5531,'auth_forcepasswordchange','1'),(5534,5532,'auth_forcepasswordchange','1'),(5535,5533,'auth_forcepasswordchange','1'),(5536,5534,'auth_forcepasswordchange','1'),(5537,5535,'auth_forcepasswordchange','1'),(5538,5536,'auth_forcepasswordchange','1'),(5539,5537,'auth_forcepasswordchange','1'),(5540,5538,'auth_forcepasswordchange','1'),(5541,5539,'auth_forcepasswordchange','1'),(5542,5540,'auth_forcepasswordchange','1'),(5543,5541,'auth_forcepasswordchange','1'),(5544,5542,'auth_forcepasswordchange','1'),(5545,5543,'auth_forcepasswordchange','1'),(5546,5544,'auth_forcepasswordchange','1'),(5547,5545,'auth_forcepasswordchange','1'),(5548,5546,'auth_forcepasswordchange','1'),(5549,5547,'auth_forcepasswordchange','1'),(5550,5548,'auth_forcepasswordchange','1'),(5551,5549,'auth_forcepasswordchange','1'),(5552,5550,'auth_forcepasswordchange','1'),(5553,5551,'auth_forcepasswordchange','1'),(5554,5552,'auth_forcepasswordchange','1'),(5555,5553,'auth_forcepasswordchange','1'),(5556,5554,'auth_forcepasswordchange','1'),(5557,5555,'auth_forcepasswordchange','1'),(5558,5556,'auth_forcepasswordchange','1'),(5559,5557,'auth_forcepasswordchange','1'),(5560,5558,'auth_forcepasswordchange','1'),(5561,5559,'auth_forcepasswordchange','1'),(5562,5560,'auth_forcepasswordchange','1'),(5563,5561,'auth_forcepasswordchange','1'),(5564,5562,'auth_forcepasswordchange','1'),(5565,5563,'auth_forcepasswordchange','1'),(5566,5564,'auth_forcepasswordchange','1'),(5567,5565,'auth_forcepasswordchange','1'),(5568,5566,'auth_forcepasswordchange','1'),(5569,5567,'auth_forcepasswordchange','1'),(5570,5568,'auth_forcepasswordchange','1'),(5571,5569,'auth_forcepasswordchange','1'),(5572,5570,'auth_forcepasswordchange','1'),(5573,5571,'auth_forcepasswordchange','1'),(5574,5572,'auth_forcepasswordchange','1'),(5575,5573,'auth_forcepasswordchange','1'),(5576,5574,'auth_forcepasswordchange','1'),(5577,5575,'auth_forcepasswordchange','1'),(5578,5576,'auth_forcepasswordchange','1'),(5579,5577,'auth_forcepasswordchange','1'),(5580,5578,'auth_forcepasswordchange','1'),(5581,5579,'auth_forcepasswordchange','1'),(5582,5580,'auth_forcepasswordchange','1'),(5583,5581,'auth_forcepasswordchange','1'),(5584,5582,'auth_forcepasswordchange','1'),(5585,5583,'auth_forcepasswordchange','1'),(5586,5584,'auth_forcepasswordchange','1'),(5587,5585,'auth_forcepasswordchange','1'),(5588,5586,'auth_forcepasswordchange','1'),(5589,5587,'auth_forcepasswordchange','1'),(5590,5588,'auth_forcepasswordchange','1'),(5591,5589,'auth_forcepasswordchange','1'),(5592,5590,'auth_forcepasswordchange','1'),(5593,5591,'auth_forcepasswordchange','1'),(5594,5592,'auth_forcepasswordchange','1'),(5595,5593,'auth_forcepasswordchange','1'),(5596,5594,'auth_forcepasswordchange','1'),(5597,5595,'auth_forcepasswordchange','1'),(5598,5596,'auth_forcepasswordchange','1'),(5599,5597,'auth_forcepasswordchange','1'),(5600,5598,'auth_forcepasswordchange','1'),(5601,5599,'auth_forcepasswordchange','1'),(5602,5600,'auth_forcepasswordchange','1'),(5603,5601,'auth_forcepasswordchange','1'),(5604,5602,'auth_forcepasswordchange','1'),(5605,5603,'auth_forcepasswordchange','1'),(5606,5604,'auth_forcepasswordchange','1'),(5607,5605,'auth_forcepasswordchange','1'),(5608,5606,'auth_forcepasswordchange','1'),(5609,5607,'auth_forcepasswordchange','1'),(5610,5608,'auth_forcepasswordchange','1'),(5611,5609,'auth_forcepasswordchange','1'),(5612,5610,'auth_forcepasswordchange','1'),(5613,5611,'auth_forcepasswordchange','1'),(5614,5612,'auth_forcepasswordchange','1'),(5615,5613,'auth_forcepasswordchange','1'),(5616,5614,'auth_forcepasswordchange','1'),(5617,5615,'auth_forcepasswordchange','1'),(5618,5616,'auth_forcepasswordchange','1'),(5619,5617,'auth_forcepasswordchange','1'),(5620,5618,'auth_forcepasswordchange','1'),(5621,5619,'auth_forcepasswordchange','1'),(5622,5620,'auth_forcepasswordchange','1'),(5623,5621,'auth_forcepasswordchange','1'),(5624,5622,'auth_forcepasswordchange','1'),(5625,5623,'auth_forcepasswordchange','1'),(5626,5624,'auth_forcepasswordchange','1'),(5627,5625,'auth_forcepasswordchange','1'),(5628,5626,'auth_forcepasswordchange','1'),(5629,5627,'auth_forcepasswordchange','1'),(5630,5628,'auth_forcepasswordchange','1'),(5631,5629,'auth_forcepasswordchange','1'),(5632,5630,'auth_forcepasswordchange','1'),(5633,5631,'auth_forcepasswordchange','1'),(5634,5632,'auth_forcepasswordchange','1'),(5635,5633,'auth_forcepasswordchange','1'),(5636,5634,'auth_forcepasswordchange','1'),(5637,5635,'auth_forcepasswordchange','1'),(5638,5636,'auth_forcepasswordchange','1'),(5639,5637,'auth_forcepasswordchange','1'),(5640,5638,'auth_forcepasswordchange','1'),(5641,5639,'auth_forcepasswordchange','1'),(5642,5640,'auth_forcepasswordchange','1'),(5643,5641,'auth_forcepasswordchange','1'),(5644,5642,'auth_forcepasswordchange','1'),(5645,5643,'auth_forcepasswordchange','1'),(5646,5644,'auth_forcepasswordchange','1'),(5647,5645,'auth_forcepasswordchange','1'),(5648,5646,'auth_forcepasswordchange','1'),(5649,5647,'auth_forcepasswordchange','1'),(5650,5648,'auth_forcepasswordchange','1'),(5651,5649,'auth_forcepasswordchange','1'),(5652,5650,'auth_forcepasswordchange','1'),(5653,5651,'auth_forcepasswordchange','1'),(5654,5652,'auth_forcepasswordchange','1'),(5655,5653,'auth_forcepasswordchange','1'),(5656,5654,'auth_forcepasswordchange','1'),(5657,5655,'auth_forcepasswordchange','1'),(5658,5656,'auth_forcepasswordchange','1'),(5659,5657,'auth_forcepasswordchange','1'),(5660,5658,'auth_forcepasswordchange','1'),(5661,5659,'auth_forcepasswordchange','1'),(5662,5660,'auth_forcepasswordchange','1'),(5663,5661,'auth_forcepasswordchange','1'),(5664,5662,'auth_forcepasswordchange','1'),(5665,5663,'auth_forcepasswordchange','1'),(5666,5664,'auth_forcepasswordchange','1'),(5667,5665,'auth_forcepasswordchange','1'),(5668,5666,'auth_forcepasswordchange','1'),(5669,5667,'auth_forcepasswordchange','1'),(5670,5668,'auth_forcepasswordchange','1'),(5671,5669,'auth_forcepasswordchange','1'),(5672,5670,'auth_forcepasswordchange','1'),(5673,5671,'auth_forcepasswordchange','1'),(5674,5672,'auth_forcepasswordchange','1'),(5675,5673,'auth_forcepasswordchange','1'),(5676,5674,'auth_forcepasswordchange','1'),(5677,5675,'auth_forcepasswordchange','1'),(5678,5676,'auth_forcepasswordchange','1'),(5679,5677,'auth_forcepasswordchange','1'),(5680,5678,'auth_forcepasswordchange','1'),(5681,5679,'auth_forcepasswordchange','1'),(5682,5680,'auth_forcepasswordchange','1'),(5683,5681,'auth_forcepasswordchange','1'),(5684,5682,'auth_forcepasswordchange','1'),(5685,5683,'auth_forcepasswordchange','1'),(5686,5684,'auth_forcepasswordchange','1'),(5687,5685,'auth_forcepasswordchange','1'),(5688,5686,'auth_forcepasswordchange','1'),(5689,5687,'auth_forcepasswordchange','1'),(5690,5688,'auth_forcepasswordchange','1'),(5691,5689,'auth_forcepasswordchange','1'),(5692,5690,'auth_forcepasswordchange','1'),(5693,5691,'auth_forcepasswordchange','1'),(5694,5692,'auth_forcepasswordchange','1'),(5695,5693,'auth_forcepasswordchange','1'),(5696,5694,'auth_forcepasswordchange','1'),(5697,5695,'auth_forcepasswordchange','1'),(5698,5696,'auth_forcepasswordchange','1'),(5699,5697,'auth_forcepasswordchange','1'),(5700,5698,'auth_forcepasswordchange','1'),(5701,5699,'auth_forcepasswordchange','1'),(5702,5700,'auth_forcepasswordchange','1'),(5703,5701,'auth_forcepasswordchange','1'),(5704,5702,'auth_forcepasswordchange','1'),(5705,5703,'auth_forcepasswordchange','1'),(5706,5704,'auth_forcepasswordchange','1'),(5707,5705,'auth_forcepasswordchange','1'),(5708,5706,'auth_forcepasswordchange','1'),(5709,5707,'auth_forcepasswordchange','1'),(5710,5708,'auth_forcepasswordchange','1'),(5711,5709,'auth_forcepasswordchange','1'),(5712,5710,'auth_forcepasswordchange','1'),(5713,5711,'auth_forcepasswordchange','1'),(5714,5712,'auth_forcepasswordchange','1'),(5715,5713,'auth_forcepasswordchange','1'),(5716,5714,'auth_forcepasswordchange','1'),(5717,5715,'auth_forcepasswordchange','1'),(5718,5716,'auth_forcepasswordchange','1'),(5719,5717,'auth_forcepasswordchange','1'),(5720,5718,'auth_forcepasswordchange','1'),(5721,5719,'auth_forcepasswordchange','1'),(5722,5720,'auth_forcepasswordchange','1'),(5723,5721,'auth_forcepasswordchange','1'),(5724,5722,'auth_forcepasswordchange','1'),(5725,5723,'auth_forcepasswordchange','1'),(5726,5724,'auth_forcepasswordchange','1'),(5727,5725,'auth_forcepasswordchange','1'),(5728,5726,'auth_forcepasswordchange','1'),(5729,5727,'auth_forcepasswordchange','1'),(5730,5728,'auth_forcepasswordchange','1'),(5731,5729,'auth_forcepasswordchange','1'),(5732,5730,'auth_forcepasswordchange','1'),(5733,5731,'auth_forcepasswordchange','1'),(5734,5732,'auth_forcepasswordchange','1'),(5735,5733,'auth_forcepasswordchange','1'),(5736,5734,'auth_forcepasswordchange','1'),(5737,5735,'auth_forcepasswordchange','1'),(5738,5736,'auth_forcepasswordchange','1'),(5739,5737,'auth_forcepasswordchange','1'),(5740,5738,'auth_forcepasswordchange','1'),(5741,5739,'auth_forcepasswordchange','1'),(5742,5740,'auth_forcepasswordchange','1'),(5743,5741,'auth_forcepasswordchange','1'),(5744,5742,'auth_forcepasswordchange','1'),(5745,5743,'auth_forcepasswordchange','1'),(5746,5744,'auth_forcepasswordchange','1'),(5747,5745,'auth_forcepasswordchange','1'),(5748,5746,'auth_forcepasswordchange','1'),(5749,5747,'auth_forcepasswordchange','1'),(5750,5748,'auth_forcepasswordchange','1'),(5751,5749,'auth_forcepasswordchange','1'),(5752,5750,'auth_forcepasswordchange','1'),(5753,5751,'auth_forcepasswordchange','1'),(5754,5752,'auth_forcepasswordchange','1'),(5755,5753,'auth_forcepasswordchange','1'),(5756,5754,'auth_forcepasswordchange','1'),(5757,5755,'auth_forcepasswordchange','1'),(5758,5756,'auth_forcepasswordchange','1'),(5759,5757,'auth_forcepasswordchange','1'),(5760,5758,'auth_forcepasswordchange','1'),(5761,5759,'auth_forcepasswordchange','1'),(5762,5760,'auth_forcepasswordchange','1'),(5763,5761,'auth_forcepasswordchange','1'),(5764,5762,'auth_forcepasswordchange','1'),(5765,5763,'auth_forcepasswordchange','1'),(5766,5764,'auth_forcepasswordchange','1'),(5767,5765,'auth_forcepasswordchange','1'),(5768,5766,'auth_forcepasswordchange','1'),(5769,5767,'auth_forcepasswordchange','1'),(5770,5768,'auth_forcepasswordchange','1'),(5771,5769,'auth_forcepasswordchange','1'),(5772,5770,'auth_forcepasswordchange','1'),(5773,5771,'auth_forcepasswordchange','1'),(5774,5772,'auth_forcepasswordchange','1'),(5775,5773,'auth_forcepasswordchange','1'),(5776,5774,'auth_forcepasswordchange','1'),(5777,5775,'auth_forcepasswordchange','1'),(5778,5776,'auth_forcepasswordchange','1'),(5779,5777,'auth_forcepasswordchange','1'),(5780,5778,'auth_forcepasswordchange','1'),(5781,5779,'auth_forcepasswordchange','1'),(5782,5780,'auth_forcepasswordchange','1'),(5783,5781,'auth_forcepasswordchange','1'),(5784,5782,'auth_forcepasswordchange','1'),(5785,5783,'auth_forcepasswordchange','1'),(5786,5784,'auth_forcepasswordchange','1'),(5787,5785,'auth_forcepasswordchange','1'),(5788,5786,'auth_forcepasswordchange','1'),(5789,5787,'auth_forcepasswordchange','1'),(5790,5788,'auth_forcepasswordchange','1'),(5791,5789,'auth_forcepasswordchange','1'),(5792,5790,'auth_forcepasswordchange','1'),(5793,5791,'auth_forcepasswordchange','1'),(5794,5792,'auth_forcepasswordchange','1'),(5795,5793,'auth_forcepasswordchange','1'),(5796,5794,'auth_forcepasswordchange','1'),(5797,5795,'auth_forcepasswordchange','1'),(5798,5796,'auth_forcepasswordchange','1'),(5799,5797,'auth_forcepasswordchange','1'),(5800,5798,'auth_forcepasswordchange','1'),(5801,5799,'auth_forcepasswordchange','1'),(5802,5800,'auth_forcepasswordchange','1'),(5803,5801,'auth_forcepasswordchange','1'),(5804,5802,'auth_forcepasswordchange','1'),(5805,5803,'auth_forcepasswordchange','1'),(5806,5804,'auth_forcepasswordchange','1'),(5807,5805,'auth_forcepasswordchange','1'),(5808,5806,'auth_forcepasswordchange','1'),(5809,5807,'auth_forcepasswordchange','1'),(5810,5808,'auth_forcepasswordchange','1'),(5811,5809,'auth_forcepasswordchange','1'),(5812,5810,'auth_forcepasswordchange','1'),(5813,5811,'auth_forcepasswordchange','1'),(5814,5812,'auth_forcepasswordchange','1'),(5815,5813,'auth_forcepasswordchange','1'),(5816,5814,'auth_forcepasswordchange','1'),(5817,5815,'auth_forcepasswordchange','1'),(5818,5816,'auth_forcepasswordchange','1'),(5819,5817,'auth_forcepasswordchange','1'),(5820,5818,'auth_forcepasswordchange','1'),(5821,5819,'auth_forcepasswordchange','1'),(5822,5820,'auth_forcepasswordchange','1'),(5823,5821,'auth_forcepasswordchange','1'),(5824,5822,'auth_forcepasswordchange','1'),(5825,5823,'auth_forcepasswordchange','1'),(5826,5824,'auth_forcepasswordchange','1'),(5827,5825,'auth_forcepasswordchange','1'),(5828,5826,'auth_forcepasswordchange','1'),(5829,5827,'auth_forcepasswordchange','1'),(5830,5828,'auth_forcepasswordchange','1'),(5831,5829,'auth_forcepasswordchange','1'),(5832,5830,'auth_forcepasswordchange','1'),(5833,5831,'auth_forcepasswordchange','1'),(5834,5832,'auth_forcepasswordchange','1'),(5835,5833,'auth_forcepasswordchange','1'),(5836,5834,'auth_forcepasswordchange','1'),(5837,5835,'auth_forcepasswordchange','1'),(5838,5836,'auth_forcepasswordchange','1'),(5839,5837,'auth_forcepasswordchange','1'),(5840,5838,'auth_forcepasswordchange','1'),(5841,5839,'auth_forcepasswordchange','1'),(5842,5840,'auth_forcepasswordchange','1'),(5843,5841,'auth_forcepasswordchange','1'),(5844,5842,'auth_forcepasswordchange','1'),(5845,5843,'auth_forcepasswordchange','1'),(5846,5844,'auth_forcepasswordchange','1'),(5847,5845,'auth_forcepasswordchange','1'),(5848,5846,'auth_forcepasswordchange','1'),(5849,5847,'auth_forcepasswordchange','1'),(5850,5848,'auth_forcepasswordchange','1'),(5851,5849,'auth_forcepasswordchange','1'),(5852,5850,'auth_forcepasswordchange','1'),(5853,5851,'auth_forcepasswordchange','1'),(5854,5852,'auth_forcepasswordchange','1'),(5855,5853,'auth_forcepasswordchange','1'),(5856,5854,'auth_forcepasswordchange','1'),(5857,5855,'auth_forcepasswordchange','1'),(5858,5856,'auth_forcepasswordchange','1'),(5859,5857,'auth_forcepasswordchange','1'),(5860,5858,'auth_forcepasswordchange','1'),(5861,5859,'auth_forcepasswordchange','1'),(5862,5860,'auth_forcepasswordchange','1'),(5863,5861,'auth_forcepasswordchange','1'),(5864,5862,'auth_forcepasswordchange','1'),(5865,5863,'auth_forcepasswordchange','1'),(5866,5864,'auth_forcepasswordchange','1'),(5867,5865,'auth_forcepasswordchange','1'),(5868,5866,'auth_forcepasswordchange','1'),(5869,5867,'auth_forcepasswordchange','1'),(5870,5868,'auth_forcepasswordchange','1'),(5871,5869,'auth_forcepasswordchange','1'),(5872,5870,'auth_forcepasswordchange','1'),(5873,5871,'auth_forcepasswordchange','1'),(5874,5872,'auth_forcepasswordchange','1'),(5875,5873,'auth_forcepasswordchange','1'),(5876,5874,'auth_forcepasswordchange','1'),(5877,5875,'auth_forcepasswordchange','1'),(5878,5876,'auth_forcepasswordchange','1'),(5879,5877,'auth_forcepasswordchange','1'),(5880,5878,'auth_forcepasswordchange','1'),(5881,5879,'auth_forcepasswordchange','1'),(5882,5880,'auth_forcepasswordchange','1'),(5883,5881,'auth_forcepasswordchange','1'),(5884,5882,'auth_forcepasswordchange','1'),(5885,5883,'auth_forcepasswordchange','1'),(5886,5884,'auth_forcepasswordchange','1'),(5887,5885,'auth_forcepasswordchange','1'),(5888,5886,'auth_forcepasswordchange','1'),(5889,5887,'auth_forcepasswordchange','1'),(5890,5888,'auth_forcepasswordchange','1'),(5891,5889,'auth_forcepasswordchange','1'),(5892,5890,'auth_forcepasswordchange','1'),(5893,5891,'auth_forcepasswordchange','1'),(5894,5892,'auth_forcepasswordchange','1'),(5895,5893,'auth_forcepasswordchange','1'),(5896,5894,'auth_forcepasswordchange','1'),(5897,5895,'auth_forcepasswordchange','1'),(5898,5896,'auth_forcepasswordchange','1'),(5899,5897,'auth_forcepasswordchange','1'),(5900,5898,'auth_forcepasswordchange','1'),(5901,5899,'auth_forcepasswordchange','1'),(5902,5900,'auth_forcepasswordchange','1'),(5903,5901,'auth_forcepasswordchange','1'),(5904,5902,'auth_forcepasswordchange','1'),(5905,5903,'auth_forcepasswordchange','1'),(5906,5904,'auth_forcepasswordchange','1'),(5907,5905,'auth_forcepasswordchange','1'),(5908,5906,'auth_forcepasswordchange','1'),(5909,5907,'auth_forcepasswordchange','1'),(5910,5908,'auth_forcepasswordchange','1'),(5911,5909,'auth_forcepasswordchange','1'),(5912,5910,'auth_forcepasswordchange','1'),(5913,5911,'auth_forcepasswordchange','1'),(5914,5912,'auth_forcepasswordchange','1'),(5915,5913,'auth_forcepasswordchange','1'),(5916,5914,'auth_forcepasswordchange','1'),(5917,5915,'auth_forcepasswordchange','1'),(5918,5916,'auth_forcepasswordchange','1'),(5919,5917,'auth_forcepasswordchange','1'),(5920,5918,'auth_forcepasswordchange','1'),(5921,5919,'auth_forcepasswordchange','1'),(5922,5920,'auth_forcepasswordchange','1'),(5923,5921,'auth_forcepasswordchange','1'),(5924,5922,'auth_forcepasswordchange','1'),(5925,5923,'auth_forcepasswordchange','1'),(5926,5924,'auth_forcepasswordchange','1'),(5927,5925,'auth_forcepasswordchange','1'),(5928,5926,'auth_forcepasswordchange','1'),(5929,5927,'auth_forcepasswordchange','1'),(5930,5928,'auth_forcepasswordchange','1'),(5931,5929,'auth_forcepasswordchange','1'),(5932,5930,'auth_forcepasswordchange','1'),(5933,5931,'auth_forcepasswordchange','1'),(5934,5932,'auth_forcepasswordchange','1'),(5935,5933,'auth_forcepasswordchange','1'),(5936,5934,'auth_forcepasswordchange','1'),(5937,5935,'auth_forcepasswordchange','1'),(5938,5936,'auth_forcepasswordchange','1'),(5939,5937,'auth_forcepasswordchange','1'),(5940,5938,'auth_forcepasswordchange','1'),(5941,5939,'auth_forcepasswordchange','1'),(5942,5940,'auth_forcepasswordchange','1'),(5943,5941,'auth_forcepasswordchange','1'),(5944,5942,'auth_forcepasswordchange','1'),(5945,5943,'auth_forcepasswordchange','1'),(5946,5944,'auth_forcepasswordchange','1'),(5947,5945,'auth_forcepasswordchange','1'),(5948,5946,'auth_forcepasswordchange','1'),(5949,5947,'auth_forcepasswordchange','1'),(5950,5948,'auth_forcepasswordchange','1'),(5951,5949,'auth_forcepasswordchange','1'),(5952,5950,'auth_forcepasswordchange','1'),(5953,5951,'auth_forcepasswordchange','1'),(5954,5952,'auth_forcepasswordchange','1'),(5955,5953,'auth_forcepasswordchange','1'),(5956,5954,'auth_forcepasswordchange','1'),(5957,5955,'auth_forcepasswordchange','1'),(5958,5956,'auth_forcepasswordchange','1'),(5959,5957,'auth_forcepasswordchange','1'),(5960,5958,'auth_forcepasswordchange','1'),(5961,5959,'auth_forcepasswordchange','1'),(5962,5960,'auth_forcepasswordchange','1'),(5963,5961,'auth_forcepasswordchange','1'),(5964,5962,'auth_forcepasswordchange','1'),(5965,5963,'auth_forcepasswordchange','1'),(5966,5964,'auth_forcepasswordchange','1'),(5967,5965,'auth_forcepasswordchange','1'),(5968,5966,'auth_forcepasswordchange','1'),(5969,5967,'auth_forcepasswordchange','1'),(5970,5968,'auth_forcepasswordchange','1'),(5971,5969,'auth_forcepasswordchange','1'),(5972,5970,'auth_forcepasswordchange','1'),(5973,5971,'auth_forcepasswordchange','1'),(5974,5972,'auth_forcepasswordchange','1'),(5975,5973,'auth_forcepasswordchange','1'),(5976,5974,'auth_forcepasswordchange','1'),(5977,5975,'auth_forcepasswordchange','1'),(5978,5976,'auth_forcepasswordchange','1'),(5979,5977,'auth_forcepasswordchange','1'),(5980,5978,'auth_forcepasswordchange','1'),(5981,5979,'auth_forcepasswordchange','1'),(5982,5980,'auth_forcepasswordchange','1'),(5983,5981,'auth_forcepasswordchange','1'),(5984,5982,'auth_forcepasswordchange','1'),(5985,5983,'auth_forcepasswordchange','1'),(5986,5984,'auth_forcepasswordchange','1'),(5987,5985,'auth_forcepasswordchange','1'),(5988,5986,'auth_forcepasswordchange','1'),(5989,5987,'auth_forcepasswordchange','1'),(5990,5988,'auth_forcepasswordchange','1'),(5991,5989,'auth_forcepasswordchange','1'),(5992,5990,'auth_forcepasswordchange','1'),(5993,5991,'auth_forcepasswordchange','1'),(5994,5992,'auth_forcepasswordchange','1'),(5995,5993,'auth_forcepasswordchange','1'),(5996,5994,'auth_forcepasswordchange','1'),(5997,5995,'auth_forcepasswordchange','1'),(5998,5996,'auth_forcepasswordchange','1'),(5999,5997,'auth_forcepasswordchange','1'),(6000,5998,'auth_forcepasswordchange','1'),(6001,5999,'auth_forcepasswordchange','1'),(6002,6000,'auth_forcepasswordchange','1'),(6003,6001,'auth_forcepasswordchange','1'),(6004,6002,'auth_forcepasswordchange','1'),(6005,6003,'auth_forcepasswordchange','1'),(6006,6004,'auth_forcepasswordchange','1'),(6007,6005,'auth_forcepasswordchange','1'),(6008,6006,'auth_forcepasswordchange','1'),(6009,6007,'auth_forcepasswordchange','1'),(6010,6008,'auth_forcepasswordchange','1'),(6011,6009,'auth_forcepasswordchange','1'),(6012,6010,'auth_forcepasswordchange','1'),(6013,6011,'auth_forcepasswordchange','1'),(6014,6012,'auth_forcepasswordchange','1'),(6015,6013,'auth_forcepasswordchange','1'),(6016,6014,'auth_forcepasswordchange','1'),(6017,6015,'auth_forcepasswordchange','1'),(6018,6016,'auth_forcepasswordchange','1'),(6019,6017,'auth_forcepasswordchange','1'),(6020,6018,'auth_forcepasswordchange','1'),(6021,6019,'auth_forcepasswordchange','1'),(6022,6020,'auth_forcepasswordchange','1'),(6023,6021,'auth_forcepasswordchange','1'),(6024,6022,'auth_forcepasswordchange','1'),(6025,6023,'auth_forcepasswordchange','1'),(6026,6024,'auth_forcepasswordchange','1'),(6027,6025,'auth_forcepasswordchange','1'),(6028,6026,'auth_forcepasswordchange','1'),(6029,6027,'auth_forcepasswordchange','1'),(6030,6028,'auth_forcepasswordchange','1'),(6031,6029,'auth_forcepasswordchange','1'),(6032,6030,'auth_forcepasswordchange','1'),(6033,6031,'auth_forcepasswordchange','1'),(6034,6032,'auth_forcepasswordchange','1'),(6035,6033,'auth_forcepasswordchange','1'),(6036,6034,'auth_forcepasswordchange','1'),(6037,6035,'auth_forcepasswordchange','1'),(6038,6036,'auth_forcepasswordchange','1'),(6039,6037,'auth_forcepasswordchange','1'),(6040,6038,'auth_forcepasswordchange','1'),(6041,6039,'auth_forcepasswordchange','1'),(6042,6040,'auth_forcepasswordchange','1'),(6043,6041,'auth_forcepasswordchange','1'),(6044,6042,'auth_forcepasswordchange','1'),(6045,6043,'auth_forcepasswordchange','1'),(6046,6044,'auth_forcepasswordchange','1'),(6047,6045,'auth_forcepasswordchange','1'),(6048,6046,'auth_forcepasswordchange','1'),(6049,6047,'auth_forcepasswordchange','1'),(6050,6048,'auth_forcepasswordchange','1'),(6051,6049,'auth_forcepasswordchange','1'),(6052,6050,'auth_forcepasswordchange','1'),(6053,6051,'auth_forcepasswordchange','1'),(6054,6052,'auth_forcepasswordchange','1'),(6055,6053,'auth_forcepasswordchange','1'),(6056,6054,'auth_forcepasswordchange','1'),(6057,6055,'auth_forcepasswordchange','1'),(6058,6056,'auth_forcepasswordchange','1'),(6059,6057,'auth_forcepasswordchange','1'),(6060,6058,'auth_forcepasswordchange','1'),(6061,6059,'auth_forcepasswordchange','1'),(6062,6060,'auth_forcepasswordchange','1'),(6063,6061,'auth_forcepasswordchange','1'),(6064,6062,'auth_forcepasswordchange','1'),(6065,6063,'auth_forcepasswordchange','1'),(6066,6064,'auth_forcepasswordchange','1'),(6067,6065,'auth_forcepasswordchange','1'),(6068,6066,'auth_forcepasswordchange','1'),(6069,6067,'auth_forcepasswordchange','1'),(6070,6068,'auth_forcepasswordchange','1'),(6071,6069,'auth_forcepasswordchange','1'),(6072,6070,'auth_forcepasswordchange','1'),(6073,6071,'auth_forcepasswordchange','1'),(6074,6072,'auth_forcepasswordchange','1'),(6075,6073,'auth_forcepasswordchange','1'),(6076,6074,'auth_forcepasswordchange','1'),(6077,6075,'auth_forcepasswordchange','1'),(6078,6076,'auth_forcepasswordchange','1'),(6079,6077,'auth_forcepasswordchange','1'),(6080,6078,'auth_forcepasswordchange','1'),(6081,6079,'auth_forcepasswordchange','1'),(6082,6080,'auth_forcepasswordchange','1'),(6083,6081,'auth_forcepasswordchange','1'),(6084,6082,'auth_forcepasswordchange','1'),(6085,6083,'auth_forcepasswordchange','1'),(6086,6084,'auth_forcepasswordchange','1'),(6087,6085,'auth_forcepasswordchange','1'),(6088,6086,'auth_forcepasswordchange','1'),(6089,6087,'auth_forcepasswordchange','1'),(6090,6088,'auth_forcepasswordchange','1'),(6091,6089,'auth_forcepasswordchange','1'),(6092,6090,'auth_forcepasswordchange','1'),(6093,6091,'auth_forcepasswordchange','1'),(6094,6092,'auth_forcepasswordchange','1'),(6095,6093,'auth_forcepasswordchange','1'),(6096,6094,'auth_forcepasswordchange','1'),(6097,6095,'auth_forcepasswordchange','1'),(6098,6096,'auth_forcepasswordchange','1'),(6099,6097,'auth_forcepasswordchange','1'),(6100,6098,'auth_forcepasswordchange','1'),(6101,6099,'auth_forcepasswordchange','1'),(6102,6100,'auth_forcepasswordchange','1'),(6103,6101,'auth_forcepasswordchange','1'),(6104,6102,'auth_forcepasswordchange','1'),(6105,6103,'auth_forcepasswordchange','1'),(6106,6104,'auth_forcepasswordchange','1'),(6107,6105,'auth_forcepasswordchange','1'),(6108,6106,'auth_forcepasswordchange','1'),(6109,6107,'auth_forcepasswordchange','1'),(6110,6108,'auth_forcepasswordchange','1'),(6111,6109,'auth_forcepasswordchange','1'),(6112,6110,'auth_forcepasswordchange','1'),(6113,6111,'auth_forcepasswordchange','1'),(6114,6112,'auth_forcepasswordchange','1'),(6115,6113,'auth_forcepasswordchange','1'),(6116,6114,'auth_forcepasswordchange','1'),(6117,6115,'auth_forcepasswordchange','1'),(6118,6116,'auth_forcepasswordchange','1'),(6119,6117,'auth_forcepasswordchange','1'),(6120,6118,'auth_forcepasswordchange','1'),(6121,6119,'auth_forcepasswordchange','1'),(6122,6120,'auth_forcepasswordchange','1'),(6123,6121,'auth_forcepasswordchange','1'),(6124,6122,'auth_forcepasswordchange','1'),(6125,6123,'auth_forcepasswordchange','1'),(6126,6124,'auth_forcepasswordchange','1'),(6127,6125,'auth_forcepasswordchange','1'),(6128,6126,'auth_forcepasswordchange','1'),(6129,6127,'auth_forcepasswordchange','1'),(6130,6128,'auth_forcepasswordchange','1'),(6131,6129,'auth_forcepasswordchange','1'),(6132,6130,'auth_forcepasswordchange','1'),(6133,6131,'auth_forcepasswordchange','1'),(6134,6132,'auth_forcepasswordchange','1'),(6135,6133,'auth_forcepasswordchange','1'),(6136,6134,'auth_forcepasswordchange','1'),(6137,6135,'auth_forcepasswordchange','1'),(6138,6136,'auth_forcepasswordchange','1'),(6139,6137,'auth_forcepasswordchange','1'),(6140,6138,'auth_forcepasswordchange','1'),(6141,6139,'auth_forcepasswordchange','1'),(6142,6140,'auth_forcepasswordchange','1'),(6143,6141,'auth_forcepasswordchange','1'),(6144,6142,'auth_forcepasswordchange','1'),(6145,6143,'auth_forcepasswordchange','1'),(6146,6144,'auth_forcepasswordchange','1'),(6147,6145,'auth_forcepasswordchange','1'),(6148,6146,'auth_forcepasswordchange','1'),(6149,6147,'auth_forcepasswordchange','1'),(6150,6148,'auth_forcepasswordchange','1'),(6151,6149,'auth_forcepasswordchange','1'),(6152,6150,'auth_forcepasswordchange','1'),(6153,6151,'auth_forcepasswordchange','1'),(6154,6152,'auth_forcepasswordchange','1'),(6155,6153,'auth_forcepasswordchange','1'),(6156,6154,'auth_forcepasswordchange','1'),(6157,6155,'auth_forcepasswordchange','1'),(6158,6156,'auth_forcepasswordchange','1'),(6159,6157,'auth_forcepasswordchange','1'),(6160,6158,'auth_forcepasswordchange','1'),(6161,6159,'auth_forcepasswordchange','1'),(6162,6160,'auth_forcepasswordchange','1'),(6163,6161,'auth_forcepasswordchange','1'),(6164,6162,'auth_forcepasswordchange','1'),(6165,6163,'auth_forcepasswordchange','1'),(6166,6164,'auth_forcepasswordchange','1'),(6167,6165,'auth_forcepasswordchange','1'),(6168,6166,'auth_forcepasswordchange','1'),(6169,6167,'auth_forcepasswordchange','1'),(6170,6168,'auth_forcepasswordchange','1'),(6171,6169,'auth_forcepasswordchange','1'),(6172,6170,'auth_forcepasswordchange','1'),(6173,6171,'auth_forcepasswordchange','1'),(6174,6172,'auth_forcepasswordchange','1'),(6175,6173,'auth_forcepasswordchange','1'),(6176,6174,'auth_forcepasswordchange','1'),(6177,6175,'auth_forcepasswordchange','1'),(6178,6176,'auth_forcepasswordchange','1'),(6179,6177,'auth_forcepasswordchange','1'),(6180,6178,'auth_forcepasswordchange','1'),(6181,6179,'auth_forcepasswordchange','1'),(6182,6180,'auth_forcepasswordchange','1'),(6183,6181,'auth_forcepasswordchange','1'),(6184,6182,'auth_forcepasswordchange','1'),(6185,6183,'auth_forcepasswordchange','1'),(6186,6184,'auth_forcepasswordchange','1'),(6187,6185,'auth_forcepasswordchange','1'),(6188,6186,'auth_forcepasswordchange','1'),(6189,6187,'auth_forcepasswordchange','1'),(6190,6188,'auth_forcepasswordchange','1'),(6191,6189,'auth_forcepasswordchange','1'),(6192,6190,'auth_forcepasswordchange','1'),(6193,6191,'auth_forcepasswordchange','1'),(6194,6192,'auth_forcepasswordchange','1'),(6195,6193,'auth_forcepasswordchange','1'),(6196,6194,'auth_forcepasswordchange','1'),(6197,6195,'auth_forcepasswordchange','1'),(6198,6196,'auth_forcepasswordchange','1'),(6199,6197,'auth_forcepasswordchange','1'),(6200,6198,'auth_forcepasswordchange','1'),(6201,6199,'auth_forcepasswordchange','1'),(6202,6200,'auth_forcepasswordchange','1'),(6203,6201,'auth_forcepasswordchange','1'),(6204,6202,'auth_forcepasswordchange','1'),(6205,6203,'auth_forcepasswordchange','1'),(6206,6204,'auth_forcepasswordchange','1'),(6207,6205,'auth_forcepasswordchange','1'),(6208,6206,'auth_forcepasswordchange','1'),(6209,6207,'auth_forcepasswordchange','1'),(6210,6208,'auth_forcepasswordchange','1'),(6211,6209,'auth_forcepasswordchange','1'),(6212,6210,'auth_forcepasswordchange','1'),(6213,6211,'auth_forcepasswordchange','1'),(6214,6212,'auth_forcepasswordchange','1'),(6215,6213,'auth_forcepasswordchange','1'),(6216,6214,'auth_forcepasswordchange','1'),(6217,6215,'auth_forcepasswordchange','1'),(6218,6216,'auth_forcepasswordchange','1'),(6219,6217,'auth_forcepasswordchange','1'),(6220,6218,'auth_forcepasswordchange','1'),(6221,6219,'auth_forcepasswordchange','1'),(6222,6220,'auth_forcepasswordchange','1'),(6223,6221,'auth_forcepasswordchange','1'),(6224,6222,'auth_forcepasswordchange','1'),(6225,6223,'auth_forcepasswordchange','1'),(6226,6224,'auth_forcepasswordchange','1'),(6227,6225,'auth_forcepasswordchange','1'),(6228,6226,'auth_forcepasswordchange','1'),(6229,6227,'auth_forcepasswordchange','1'),(6230,6228,'auth_forcepasswordchange','1'),(6231,6229,'auth_forcepasswordchange','1'),(6232,6230,'auth_forcepasswordchange','1'),(6233,6231,'auth_forcepasswordchange','1'),(6234,6232,'auth_forcepasswordchange','1'),(6235,6233,'auth_forcepasswordchange','1'),(6236,6234,'auth_forcepasswordchange','1'),(6237,6235,'auth_forcepasswordchange','1'),(6238,6236,'auth_forcepasswordchange','1'),(6239,6237,'auth_forcepasswordchange','1'),(6240,6238,'auth_forcepasswordchange','1'),(6241,6239,'auth_forcepasswordchange','1'),(6242,6240,'auth_forcepasswordchange','1'),(6243,6241,'auth_forcepasswordchange','1'),(6244,6242,'auth_forcepasswordchange','1'),(6245,6243,'auth_forcepasswordchange','1'),(6246,6244,'auth_forcepasswordchange','1'),(6247,6245,'auth_forcepasswordchange','1'),(6248,6246,'auth_forcepasswordchange','1'),(6249,6247,'auth_forcepasswordchange','1'),(6250,6248,'auth_forcepasswordchange','1'),(6251,6249,'auth_forcepasswordchange','1'),(6252,6250,'auth_forcepasswordchange','1'),(6253,6251,'auth_forcepasswordchange','1'),(6254,6252,'auth_forcepasswordchange','1'),(6255,6253,'auth_forcepasswordchange','1'),(6256,6254,'auth_forcepasswordchange','1'),(6257,6255,'auth_forcepasswordchange','1'),(6258,6256,'auth_forcepasswordchange','1'),(6259,6257,'auth_forcepasswordchange','1'),(6260,6258,'auth_forcepasswordchange','1'),(6261,6259,'auth_forcepasswordchange','1'),(6262,6260,'auth_forcepasswordchange','1'),(6263,6261,'auth_forcepasswordchange','1'),(6264,6262,'auth_forcepasswordchange','1'),(6265,6263,'auth_forcepasswordchange','1'),(6266,6264,'auth_forcepasswordchange','1'),(6267,6265,'auth_forcepasswordchange','1'),(6268,6266,'auth_forcepasswordchange','1'),(6269,6267,'auth_forcepasswordchange','1'),(6270,6268,'auth_forcepasswordchange','1'),(6271,6269,'auth_forcepasswordchange','1'),(6272,6270,'auth_forcepasswordchange','1'),(6273,6271,'auth_forcepasswordchange','1'),(6274,6272,'auth_forcepasswordchange','1'),(6275,6273,'auth_forcepasswordchange','1'),(6276,6274,'auth_forcepasswordchange','1'),(6277,6275,'auth_forcepasswordchange','1'),(6278,6276,'auth_forcepasswordchange','1'),(6279,6277,'auth_forcepasswordchange','1'),(6280,6278,'auth_forcepasswordchange','1'),(6281,6279,'auth_forcepasswordchange','1'),(6282,6280,'auth_forcepasswordchange','1'),(6283,6281,'auth_forcepasswordchange','1'),(6284,6282,'auth_forcepasswordchange','1'),(6285,6283,'auth_forcepasswordchange','1'),(6286,6284,'auth_forcepasswordchange','1'),(6287,6285,'auth_forcepasswordchange','1'),(6288,6286,'auth_forcepasswordchange','1'),(6289,6287,'auth_forcepasswordchange','1'),(6290,6288,'auth_forcepasswordchange','1'),(6291,6289,'auth_forcepasswordchange','1'),(6292,6290,'auth_forcepasswordchange','1'),(6293,6291,'auth_forcepasswordchange','1'),(6294,6292,'auth_forcepasswordchange','1'),(6295,6293,'auth_forcepasswordchange','1'),(6296,6294,'auth_forcepasswordchange','1'),(6297,6295,'auth_forcepasswordchange','1'),(6298,6296,'auth_forcepasswordchange','1'),(6299,6297,'auth_forcepasswordchange','1'),(6300,6298,'auth_forcepasswordchange','1'),(6301,6299,'auth_forcepasswordchange','1'),(6302,6300,'auth_forcepasswordchange','1'),(6303,6301,'auth_forcepasswordchange','1'),(6304,6302,'auth_forcepasswordchange','1'),(6305,6303,'auth_forcepasswordchange','1'),(6306,6304,'auth_forcepasswordchange','1'),(6307,6305,'auth_forcepasswordchange','1'),(6308,6306,'auth_forcepasswordchange','1'),(6309,6307,'auth_forcepasswordchange','1'),(6310,6308,'auth_forcepasswordchange','1'),(6311,6309,'auth_forcepasswordchange','1'),(6312,6310,'auth_forcepasswordchange','1'),(6313,6311,'auth_forcepasswordchange','1'),(6314,6312,'auth_forcepasswordchange','1'),(6315,6313,'auth_forcepasswordchange','1'),(6316,6314,'auth_forcepasswordchange','1'),(6317,6315,'auth_forcepasswordchange','1'),(6318,6316,'auth_forcepasswordchange','1'),(6319,6317,'auth_forcepasswordchange','1'),(6320,6318,'auth_forcepasswordchange','1'),(6321,6319,'auth_forcepasswordchange','1'),(6322,6320,'auth_forcepasswordchange','1'),(6323,6321,'auth_forcepasswordchange','1'),(6324,6322,'auth_forcepasswordchange','1'),(6325,6323,'auth_forcepasswordchange','1'),(6326,6324,'auth_forcepasswordchange','1'),(6327,6325,'auth_forcepasswordchange','1'),(6328,6326,'auth_forcepasswordchange','1'),(6329,6327,'auth_forcepasswordchange','1'),(6330,6328,'auth_forcepasswordchange','1'),(6331,6329,'auth_forcepasswordchange','1'),(6332,6330,'auth_forcepasswordchange','1'),(6333,6331,'auth_forcepasswordchange','1'),(6334,6332,'auth_forcepasswordchange','1'),(6335,6333,'auth_forcepasswordchange','1'),(6336,6334,'auth_forcepasswordchange','1'),(6337,6335,'auth_forcepasswordchange','1'),(6338,6336,'auth_forcepasswordchange','1'),(6339,6337,'auth_forcepasswordchange','1'),(6340,6338,'auth_forcepasswordchange','1'),(6341,6339,'auth_forcepasswordchange','1'),(6342,6340,'auth_forcepasswordchange','1'),(6343,6341,'auth_forcepasswordchange','1'),(6344,6342,'auth_forcepasswordchange','1'),(6345,6343,'auth_forcepasswordchange','1'),(6346,6344,'auth_forcepasswordchange','1'),(6347,6345,'auth_forcepasswordchange','1'),(6348,6346,'auth_forcepasswordchange','1'),(6349,6347,'auth_forcepasswordchange','1'),(6350,6348,'auth_forcepasswordchange','1'),(6351,6349,'auth_forcepasswordchange','1'),(6352,6350,'auth_forcepasswordchange','1'),(6353,6351,'auth_forcepasswordchange','1'),(6354,6352,'auth_forcepasswordchange','1'),(6355,6353,'auth_forcepasswordchange','1'),(6356,6354,'auth_forcepasswordchange','1'),(6357,6355,'auth_forcepasswordchange','1'),(6358,6356,'auth_forcepasswordchange','1'),(6359,6357,'auth_forcepasswordchange','1'),(6360,6358,'auth_forcepasswordchange','1'),(6361,6359,'auth_forcepasswordchange','1'),(6362,6360,'auth_forcepasswordchange','1'),(6363,6361,'auth_forcepasswordchange','1'),(6364,6362,'auth_forcepasswordchange','1'),(6365,6363,'auth_forcepasswordchange','1'),(6366,6364,'auth_forcepasswordchange','1'),(6367,6365,'auth_forcepasswordchange','1'),(6368,6366,'auth_forcepasswordchange','1'),(6369,6367,'auth_forcepasswordchange','1'),(6370,6368,'auth_forcepasswordchange','1'),(6371,6369,'auth_forcepasswordchange','1'),(6372,6370,'auth_forcepasswordchange','1'),(6373,6371,'auth_forcepasswordchange','1'),(6374,6372,'auth_forcepasswordchange','1'),(6375,6373,'auth_forcepasswordchange','1'),(6376,6374,'auth_forcepasswordchange','1'),(6377,6375,'auth_forcepasswordchange','1'),(6378,6376,'auth_forcepasswordchange','1'),(6379,6377,'auth_forcepasswordchange','1'),(6380,6378,'auth_forcepasswordchange','1'),(6381,6379,'auth_forcepasswordchange','1'),(6382,6380,'auth_forcepasswordchange','1'),(6383,6381,'auth_forcepasswordchange','1'),(6384,6382,'auth_forcepasswordchange','1'),(6385,6383,'auth_forcepasswordchange','1'),(6386,6384,'auth_forcepasswordchange','1'),(6387,6385,'auth_forcepasswordchange','1'),(6388,6386,'auth_forcepasswordchange','1'),(6389,6387,'auth_forcepasswordchange','1'),(6390,6388,'auth_forcepasswordchange','1'),(6391,6389,'auth_forcepasswordchange','1'),(6392,6390,'auth_forcepasswordchange','1'),(6393,6391,'auth_forcepasswordchange','1'),(6394,6392,'auth_forcepasswordchange','1'),(6395,6393,'auth_forcepasswordchange','1'),(6396,6394,'auth_forcepasswordchange','1'),(6397,6395,'auth_forcepasswordchange','1'),(6398,6396,'auth_forcepasswordchange','1'),(6399,6397,'auth_forcepasswordchange','1'),(6400,6398,'auth_forcepasswordchange','1'),(6401,6399,'auth_forcepasswordchange','1'),(6402,6400,'auth_forcepasswordchange','1'),(6403,6401,'auth_forcepasswordchange','1'),(6404,6402,'auth_forcepasswordchange','1'),(6405,6403,'auth_forcepasswordchange','1'),(6406,6404,'auth_forcepasswordchange','1'),(6407,6405,'auth_forcepasswordchange','1'),(6408,6406,'auth_forcepasswordchange','1'),(6409,6407,'auth_forcepasswordchange','1'),(6410,6408,'auth_forcepasswordchange','1'),(6411,6409,'auth_forcepasswordchange','1'),(6412,6410,'auth_forcepasswordchange','1'),(6413,6411,'auth_forcepasswordchange','1'),(6414,6412,'auth_forcepasswordchange','1'),(6415,6413,'auth_forcepasswordchange','1'),(6416,6414,'auth_forcepasswordchange','1'),(6417,6415,'auth_forcepasswordchange','1'),(6418,6416,'auth_forcepasswordchange','1'),(6419,6417,'auth_forcepasswordchange','1'),(6420,6418,'auth_forcepasswordchange','1'),(6421,6419,'auth_forcepasswordchange','1'),(6422,6420,'auth_forcepasswordchange','1'),(6423,6421,'auth_forcepasswordchange','1'),(6424,6422,'auth_forcepasswordchange','1'),(6425,6423,'auth_forcepasswordchange','1'),(6426,6424,'auth_forcepasswordchange','1'),(6427,6425,'auth_forcepasswordchange','1'),(6428,6426,'auth_forcepasswordchange','1'),(6429,6427,'auth_forcepasswordchange','1'),(6430,6428,'auth_forcepasswordchange','1'),(6431,6429,'auth_forcepasswordchange','1'),(6432,6430,'auth_forcepasswordchange','1'),(6433,6431,'auth_forcepasswordchange','1'),(6434,6432,'auth_forcepasswordchange','1'),(6435,6433,'auth_forcepasswordchange','1'),(6436,6434,'auth_forcepasswordchange','1'),(6437,6435,'auth_forcepasswordchange','1'),(6438,6436,'auth_forcepasswordchange','1'),(6439,6437,'auth_forcepasswordchange','1'),(6440,6438,'auth_forcepasswordchange','1'),(6441,6439,'auth_forcepasswordchange','1'),(6442,6440,'auth_forcepasswordchange','1'),(6443,6441,'auth_forcepasswordchange','1'),(6444,6442,'auth_forcepasswordchange','1'),(6445,6443,'auth_forcepasswordchange','1'),(6446,6444,'auth_forcepasswordchange','1'),(6447,6445,'auth_forcepasswordchange','1'),(6448,6446,'auth_forcepasswordchange','1'),(6449,6447,'auth_forcepasswordchange','1'),(6450,6448,'auth_forcepasswordchange','1'),(6451,6449,'auth_forcepasswordchange','1'),(6452,6450,'auth_forcepasswordchange','1'),(6453,6451,'auth_forcepasswordchange','1'),(6454,6452,'auth_forcepasswordchange','1'),(6455,6453,'auth_forcepasswordchange','1'),(6456,6454,'auth_forcepasswordchange','1'),(6457,6455,'auth_forcepasswordchange','1'),(6458,6456,'auth_forcepasswordchange','1'),(6459,6457,'auth_forcepasswordchange','1'),(6460,6458,'auth_forcepasswordchange','1'),(6461,6459,'auth_forcepasswordchange','1'),(6462,6460,'auth_forcepasswordchange','1'),(6463,6461,'auth_forcepasswordchange','1'),(6464,6462,'auth_forcepasswordchange','1'),(6465,6463,'auth_forcepasswordchange','1'),(6466,6464,'auth_forcepasswordchange','1'),(6467,6465,'auth_forcepasswordchange','1'),(6468,6466,'auth_forcepasswordchange','1'),(6469,6467,'auth_forcepasswordchange','1'),(6470,6468,'auth_forcepasswordchange','1'),(6471,6469,'auth_forcepasswordchange','1'),(6472,6470,'auth_forcepasswordchange','1'),(6473,6471,'auth_forcepasswordchange','1'),(6474,6472,'auth_forcepasswordchange','1'),(6475,6473,'auth_forcepasswordchange','1'),(6476,6474,'auth_forcepasswordchange','1'),(6477,6475,'auth_forcepasswordchange','1'),(6478,6476,'auth_forcepasswordchange','1'),(6479,6477,'auth_forcepasswordchange','1'),(6480,6478,'auth_forcepasswordchange','1'),(6481,6479,'auth_forcepasswordchange','1');
